INSERT INTO `oauth_access_tokens` (`id`, `user_id`, `client_id`, `name`, `scopes`, `revoked`, `created_at`, `updated_at`, `expires_at`) VALUES
('a0d517e61645177f25670cab8164bb36e2e901a1e7e6398e6047278ecb73ef89dc113845b5667d15', 120, 1, 'chat_project@DIGISOLAPP', '[]', 0, '2022-04-25 08:35:02', '2022-04-25 08:35:02', '2022-05-23 10:35:02'),
('a0fcc15313ae77cb7d1f8030c660161c18fee10166716b089a50319a672dd44a214e537046d77441', 119, 1, 'chat_project@DIGISOLAPP', '[]', 1, '2022-05-16 13:16:57', '2022-05-16 13:16:57', '2022-06-13 15:16:57'),
('a164a3465757b169b395509ef9b1877af4e5a3401fb823ec617704607eff3183e106f45f8dd346ec', 11, 1, 'chat_project@DIGISOLAPP', '[]', 0, '2022-01-30 10:04:21', '2022-01-30 10:04:21', '2022-02-27 11:04:21'),
('a182fb67fef95bd2e92f1c525db306b9d0538f0e6c6b109e831bc7bd1136f4fbd5fea2e9ac953ca1', 50, 1, 'chat_project@DIGISOLAPP', '[]', 1, '2022-03-13 15:27:21', '2022-03-13 15:27:21', '2022-04-10 16:27:21'),
('a18b40aebf75e34d10e1785d14833816d35ef64d659c413aadd766578ad189cacc6f4c2c1cc164b3', 119, 1, 'chat_project@DIGISOLAPP', '[]', 1, '2022-07-07 08:01:36', '2022-07-07 08:01:36', '2022-08-04 10:01:36'),
('a1964a9f5919e3774afa64c46b7f15b2d972ace765f92a2b12b5a55a5e46e35e14eb0e06df296c34', 119, 1, 'chat_project@DIGISOLAPP', '[]', 1, '2022-05-16 09:58:22', '2022-05-16 09:58:22', '2022-06-13 11:58:22'),
('a1b16400bded2582f74e7d7b74b96de212a7872fbd670829e31b219ee441120c5c54957140dae6d3', 120, 1, 'chat_project@DIGISOLAPP', '[]', 1, '2022-06-06 09:29:58', '2022-06-06 09:29:58', '2022-07-04 11:29:58'),
('a1e2209486c48a19da7df7d2e47934bb041fc5fecc20e3ff8ae434cad97bc0a2b84fb14902200aba', 12, 1, 'chat_project@DIGISOLAPP', '[]', 1, '2022-01-25 14:23:19', '2022-01-25 14:23:19', '2022-02-22 15:23:19'),
('a1f5761934153f2fc18d96ada1f172e28308ced4f4b76e91d6829473c642ac598a93309b3d42abc3', 59, 1, 'chat_project@DIGISOLAPP', '[]', 1, '2022-02-14 10:05:30', '2022-02-14 10:05:30', '2022-03-14 11:05:30'),
('a218154947e95cfcb611572ea029b8a0ceac125957e4ef50da60b062eb3831af1d501971e4ca8d76', 120, 1, 'chat_project@DIGISOLAPP', '[]', 1, '2022-05-12 11:10:58', '2022-05-12 11:10:58', '2022-06-09 13:10:58'),
('a218ecfee54a37884bcdaab69a4b8646a24ae1a6c7fafa2605644f368f0a85bbc16b855830b11551', 132, 1, 'chat_project@DIGISOLAPP', '[]', 1, '2022-06-08 08:25:43', '2022-06-08 08:25:43', '2022-07-06 10:25:44'),
('a26c5ee836f7f05ef73730cea890e16a24b546a614fb3094df945e7eae5d19731d17c69b52f6ee94', 90, 1, 'chat_project@DIGISOLAPP', '[]', 0, '2022-04-07 12:57:03', '2022-04-07 12:57:03', '2022-05-05 14:57:03'),
('a275ce4558ec9606ad94d7be7233a83188eadb7ff9d779bc54fb2e1641a6559494c789bdaa67377b', 119, 1, 'chat_project@DIGISOLAPP', '[]', 1, '2022-05-16 09:18:46', '2022-05-16 09:18:46', '2022-06-13 11:18:46'),
('a28322a6b715fcacb6a5587d03b5d521b41ac796526e4957e297541d1d789916272aeb21830553ef', 132, 1, 'chat_project@DIGISOLAPP', '[]', 1, '2022-05-29 11:18:22', '2022-05-29 11:18:22', '2022-06-26 13:18:22'),
('a2a4b7bfed3a30cef0753095f570b067b409cd8e88962556f8333b98b2c876b83de62eabd8ed8cdf', 50, 1, 'chat_project@DIGISOLAPP', '[]', 1, '2022-02-06 13:20:49', '2022-02-06 13:20:49', '2022-03-06 14:20:49'),
('a2fa25bd2b71ae494ad7e99fa69dac527ca40a8f275453664e29f9208e4d8efc674c95fbd26bd96c', 116, 1, 'chat_project@DIGISOLAPP', '[]', 1, '2022-05-07 09:28:40', '2022-05-07 09:28:40', '2022-06-04 11:28:40'),
('a31a75954c978afe3e207345e5aa8331631014d0f8e78e3b11943c52cf4fbabef5c2b43e4eb4b25f', 116, 1, 'chat_project@DIGISOLAPP', '[]', 1, '2022-05-10 09:03:32', '2022-05-10 09:03:32', '2022-06-07 11:03:32'),
('a3426ecadc5e5426a0db5c4e216a47f68ab4637aaf0d57384544a32cec9d8df3c40798f30967cf94', 87, 1, 'chat_project@DIGISOLAPP', '[]', 1, '2022-04-04 12:30:41', '2022-04-04 12:30:41', '2022-05-02 14:30:41'),
('a3770a3f0f92fa0b6b68f4245dd0b2bcb73b0c72cb8fbc61cb886f1e3148dbdb50b894187d876e91', 116, 1, 'chat_project@DIGISOLAPP', '[]', 1, '2022-05-31 09:20:11', '2022-05-31 09:20:11', '2022-06-28 11:20:11'),
('a391b8005105b2c4633bc509e6ac9463cbfaac863ae4553a035e787d551703f202da9c9ec1953eaa', 20, 1, 'chat_project@DIGISOLAPP', '[]', 1, '2022-01-26 09:02:16', '2022-01-26 09:02:16', '2022-02-23 10:02:16'),
('a3a818c336403d11d597bd6b2527596d391d25fa6ce0ad542f6e6187f408fb84b2fe5dc5e820c144', 78, 1, 'chat_project@DIGISOLAPP', '[]', 0, '2022-03-13 09:07:53', '2022-03-13 09:07:53', '2022-04-10 10:07:53'),
('a3bb5dd781debbbea65b4862912aa507017d057300bcd6e4a8e24cb008bc06001798a4e5963b736c', 110, 1, 'chat_project@DIGISOLAPP', '[]', 0, '2022-05-15 12:31:52', '2022-05-15 12:31:52', '2022-06-12 14:31:52'),
('a40bfac2bf1f260b15b9327177389744b632fb797cb8a926c0cbb6536f6d37183d4b4a976b9eade3', 120, 1, 'chat_project@DIGISOLAPP', '[]', 0, '2022-06-21 09:32:56', '2022-06-21 09:32:56', '2022-07-19 11:32:56'),
('a46188487e32d5f5ca071158fbcc55156e81b35a0579d852bae0ef1113b3b99568a0dae804e77fc3', 116, 1, 'chat_project@DIGISOLAPP', '[]', 1, '2022-06-11 09:23:56', '2022-06-11 09:23:56', '2022-07-09 11:23:56'),
('a4710c485e74e9156066572cd35f41d7dcf3243a066e078fa088171abca583829ee888192403af4c', 13, 1, 'chat_project@DIGISOLAPP', '[]', 1, '2022-01-25 09:13:22', '2022-01-25 09:13:22', '2022-02-22 10:13:22'),
('a4980d973150f05f7bbae4b1798b288115e9369bc76faafd69d9392d5b11553f8b4f393ccdf86175', 121, 1, 'chat_project@DIGISOLAPP', '[]', 0, '2022-07-06 09:47:51', '2022-07-06 09:47:51', '2022-08-03 11:47:51'),
('a498fc923ffa6f24c594867ed36f529c9d64117c0c2de57c924fb3d9a158ef5f38354df5cfd7047c', 7, 1, 'chat_project@DIGISOLAPP', '[]', 1, '2022-01-24 13:12:57', '2022-01-24 13:12:57', '2022-02-21 14:12:57'),
('a4d20b237480da36c86b6b5c1a3c3453285ab005bd2aae60bfbf12aec193af8d1f10fa92f3c57f37', 24, 1, 'chat_project@DIGISOLAPP', '[]', 0, '2022-01-30 10:14:33', '2022-01-30 10:14:33', '2022-02-27 11:14:33'),
('a4de5067b058c0eebfe8f426ff5441a7020aa6a871c9c95781ea4287d958ec401e01508f2a8321f3', 119, 1, 'chat_project@DIGISOLAPP', '[]', 1, '2022-05-16 12:57:21', '2022-05-16 12:57:21', '2022-06-13 14:57:21'),
('a4f37c4290d150a49a1b38f62aa3ceb359ee3f7a11506723ad90b5181db946fb2671852381eeeb39', 104, 1, 'chat_project@DIGISOLAPP', '[]', 1, '2022-04-11 10:49:39', '2022-04-11 10:49:39', '2022-05-09 12:49:39'),
('a4f98ad9b86b1fee82c720099456367edc591e42b2eeec49c5c9a5ef4dba1ea2b65df935f5c435bc', 120, 1, 'chat_project@DIGISOLAPP', '[]', 1, '2022-09-11 08:32:07', '2022-09-11 08:32:07', '2022-10-09 10:32:07'),
('a54ce699da7e9b752f3a243c568986cba8167d0c60c016d2a6cc95e62ce6ee469a454413105dffca', 120, 1, 'chat_project@DIGISOLAPP', '[]', 0, '2022-04-25 12:12:55', '2022-04-25 12:12:55', '2022-05-23 14:12:55'),
('a56a0cdcb29a9a38ccfc7f0a91c158d0749e95fa9ea5e59018f2594ffec292237896d81a9ee63cc2', 116, 1, 'chat_project@DIGISOLAPP', '[]', 1, '2022-06-08 09:13:46', '2022-06-08 09:13:46', '2022-07-06 11:13:46'),
('a592e749304a18b006ecac85ba4cd19513c2057089007ad1c670dc0e46b41f53f5de41f6ee269c53', 116, 1, 'chat_project@DIGISOLAPP', '[]', 0, '2022-09-04 15:43:35', '2022-09-04 15:43:35', '2022-10-02 17:43:35'),
('a597db325a6f9f0adbc274f9d93af580fd302cecce5df6ebb40bd56df74e48469a1560a59393e100', 120, 1, 'chat_project@DIGISOLAPP', '[]', 0, '2022-06-14 11:50:40', '2022-06-14 11:50:40', '2022-07-12 13:50:40'),
('a597f635e31774895e1582b584a69f30cac618dac25f681f87ddd9f7bfc11abc5da4db018b0d82f8', 119, 1, 'chat_project@DIGISOLAPP', '[]', 0, '2022-07-29 11:26:03', '2022-07-29 11:26:03', '2022-08-26 13:26:04'),
('a59ca09ba485ca5b01bcc4703219904faa0db58e093b374a1c5ac12028d3b240930b26dea70f49a4', 11, 1, 'chat_project@DIGISOLAPP', '[]', 0, '2022-01-31 12:05:56', '2022-01-31 12:05:56', '2022-02-28 13:05:56'),
('a59e3484c877ada92f2daf19bcc75bd2b014a86e66c6dda1a332e8c2ac263041c903921452c53404', 106, 1, 'chat_project@DIGISOLAPP', '[]', 0, '2022-05-15 11:06:09', '2022-05-15 11:06:09', '2022-06-12 13:06:09'),
('a5bef43fd8ce1e00c3699e1bb819f2cd9086018c9d873f9f085039723151ba16276e2cdd4df5623f', 80, 1, 'chat_project@DIGISOLAPP', '[]', 1, '2022-03-20 13:29:58', '2022-03-20 13:29:58', '2022-04-17 14:29:58'),
('a5ec252a49113aa65d64cc27c74c722107376158597567ba1a429709c7ff6e5ff098c3032238add8', 121, 1, 'chat_project@DIGISOLAPP', '[]', 0, '2022-07-06 10:40:37', '2022-07-06 10:40:37', '2022-08-03 12:40:38'),
('a5fca6d3e4621538fbdf201c713f197e6669f0dd6c3421c74aa8377304ca9ef4c815c2fafd1fce5e', 41, 1, 'chat_project@DIGISOLAPP', '[]', 1, '2022-02-02 14:08:15', '2022-02-02 14:08:15', '2022-03-02 15:08:15'),
('a6143d7ca05c2595a477002e874304d32cd8f3720f59f63608ebfaf0fb7859d68befc7e0b1057ab2', 116, 1, 'chat_project@DIGISOLAPP', '[]', 0, '2022-05-16 14:14:52', '2022-05-16 14:14:52', '2022-06-13 16:14:52'),
('a629f0203b76964f04657e05e66bd57f726936193fab2800f158cbc94958a6219af2596ad9d7cb3d', 78, 1, 'chat_project@DIGISOLAPP', '[]', 1, '2022-03-09 12:16:41', '2022-03-09 12:16:41', '2022-04-06 13:16:41'),
('a634e800009d4a6087dae57061d8139c6b9536d6373467e2789a45b6f1a0340e658b38ac93e4fd77', 50, 1, 'chat_project@DIGISOLAPP', '[]', 1, '2022-03-29 12:29:59', '2022-03-29 12:29:59', '2022-04-26 14:29:59'),
('a638ff93cda89ef18e538d7e1cdccce9416513d69c14532022524f5f8933bfea4f847ce1eb127aa2', 119, 1, 'chat_project@DIGISOLAPP', '[]', 0, '2022-05-12 11:31:30', '2022-05-12 11:31:30', '2022-06-09 13:31:30'),
('a66ad55209e61bdf2ee274077b4254f9a3b5b0d2622c5c542b7eced8e8c3a993006a11b0696eea97', 98, 1, 'chat_project@DIGISOLAPP', '[]', 0, '2022-04-11 13:29:34', '2022-04-11 13:29:34', '2022-05-09 15:29:34'),
('a67f0754c357a667f32b9a86506b7a0e68e82b3b07135d974337e77b95916efd9e5aec28d97d5a1e', 150, 1, 'chat_project@DIGISOLAPP', '[]', 1, '2022-09-11 09:49:06', '2022-09-11 09:49:06', '2022-10-09 11:49:06'),
('a680d72453e1d536280d70aea32d87f1062f07dd104c2d4b483b2d655be98488193bccfc14616e4a', 44, 1, 'chat_project@DIGISOLAPP', '[]', 0, '2022-02-06 15:44:27', '2022-02-06 15:44:27', '2022-03-06 16:44:27'),
('a693328078b0d4303b3ddd46060f5fca3b33fcba1b9049afc94a97f40234dd6357c3c612a5a81be6', 119, 1, 'chat_project@DIGISOLAPP', '[]', 0, '2022-12-20 13:32:55', '2022-12-20 13:32:55', '2023-01-17 14:32:55'),
('a696289ba72bf2514a4d57a407a3b8ff21607a0607cf7e2b3c5625a00d1fb84cc75dd25ca61bf57d', 110, 1, 'chat_project@DIGISOLAPP', '[]', 0, '2022-04-10 23:04:12', '2022-04-10 23:04:12', '2022-05-09 01:04:12'),
('a702f04933e6758742f361b4808f645c8c64e5a2d844c00b09e6cbc942d11011044b67ab97369280', 32, 1, 'chat_project@DIGISOLAPP', '[]', 0, '2022-02-01 23:28:29', '2022-02-01 23:28:29', '2022-03-02 00:28:29'),
('a724c8af17da9f932d6333abae6b67a5ee80cc9c7cde999f47eb2a6c7713e1c0365bd850779c7891', 96, 1, 'chat_project@DIGISOLAPP', '[]', 1, '2022-04-09 08:18:20', '2022-04-09 08:18:20', '2022-05-07 10:18:20'),
('a75147cb7858ccec9bd7f59988d6c99a0618fff352776d84f794673f36aa16d768043eead5c94b42', 50, 1, 'chat_project@DIGISOLAPP', '[]', 1, '2022-02-10 12:45:33', '2022-02-10 12:45:33', '2022-03-10 13:45:33'),
('a7d8c8e735e7cd1535765f516d53c1426c5d7059b465d5184908d0006e335bef26270f8fcfb5e867', 120, 1, 'chat_project@DIGISOLAPP', '[]', 1, '2022-07-03 14:47:19', '2022-07-03 14:47:19', '2022-07-31 16:47:19'),
('a7ee5a5b70a41b04e0217b2ddddc0e71b74362d1aad87823fea481526546487cc3d9e2acb722c18d', 118, 1, 'chat_project@DIGISOLAPP', '[]', 0, '2022-04-18 13:58:45', '2022-04-18 13:58:45', '2022-05-16 15:58:45'),
('a810bf7df97e7646b70f6894a5a968e3b5cfa40b851a33c4019734f8f348c86a5d8b298d765b3aed', 116, 1, 'chat_project@DIGISOLAPP', '[]', 0, '2022-06-06 12:30:54', '2022-06-06 12:30:54', '2022-07-04 14:30:54'),
('a817d96d05affef5abc7b08aa62cd3ad1a7b4c6b9f59bc0d84102e3d2036f2db4c978adb8071f9e6', 74, 1, 'chat_project@DIGISOLAPP', '[]', 0, '2022-03-05 14:03:19', '2022-03-05 14:03:19', '2022-04-02 15:03:19'),
('a81dbadc5b74442e0619588f67be114abd0af2c827aed066cc3bccea4791380167a3dd7442255bdd', 22, 1, 'chat_project@DIGISOLAPP', '[]', 0, '2022-01-27 20:49:32', '2022-01-27 20:49:32', '2022-02-24 21:49:32'),
('a84892d9eb048e4e99334f6905402ee0997fcb6810c8dbba861c831ece550e74ba1e80dc9f057763', 121, 1, 'chat_project@DIGISOLAPP', '[]', 1, '2022-06-06 07:58:06', '2022-06-06 07:58:06', '2022-07-04 09:58:06'),
('a8567efe79fc305ea01bc19972ca309c9459f17ae0792fc3a2b43b8ccfdcdb765f2cedfd5c64f857', 121, 1, 'chat_project@DIGISOLAPP', '[]', 1, '2022-06-14 14:56:40', '2022-06-14 14:56:40', '2022-07-12 16:56:40'),
('a8590c40945cbc294abfb720137c05e3b709edc4b0e953eb82ce2844c4ef9aeb57a21a6cf42a2546', 110, 1, 'chat_project@DIGISOLAPP', '[]', 0, '2022-06-04 20:46:04', '2022-06-04 20:46:04', '2022-07-02 22:46:04'),
('a894b86441e97a495660488316d8b9d8e6900aa2e6a48d522de4d44933d4dbcc68a3a405d02c45dd', 120, 1, 'chat_project@DIGISOLAPP', '[]', 1, '2022-06-19 10:15:25', '2022-06-19 10:15:25', '2022-07-17 12:15:25'),
('a8d3c1d1eca38be293c41e02baad50412efd6025cc1210a9a79da2967eef09b43e185743cbee50c0', 102, 1, 'chat_project@DIGISOLAPP', '[]', 0, '2022-04-09 11:58:42', '2022-04-09 11:58:42', '2022-05-07 13:58:42'),
('a8dee78226a1b8db5abd58a27908b3bf8d6b5360150b67c66b9020127603a1eb7c3ca732b80552c5', 119, 1, 'chat_project@DIGISOLAPP', '[]', 1, '2022-05-16 08:47:42', '2022-05-16 08:47:42', '2022-06-13 10:47:42'),
('a8e2c5e7880fa0de31d642e338ac607d0ac37c6e1a00ceb25b24f9a429d6d53a2dcba56ef5bc6a0b', 80, 1, 'chat_project@DIGISOLAPP', '[]', 1, '2022-03-20 16:06:53', '2022-03-20 16:06:53', '2022-04-17 17:06:53'),
('a91f2304d5d4958b399e4967ac128827dfe4c273464ec1234884115c06a7daad13b1682d7775f196', 102, 1, 'chat_project@DIGISOLAPP', '[]', 1, '2022-04-09 09:22:51', '2022-04-09 09:22:51', '2022-05-07 11:22:51'),
('a9528786986002fb870b270e46c450e645c128f6257ecd5ff0a40c7030974e77cc21b9ab30390be0', 116, 1, 'chat_project@DIGISOLAPP', '[]', 1, '2022-09-13 21:07:53', '2022-09-13 21:07:53', '2022-10-11 23:07:53'),
('a96ee579492719551e68a380cd24da53691544acf2ec7e109d9ef3f7a04f83796e9b65220530a9ff', 98, 1, 'chat_project@DIGISOLAPP', '[]', 0, '2022-04-07 13:40:41', '2022-04-07 13:40:41', '2022-05-05 15:40:41'),
('a977bd4a8aaa9a1b55bdffc3109e02fd3333c81cdf0174c36aa5004d8ebc0f576e5609e81d3c9210', 116, 1, 'chat_project@DIGISOLAPP', '[]', 1, '2022-04-24 10:54:04', '2022-04-24 10:54:04', '2022-05-22 12:54:04'),
('a98d466cebfec980b43ba7c45fe850431f2947f9d9e75f2d477b89ae5f27d4415412f8eb1d3a8cee', 54, 1, 'chat_project@DIGISOLAPP', '[]', 1, '2022-02-08 12:44:17', '2022-02-08 12:44:17', '2022-03-08 13:44:17'),
('a9ce65a2f671cafb354d510516696611bdce6aa0ae54f0975f1cbda5a0ac7064d5768d542d2ba874', 107, 1, 'chat_project@DIGISOLAPP', '[]', 0, '2022-04-15 18:49:22', '2022-04-15 18:49:22', '2022-05-13 20:49:22'),
('aa86d86bc5a59ca7c5bc2bf15a7ddc4532ea8efef3526a307f144baaa7b19d38d4f22cd0908a157a', 71, 1, 'chat_project@DIGISOLAPP', '[]', 1, '2022-03-12 11:26:08', '2022-03-12 11:26:08', '2022-04-09 12:26:08'),
('aaaaf9cb5ef3670b32d5da9d1ea746ef8b6e18f8681568cc3a1a2d76fe680d9de3c6b338944cd2a6', 11, 1, 'chat_project@DIGISOLAPP', '[]', 0, '2022-01-31 15:47:05', '2022-01-31 15:47:05', '2022-02-28 16:47:05'),
('aad20d7284bdc03c5341a1e7506d6ffa0395d4a099bd9bca561c0c0abffb91e5a17c84d7159af8e9', 119, 1, 'chat_project@DIGISOLAPP', '[]', 1, '2022-07-07 12:51:24', '2022-07-07 12:51:24', '2022-08-04 14:51:24'),
('aaf4439ad1edf4dadbb6363d938964cdce015daafdac231787e62c794995d4674cdbbf65aaab3b15', 120, 1, 'chat_project@DIGISOLAPP', '[]', 0, '2022-06-16 13:38:17', '2022-06-16 13:38:17', '2022-07-14 15:38:17'),
('aafdad18130937dfbd0c9bf9b9f09ae2331b0d082485d8f62b7d303c1ea1e37eb0ed04b773a80ae9', 86, 1, 'chat_project@DIGISOLAPP', '[]', 0, '2022-04-04 13:04:17', '2022-04-04 13:04:17', '2022-05-02 15:04:17'),
('ab11a7e51a0e5e0a39b9adf12ece8eda252729129f4454b11691b9901da06b311c1e973aea12fe75', 2, 1, 'API Token', '[]', 0, '2022-05-31 14:44:53', '2022-05-31 14:44:53', '2023-05-31 16:44:53'),
('ab137f5325daf35204d06d06856254f56ba8b27d9bd2a87b39f8312e3f5325c48d6b1eb9f106b8b1', 118, 1, 'chat_project@DIGISOLAPP', '[]', 0, '2022-04-18 09:51:27', '2022-04-18 09:51:27', '2022-05-16 11:51:27'),
('ab32637163397762ae8e930bd8e1c2965e4589bf2a47d0736ec828c1e314156ea3950952e9f4bbfe', 116, 1, 'chat_project@DIGISOLAPP', '[]', 1, '2022-06-01 13:12:44', '2022-06-01 13:12:44', '2022-06-29 15:12:44'),
('ab6bc2e2897e1c4b1ae54d9cf16946a699fef403ff43a1936a8c69edc4ca89640219b00afd642843', 106, 1, 'chat_project@DIGISOLAPP', '[]', 0, '2022-05-30 10:21:19', '2022-05-30 10:21:19', '2022-06-27 12:21:20'),
('ac3d73e0df467ad805050c5f200ec01335c005da6d487953d2613464b32fd9f784010e5272ce0a34', 120, 1, 'chat_project@DIGISOLAPP', '[]', 0, '2022-06-18 09:31:36', '2022-06-18 09:31:36', '2022-07-16 11:31:36'),
('ac54904ab55ec7fb08d7e7d8f13e46fe426d527d26cdd6846bcb1659e7c31d428be2d6a4a4e5f620', 120, 1, 'chat_project@DIGISOLAPP', '[]', 1, '2022-04-25 09:59:03', '2022-04-25 09:59:03', '2022-05-23 11:59:03'),
('ac6f5f0e663b9165cb36a81197b2d0ac2d97ddda2a36978a7018f95217f82ec8b4291c3e634923e9', 98, 1, 'chat_project@DIGISOLAPP', '[]', 1, '2022-04-09 10:51:12', '2022-04-09 10:51:12', '2022-05-07 12:51:12'),
('ac74987634e688957fb7c3e0e45212affda77a0f60891fde5c51ee732eb75378b36b20a5511d9197', 119, 1, 'chat_project@DIGISOLAPP', '[]', 0, '2023-01-09 09:38:16', '2023-01-09 09:38:16', '2023-02-06 10:38:16'),
('ac835ef87167d2662c76ca4f4e6bc9f7fc8653e54558d5a0e410e047c589db7f253f7ccc653aba3a', 71, 1, 'chat_project@DIGISOLAPP', '[]', 1, '2022-03-06 12:14:31', '2022-03-06 12:14:31', '2022-04-03 13:14:31'),
('acd0e305b411fa1d88fb10948f29d6c75d2e718838876ada1dceae3de89c9efb0d12bc611ca5f209', 98, 1, 'chat_project@DIGISOLAPP', '[]', 0, '2022-04-09 12:15:22', '2022-04-09 12:15:22', '2022-05-07 14:15:23'),
('aceb73cf58c39a4881ad336d0cdcc21c4369d16ac49f3183f16c77295a9b90ae4f20e41544e367fe', 116, 1, 'chat_project@DIGISOLAPP', '[]', 1, '2022-05-24 14:01:35', '2022-05-24 14:01:35', '2022-06-21 16:01:35'),
('acfa6646cda31a218e961860e231ef514d9fe32f1ddc2e343abb46d643f1bd80f3088dc5b7ed41a5', NULL, 1, 'API Token', '[]', 0, '2022-03-21 13:50:46', '2022-03-21 13:50:46', '2023-03-21 14:50:46'),
('ad032840415b36feb95bd45ce21052a71b0a3b343b17703bfc09aa584ccc9ff3d1df7754fc1816f1', 157, 1, 'chat_project@DIGISOLAPP', '[]', 1, '2023-01-25 10:31:37', '2023-01-25 10:31:37', '2023-02-22 11:31:37'),
('ad2b5e1508e550f37cfa6e467c6b154f7d62ad24ba9cf41cef1cd5653d5931d313a3d115053b3012', 120, 1, 'chat_project@DIGISOLAPP', '[]', 1, '2022-06-16 11:01:11', '2022-06-16 11:01:11', '2022-07-14 13:01:11'),
('ada603d71a3bb9b0160e487ff7023245ee0341828b54a3f044eceb90a7d778e22e8c1390ec815fff', 68, 1, 'chat_project@DIGISOLAPP', '[]', 1, '2022-03-20 13:38:01', '2022-03-20 13:38:01', '2022-04-17 14:38:01'),
('ade0867fdd277c46537c3ae9f63c542980194eef0e78a1fdd616c0e9827c5bd301623f76b601e447', 119, 1, 'chat_project@DIGISOLAPP', '[]', 1, '2022-06-01 12:25:17', '2022-06-01 12:25:17', '2022-06-29 14:25:17'),
('adf23c2c579e299b852840bd5db9b683832e9324f5765f6d0c1fdc70045c15c6a44c40a68e2a64fe', 19, 1, 'chat_project@DIGISOLAPP', '[]', 1, '2022-01-26 08:29:09', '2022-01-26 08:29:09', '2022-02-23 09:29:09'),
('ae2d23ba4e4284cca7e1fbc6eb6ff787e4e8a4b28375fafef9bdb10155fe28c8714ae9f69a6ef962', 98, 1, 'chat_project@DIGISOLAPP', '[]', 1, '2022-04-09 10:48:10', '2022-04-09 10:48:10', '2022-05-07 12:48:11'),
('ae5add638dd0fc01749c6f09cf02c696dd8831f8734404ab97fe0f37a4ba00b60a5aa02ab9b3321e', 120, 1, 'chat_project@DIGISOLAPP', '[]', 1, '2022-06-30 11:39:41', '2022-06-30 11:39:41', '2022-07-28 13:39:41'),
('af93c3e8961a499e7c1ea3b6b0a975e65a7f15835586dc872d008d55bb986ba9f4b634c3d2941665', 120, 1, 'chat_project@DIGISOLAPP', '[]', 1, '2022-09-11 07:48:55', '2022-09-11 07:48:55', '2022-10-09 09:48:55'),
('afbe636059188c8bfaeed747802d52da899e52210ec4eaa3e7d8d1cf8d5f8417484c1ff60fe25736', 71, 1, 'chat_project@DIGISOLAPP', '[]', 0, '2022-03-13 10:31:01', '2022-03-13 10:31:01', '2022-04-10 11:31:01'),
('afd4c832ed824c2c33ca0e64ed45d109d967b185964a0bbeeb28fad149d0788b2981bccfbd050dc1', 132, 1, 'chat_project@DIGISOLAPP', '[]', 1, '2022-05-29 10:20:40', '2022-05-29 10:20:40', '2022-06-26 12:20:40'),
('afd7f560f5ff4b37b692677d58b616050f2cec707291c907143f9b6c54f14426f32c8637e64b736c', 73, 1, 'chat_project@DIGISOLAPP', '[]', 0, '2022-03-08 11:20:04', '2022-03-08 11:20:04', '2022-04-05 12:20:04'),
('b03f64de95964be5e4d4abf399f90da976c8be7a476b45bc7fce3526c52282a01e33127940725818', 78, 1, 'chat_project@DIGISOLAPP', '[]', 0, '2022-03-10 09:35:06', '2022-03-10 09:35:06', '2022-04-07 10:35:06'),
('b04bbb89a63561792cd6adf7ba0fde083c693c360715c8cd83aa901ae4b3e3af8e37726a1d1b0e68', 16, 1, 'API Token', '[]', 0, '2022-05-31 14:47:02', '2022-05-31 14:47:02', '2023-05-31 16:47:02'),
('b079f8364524420a6d20130b58de943cc0d6a727d29d1cc7174d3101974602878f9f3d19395bf470', 116, 1, 'chat_project@DIGISOLAPP', '[]', 0, '2022-05-16 14:16:02', '2022-05-16 14:16:02', '2022-06-13 16:16:02'),
('b087ec221876987fdd6bf07c42dd9e11e7795cbf70df1c255613363fdaf2fa1effdb50d64d2252a1', 116, 1, 'chat_project@DIGISOLAPP', '[]', 1, '2022-05-14 15:33:56', '2022-05-14 15:33:56', '2022-06-11 17:33:56'),
('b09d33da9e1081e05f550f7cca94d6fc9ad9b66c8b625fc5bbff01ec9fcba48e2380f4ce21de9c66', 115, 1, 'chat_project@DIGISOLAPP', '[]', 1, '2022-04-14 11:33:07', '2022-04-14 11:33:07', '2022-05-12 13:33:07'),
('b0c3b8ef57fd05771caabe549c9638ca055e7d56225272fd700d88f3428293d84a422a1c44b23a96', 7, 1, 'chat_project@DIGISOLAPP', '[]', 1, '2022-01-24 15:51:45', '2022-01-24 15:51:45', '2022-02-21 16:51:45'),
('b13510a6ca95c6f8cfde6a3382049bc8cfa2e8d8bd685b69b63c5eb228b7e10db58633b3e4da1269', 118, 1, 'chat_project@DIGISOLAPP', '[]', 1, '2022-04-24 12:34:03', '2022-04-24 12:34:03', '2022-05-22 14:34:03'),
('b13b660658df158cc188d6a1ac221057bbe2111406e30019b5d7a6fbe8a20c766e0b7b9a0e5675df', 121, 1, 'chat_project@DIGISOLAPP', '[]', 1, '2022-04-28 13:19:55', '2022-04-28 13:19:55', '2022-05-26 15:19:55'),
('b1637268601b7c5fb61a4f1482cec291bb2cf1c2da45a6c6d66141c79d234efcb26ce8b16c3b3955', 120, 1, 'chat_project@DIGISOLAPP', '[]', 1, '2022-06-11 08:28:29', '2022-06-11 08:28:29', '2022-07-09 10:28:29'),
('b19325235c99d2a49d98694ffac311a54fe3f09abfd53fc0461dc100637474888ca488e5542ef4ca', 119, 1, 'chat_project@DIGISOLAPP', '[]', 0, '2022-04-26 09:07:13', '2022-04-26 09:07:13', '2022-05-24 11:07:13'),
('b1cccf4a9b4a402dfb6d027a6a81312f26ca55a61e434e629b512b775c007899dc8e2f47252e3596', 78, 1, 'chat_project@DIGISOLAPP', '[]', 1, '2022-03-14 10:24:41', '2022-03-14 10:24:41', '2022-04-11 11:24:42'),
('b20ac89c7bdefceb30999cc2c5ca62128a2e7fc478f7f3bc4f4727f6f351e592ee0d6acdd7991cfa', 10, 1, 'chat_project@DIGISOLAPP', '[]', 1, '2022-01-24 15:44:03', '2022-01-24 15:44:03', '2022-02-21 16:44:03'),
('b28512628484c678792c69a15ce913e01902e37b980e6c5c8fc74e60c655d1549f3982ae351e3d6d', 50, 1, 'chat_project@DIGISOLAPP', '[]', 0, '2022-02-06 13:22:55', '2022-02-06 13:22:55', '2022-03-06 14:22:55'),
('b2894d9940eb64c0ad4f3ad0266cd667c0c5b2a8e286fc3b486b119cfe518b8c97549b383cd32520', 140, 1, 'chat_project@DIGISOLAPP', '[]', 0, '2022-06-18 17:22:36', '2022-06-18 17:22:36', '2022-07-16 19:22:36'),
('b2a030310cdad48a1f14478032c3c6ecc98e1391bc98f446aa4762638bbff7c1bd618d848a3b8603', 107, 1, 'chat_project@DIGISOLAPP', '[]', 1, '2022-04-09 20:32:01', '2022-04-09 20:32:01', '2022-05-07 22:32:01'),
('b2f27f56b930b6165174ead31a17986a9a3f1522669af264b61f58a8c8df2cfe56085a78fa6a682e', 119, 1, 'chat_project@DIGISOLAPP', '[]', 1, '2022-05-16 13:03:07', '2022-05-16 13:03:07', '2022-06-13 15:03:07'),
('b3114a154204366c0867b818b8a7cd0dca7607174920867b34d711eecdef505c16a00ffb477caf4f', 89, 1, 'chat_project@DIGISOLAPP', '[]', 1, '2022-04-06 08:57:38', '2022-04-06 08:57:38', '2022-05-04 10:57:38'),
('b31262430ce9b4fb47c8bd7123f5f46be9a5e2f0c268fba4fc3dbf85a441e064b9ff025773c020e1', 33, 1, 'chat_project@DIGISOLAPP', '[]', 1, '2022-02-02 10:46:21', '2022-02-02 10:46:21', '2022-03-02 11:46:21'),
('b31b2532a7a22ea9812a1fd12ff1e94dae62e4e6c085177ac389877c58d94673e6c49a188680557e', 115, 1, 'chat_project@DIGISOLAPP', '[]', 1, '2022-04-14 11:27:55', '2022-04-14 11:27:55', '2022-05-12 13:27:55'),
('b377edc9d9edfbc462ebed61eda8df1b3348c58583dc49e000fc51636ffa399b2e068d40f033e552', 161, 1, 'chat_project@DIGISOLAPP', '[]', 1, '2023-02-05 08:57:47', '2023-02-05 08:57:47', '2023-03-05 09:57:47'),
('b382604fa15d3b9a6d83b93684badbbd61bb2afc69f0f839250ed15e26fc325d3308ee3edc4fc9c9', 131, 1, 'chat_project@DIGISOLAPP', '[]', 0, '2022-06-18 09:55:37', '2022-06-18 09:55:37', '2022-07-16 11:55:37'),
('b3cfbe7fc0cc3a6ba472c09e5565065aa2bfaf651cb626a702dd8a4828c4f8170bb173b192fe7425', 157, 1, 'chat_project@DIGISOLAPP', '[]', 0, '2023-01-24 13:24:30', '2023-01-24 13:24:30', '2023-02-21 14:24:30'),
('b3e0134e164ce96c8852d2cecb7c4f168e2b4099b84249a16dbb5bc5c8a5c478fc01471ce5344fbe', 119, 1, 'chat_project@DIGISOLAPP', '[]', 1, '2022-05-12 08:41:36', '2022-05-12 08:41:36', '2022-06-09 10:41:36'),
('b3f5e25e983a7eca544d1bb42d813bd218846ff0c4bca5b6a98d81d2600561625f756bf2b4bea614', 109, 1, 'chat_project@DIGISOLAPP', '[]', 0, '2022-04-19 21:29:01', '2022-04-19 21:29:01', '2022-05-17 23:29:01'),
('b426ec8e239323fc3b1a84b4bdcc46407b021684815f2d99f8ea02c2c6e846f6de14393ccfbc066e', 157, 1, 'chat_project@DIGISOLAPP', '[]', 0, '2023-01-29 14:38:49', '2023-01-29 14:38:49', '2023-02-26 15:38:49'),
('b4274f1f9d989a435d56d0c17687de35ad4e2946f6f3c66feffb28d075add88db5684ce94f7a53d1', NULL, 1, 'API Token', '[]', 0, '2022-03-21 12:45:25', '2022-03-21 12:45:25', '2023-03-21 13:45:25'),
('b44c802b371e174fbcfd727ccad5e33da3d49d899b639ce3216e8dbf8b27fa5c2bd69d8f5b012be5', 119, 1, 'chat_project@DIGISOLAPP', '[]', 1, '2022-05-14 07:42:37', '2022-05-14 07:42:37', '2022-06-11 09:42:37'),
('b45b1012fb6246e8cdb3174573a97aade019a5c1d9ba40063985c7283c0385476d99946a398c58cb', 12, 1, 'chat_project@DIGISOLAPP', '[]', 1, '2022-01-25 16:16:32', '2022-01-25 16:16:32', '2022-02-22 17:16:32'),
('b46a86aa5b581655e32a68a68d00bcc3fb1197e419d72ec79a3c76bf54ab174d812d1f98d1bcb3d4', 119, 1, 'chat_project@DIGISOLAPP', '[]', 0, '2022-06-11 11:32:11', '2022-06-11 11:32:11', '2022-07-09 13:32:11'),
('b477860ed2e3424c8daff2c24deccdcf8fa47debefffc4cc1166744671c588186e7284e22e16440c', 50, 1, 'chat_project@DIGISOLAPP', '[]', 0, '2022-03-10 09:01:05', '2022-03-10 09:01:05', '2022-04-07 10:01:13'),
('b4ea61220715a73d27fcda7a2642b5b2a5f8e3a52c63e9efbadd61227ad9b711ac68db4c052640ac', 54, 1, 'chat_project@DIGISOLAPP', '[]', 1, '2022-02-08 10:03:46', '2022-02-08 10:03:46', '2022-03-08 11:03:46'),
('b513013581f639bfa7673069493790c5a27062bc34d6ac30739fd4ed17434dca9fb5e4fe0074c516', NULL, 1, 'API Token', '[]', 0, '2022-03-21 12:31:22', '2022-03-21 12:31:22', '2023-03-21 13:31:22'),
('b51bd12c0c704c031991b1bd33139bdc4334f9cb0768e582b98c7f3483172f7e9fca520a4ab86442', 119, 1, 'chat_project@DIGISOLAPP', '[]', 1, '2022-06-02 10:55:48', '2022-06-02 10:55:48', '2022-06-30 12:55:48'),
('b538f2dbeda5e3a40a21f9f497a86cea11a71cc101843110d5e6d97dd74bfa8499e6ff530ee0ed20', 119, 1, 'chat_project@DIGISOLAPP', '[]', 1, '2022-09-10 09:40:59', '2022-09-10 09:40:59', '2022-10-08 11:40:59'),
('b5a47524b411a6189aff6b18984d91898d9452e35d44a2ea8b60258662da6472120f6f4e546bc35a', 71, 1, 'chat_project@DIGISOLAPP', '[]', 1, '2022-03-24 13:11:08', '2022-03-24 13:11:08', '2022-04-21 14:11:08'),
('b5b42901e1878417a0fc2d3caa047e0bb9fda3631074878b1cf9273caeccd46fc81154d81cc7d06c', 106, 1, 'chat_project@DIGISOLAPP', '[]', 0, '2022-05-15 12:28:05', '2022-05-15 12:28:05', '2022-06-12 14:28:05'),
('b5cb3748e5e7d9564f058b63b401fe212212471a6dada9feae0263bd4eeb7933503ccaa925755b5d', 121, 1, 'chat_project@DIGISOLAPP', '[]', 1, '2022-07-06 10:23:09', '2022-07-06 10:23:09', '2022-08-03 12:23:10'),
('b5cba79ec30f5e77d724697e522ced9666119f7a94112895ba4a450a6137a10b8fd895b1669393da', 79, 1, 'chat_project@DIGISOLAPP', '[]', 0, '2022-03-19 09:24:59', '2022-03-19 09:24:59', '2022-04-16 10:24:59'),
('b5f5ffd6bf116dbf6a8a27cf6c7ffca94a7f116a05cb917e67bbe4d4a7271ae438a986812598c0ac', 118, 1, 'chat_project@DIGISOLAPP', '[]', 1, '2022-04-24 08:52:21', '2022-04-24 08:52:21', '2022-05-22 10:52:21'),
('b641b0f01be7f4e8a7033b6d8622dbdf5968582b5ce193ce62dd3bd8ad3351e94e9d9d8f451ea11a', 12, 1, 'chat_project@DIGISOLAPP', '[]', 1, '2022-01-25 15:21:30', '2022-01-25 15:21:30', '2022-02-22 16:21:30'),
('b6520594744da993d6db55d40639dd1801f37d2d73bf418523d7f51a4a4ec636cfad727b8145bade', 68, 1, 'chat_project@DIGISOLAPP', '[]', 1, '2022-02-23 10:30:34', '2022-02-23 10:30:34', '2022-03-23 11:30:34'),
('b65c44f72c9dc1bbfe9b8ac3cec66250d7911b75d4c6e826b26da1d04b4d9f0b5e4259d747728afc', 125, 1, 'chat_project@DIGISOLAPP', '[]', 0, '2022-07-16 11:38:56', '2022-07-16 11:38:56', '2022-08-13 13:38:57'),
('b662cd8f55a4b1b6d151ccf0de1e20f8bfd17c6dc2c5aa151edd67ae43e5d2e96ecd7b12639d1b89', 120, 1, 'chat_project@DIGISOLAPP', '[]', 0, '2022-06-15 12:27:52', '2022-06-15 12:27:52', '2022-07-13 14:27:52'),
('b69825fff7bd37c65bfc30919980336a99c9258e31a97cb9beddfedd036825532d46c7c3cf8648ba', 116, 1, 'chat_project@DIGISOLAPP', '[]', 1, '2022-05-07 09:56:11', '2022-05-07 09:56:11', '2022-06-04 11:56:11'),
('b6a7a37058187c10542baeaa56d3a0316fb249c52010f4adfbc434865283d4301d6a86bcdd61cf80', 120, 1, 'chat_project@DIGISOLAPP', '[]', 1, '2022-04-28 12:54:59', '2022-04-28 12:54:59', '2022-05-26 14:54:59'),
('b6c1097e76801df325643deb64aa056b1b13dd759b2d4a1c964194955cb933d5136a823f5dbb303d', 7, 1, 'chat_project@DIGISOLAPP', '[]', 0, '2022-01-24 15:56:42', '2022-01-24 15:56:42', '2022-02-21 16:56:42'),
('b6c1ec5ade57656bd24a4ecfec53cb704b6d8b48410586504c65d7d791d61100b11280304e9cc2df', 120, 1, 'chat_project@DIGISOLAPP', '[]', 1, '2022-05-12 12:01:43', '2022-05-12 12:01:43', '2022-06-09 14:01:43'),
('b6e0a43fdd62edb1bdd6684f0f143aec57ae6a73c877d21a394491013bf4344de857a5aceed90129', 86, 1, 'chat_project@DIGISOLAPP', '[]', 1, '2022-04-02 12:14:53', '2022-04-02 12:14:53', '2022-04-30 14:14:53'),
('b6fd939204e53b0be481f2c4bced8bf5a09dae26fcedd769b1fea389212bb16ed0e814734e337d41', 102, 1, 'chat_project@DIGISOLAPP', '[]', 0, '2022-04-11 10:49:07', '2022-04-11 10:49:07', '2022-05-09 12:49:07'),
('b71855ffd86c60db3e556e8a43d4c92fc012ce77ae60974c565af58dc685fddf2c92699ab3fa3d3b', 44, 1, 'chat_project@DIGISOLAPP', '[]', 1, '2022-02-07 08:34:38', '2022-02-07 08:34:38', '2022-03-07 09:34:38'),
('b75bc78e3d08f59a9995cc22fb1a037a856104515623f23d3f60d0d1bdaf3e72757705ad571c90a2', 104, 1, 'chat_project@DIGISOLAPP', '[]', 1, '2022-04-09 10:49:23', '2022-04-09 10:49:23', '2022-05-07 12:49:23'),
('b76978f836c69674701fe00d3f796927adb8f0f10d70253eb2e6d735e352f75d9747b1545a2dd635', 147, 1, 'chat_project@DIGISOLAPP', '[]', 0, '2022-07-27 11:44:12', '2022-07-27 11:44:12', '2022-08-24 13:44:12'),
('b76fa3d8002ada729a347c2838afe7db364f46421cf921179d6484635adaabc19166c02f9ec828b2', 115, 1, 'chat_project@DIGISOLAPP', '[]', 1, '2022-04-14 12:28:39', '2022-04-14 12:28:39', '2022-05-12 14:28:39'),
('b7705a406fcae4bbeab0ce787819256c4f08a7ae5e6fa13cb815c0e9f52ca4671dc96995bb5b30f1', 88, 1, 'chat_project@DIGISOLAPP', '[]', 1, '2022-04-04 14:03:03', '2022-04-04 14:03:03', '2022-05-02 16:03:03'),
('b7ce04fc93afac955ab751266b4248da7486354469fbddb055fecf0b854f4cf4165f6f3589b39d5e', 108, 1, 'istsharaTOKEN@DIGISOLAPP', '[]', 0, '2022-04-13 10:40:18', '2022-04-13 10:40:18', '2022-05-11 12:40:18'),
('b824435b5fc314a458adb75469669e899b815b261cbbc00ce9c633de63f2f5a57b04c002e0beb5ee', 33, 1, 'chat_project@DIGISOLAPP', '[]', 1, '2022-02-02 10:45:43', '2022-02-02 10:45:43', '2022-03-02 11:45:43'),
('b8250f284613bab05268ccad3b6fabc7c50c79b94f0d5a9d6326b71596c5bada66607d49c9c3d314', 157, 1, 'chat_project@DIGISOLAPP', '[]', 0, '2023-02-01 10:29:39', '2023-02-01 10:29:39', '2023-03-01 11:29:39'),
('b831259da7f16c533f4b1f0b0800027a3e64c31f0c97bf4ed6d6d78335cd2429caa510f85cd7aa6b', 118, 1, 'chat_project@DIGISOLAPP', '[]', 0, '2022-04-24 09:36:56', '2022-04-24 09:36:56', '2022-05-22 11:36:56'),
('b83d221a48a7549c405ac9ec935479544b4a9e489e53499294afa17ea93eac0207eafd8d37c094db', 103, 1, 'chat_project@DIGISOLAPP', '[]', 1, '2022-04-09 10:47:54', '2022-04-09 10:47:54', '2022-05-07 12:47:54'),
('b8408c4e71970af619e99c1e21c04b023335594a24c72857c8b85faaba17d332d9a7b1c62ae986da', 120, 1, 'chat_project@DIGISOLAPP', '[]', 0, '2022-05-14 15:17:09', '2022-05-14 15:17:09', '2022-06-11 17:17:09'),
('b85db1a7b5ac046825c0a8a449b6925f5191a9dddd5584b35fd2e50903d6c5c42ed1a58d95dc1cb0', 120, 1, 'chat_project@DIGISOLAPP', '[]', 0, '2022-06-21 09:18:55', '2022-06-21 09:18:55', '2022-07-19 11:18:55'),
('b87855ca5a134cddb80bb80106ded773ae9275ccae4bf9f2f285bd12f9927cefc902f8e781a8fb23', 64, 1, 'chat_project@DIGISOLAPP', '[]', 1, '2022-02-24 09:00:09', '2022-02-24 09:00:09', '2022-03-24 10:00:09'),
('b89b0fc89e62c19d02ded755a7d17b9821876dce7e6b27dab9e5b7e4eb34b66984891e331904fb90', 120, 1, 'chat_project@DIGISOLAPP', '[]', 1, '2022-05-30 08:26:38', '2022-05-30 08:26:38', '2022-06-27 10:26:38'),
('b8a3fd425f9875cb1e7b5b0605fbb0887b231da4577b5a87406aa26af333d376f2d05a5ff48f1aae', 115, 1, 'chat_project@DIGISOLAPP', '[]', 1, '2022-04-14 12:47:22', '2022-04-14 12:47:22', '2022-05-12 14:47:22'),
('b8be7446b71b8e45dd947ebcf535619325aed767dbaa1ee54fa0c11b7e5dc16d03582a432b820c91', 157, 1, 'chat_project@DIGISOLAPP', '[]', 1, '2023-02-01 10:00:30', '2023-02-01 10:00:30', '2023-03-01 11:00:30'),
('b8eaec68e0ea23c543263893104c9f35dcd8ac5864c31329cec235ab39b54ac0828aa841ded60379', 120, 1, 'chat_project@DIGISOLAPP', '[]', 0, '2023-01-09 09:38:38', '2023-01-09 09:38:38', '2023-02-06 10:38:38'),
('b8f689d4676885e9e41a265c8e9b648fe8e54e25e6adbe13c0b66543523c0980899b501965fd1541', 68, 1, 'chat_project@DIGISOLAPP', '[]', 1, '2022-03-20 13:36:28', '2022-03-20 13:36:28', '2022-04-17 14:36:28'),
('b9062d35e603b784de5502fa0c0bdca9bdee45c07104c3937f1ac89b2a14fce1380be03b75eb0976', 120, 1, 'chat_project@DIGISOLAPP', '[]', 1, '2022-06-01 09:19:46', '2022-06-01 09:19:46', '2022-06-29 11:19:46'),
('b95e5b82ee90152a0f0067a1ac09f853d6a9bab7ff2371c800a13d279bae1f6a73f10f0533c68998', 119, 1, 'chat_project@DIGISOLAPP', '[]', 1, '2022-05-16 09:08:50', '2022-05-16 09:08:50', '2022-06-13 11:08:50'),
('b96859ba46546ae0e5dd6b0ad75e07092bdc9af50ee7685ce185ca68f6425085f1b472cf9f9b6500', 26, 1, 'chat_project@DIGISOLAPP', '[]', 0, '2022-01-30 14:35:13', '2022-01-30 14:35:13', '2022-02-27 15:35:13'),
('b9cb705b77566b93bc199ee93a2b4278b47bc4b583b7e43a9a3042350e79839428130725dacd5f7a', 117, 1, 'chat_project@DIGISOLAPP', '[]', 1, '2022-04-18 09:30:29', '2022-04-18 09:30:29', '2022-05-16 11:30:29'),
('b9ce135e595a462f5714fe92938c6ea6750304e50f450446c302663da7347e0a940871bd7443a923', 116, 1, 'chat_project@DIGISOLAPP', '[]', 1, '2022-05-28 10:24:38', '2022-05-28 10:24:38', '2022-06-25 12:24:38'),
('b9d1cd6690405faf0df3dbf5d0b8e9d52265f0df48b6506cf68abe6b4a38c8bf2b171c7b1753aee7', 59, 1, 'chat_project@DIGISOLAPP', '[]', 0, '2022-02-24 12:04:32', '2022-02-24 12:04:32', '2022-03-24 13:04:32'),
('b9d610ea36d39c80b5b234be75b2b634391c033a246fd0dc506b659edabe1453d7448f9e5ef425a3', 120, 1, 'chat_project@DIGISOLAPP', '[]', 1, '2022-06-19 10:51:37', '2022-06-19 10:51:37', '2022-07-17 12:51:37'),
('ba0dbcb82c341344d74904289c8219c0aa9036dc4a3145f508956779458578f90613e2988204722c', NULL, 1, 'API Token', '[]', 0, '2022-05-17 21:39:10', '2022-05-17 21:39:10', '2023-05-17 23:39:10'),
('ba2ea165c7c73bd4d3c78fa4221708e4467d58f12b7e4b32d82747df4e851f69fc8d8d7a305234ae', 68, 1, 'chat_project@DIGISOLAPP', '[]', 1, '2022-03-20 11:56:34', '2022-03-20 11:56:34', '2022-04-17 12:56:34'),
('ba3b8b5fdd34a98c1bfb0d439add25543a86c887111d7de593fd7554cca522b074242f9ad872f460', 120, 1, 'chat_project@DIGISOLAPP', '[]', 1, '2022-06-01 14:25:00', '2022-06-01 14:25:00', '2022-06-29 16:25:00'),
('ba50fe92dd4672a16257345e4f7e8e325c8028f39abf6443a8aec90354f13628c5346e9cad1798c0', 68, 1, 'chat_project@DIGISOLAPP', '[]', 1, '2022-02-23 10:25:13', '2022-02-23 10:25:13', '2022-03-23 11:25:13'),
('ba54810930182bc71d68be6768dcc7e1d50e514ec3a9bf26ae7e75074e979c1dd7c630d9b4fd13e0', NULL, 1, 'API Token', '[]', 0, '2022-05-17 08:52:27', '2022-05-17 08:52:27', '2023-05-17 10:52:27'),
('ba5b9055301acc33d065a0abc10fb44e348fe0c90babc1c950ea779d800d4e0819c02ba1446020cf', 132, 1, 'chat_project@DIGISOLAPP', '[]', 1, '2022-05-29 11:18:40', '2022-05-29 11:18:40', '2022-06-26 13:18:40'),
('ba875996acb202bdd46ab5226af996ea6ca234329f2d378b403dfc6e1bdfbf6017500d9f72263ced', 117, 1, 'chat_project@DIGISOLAPP', '[]', 1, '2022-04-24 12:09:17', '2022-04-24 12:09:17', '2022-05-22 14:09:17'),
('ba9a69765f4e693c2cd23b0bb60c732c00e317abce1cb84ed15d75a3b8b816f683848020103a53a6', 120, 1, 'chat_project@DIGISOLAPP', '[]', 0, '2022-07-17 15:18:20', '2022-07-17 15:18:20', '2022-08-14 17:18:20'),
('bac4ba97b4056fe1e2fa3edc39c547a6399079eaa9f7e18045bbb7f6c05bc998ea69b6e1f17457c1', 86, 1, 'chat_project@DIGISOLAPP', '[]', 0, '2022-04-05 09:56:19', '2022-04-05 09:56:19', '2022-05-03 11:56:19'),
('baed575f7a801b9a92948430e6bb8f643b88a716587b007e81f3e34b00ace757593bba8354554bef', 116, 1, 'chat_project@DIGISOLAPP', '[]', 0, '2022-05-16 14:30:41', '2022-05-16 14:30:41', '2022-06-13 16:30:42'),
('bb4be3cbaf60a454ceb69b2718a84d9342004b054f43975643e4179f12f0d671272ccfa6994a7db8', 87, 1, 'chat_project@DIGISOLAPP', '[]', 1, '2022-04-03 12:48:11', '2022-04-03 12:48:11', '2022-05-01 14:48:11'),
('bb89db0dc0f9d6110c7e5da5dfd1a68348a2321e66533eea6f1e34cdbd76a18dbf6830be4d09be6b', 120, 1, 'chat_project@DIGISOLAPP', '[]', 1, '2022-06-01 13:32:24', '2022-06-01 13:32:24', '2022-06-29 15:32:24'),
('bbcba5679c1d52dad05e4ef2111ed018329586c1ecf6717418dc0696c1e0e272354d22175e8c7e7c', 151, 1, 'chat_project@DIGISOLAPP', '[]', 1, '2022-08-02 11:48:49', '2022-08-02 11:48:49', '2022-08-30 13:48:49'),
('bbce14654b40aed634936645ac40f4227087304b62f8e3e3a66ad0b171d43394b072f74de794c20e', 78, 1, 'chat_project@DIGISOLAPP', '[]', 0, '2022-03-10 10:55:09', '2022-03-10 10:55:09', '2022-04-07 11:55:10'),
('bbf1a1c1b8d9a66941d5accfb88efca88304b34aa0690c3ec46a0c0854f0a0ca758b3c02db2fefa9', 71, 1, 'chat_project@DIGISOLAPP', '[]', 0, '2022-03-21 13:15:57', '2022-03-21 13:15:57', '2022-04-18 14:15:57'),
('bc8f21acec8731a8148313e56347ea769964598cce4be1def8bf0d0892b16dd863b374554eb97ff5', 159, 1, 'chat_project@DIGISOLAPP', '[]', 0, '2023-01-21 15:50:58', '2023-01-21 15:50:58', '2023-02-18 16:50:58'),
('bc9673b19e2d00be572152c0eda9e0a101aa482c61bf347a8f9cee89034e09861a9f62847aea6256', 105, 1, 'chat_project@DIGISOLAPP', '[]', 0, '2022-05-15 12:32:52', '2022-05-15 12:32:52', '2022-06-12 14:32:52'),
('bc97ad8d845e834ec52693285bc0beb535d1df7c740950d41c29db7fabb374941c5436a10a254d8c', 159, 1, 'chat_project@DIGISOLAPP', '[]', 0, '2023-01-24 12:26:49', '2023-01-24 12:26:49', '2023-02-21 13:26:49'),
('bce9e61e73135e811e8fbd98b24ce83901b47b1a4028aa07135e4783fd1228d0ba17acaff774a2a2', 161, 1, 'chat_project@DIGISOLAPP', '[]', 0, '2023-01-25 11:51:51', '2023-01-25 11:51:51', '2023-02-22 12:51:51'),
('bcf0ab3ab99cd4c29955c151b1e993c07f4ef8643d436f8eef1bdc75a4fac2f466c51884d110a5da', 71, 1, 'chat_project@DIGISOLAPP', '[]', 1, '2022-03-29 13:56:12', '2022-03-29 13:56:12', '2022-04-26 15:56:12'),
('bd337a4266b93262108af51225b0a98a945b42b2adcce52d284b7812138e3eed83c62c641cfd18b7', 121, 1, 'chat_project@DIGISOLAPP', '[]', 1, '2022-06-16 09:27:21', '2022-06-16 09:27:21', '2022-07-14 11:27:21'),
('bd61bb26fda0082c5d77df521bc199b67eeefc7551163655e0129f3fc2105aa20ffb7f7c5e030b58', 110, 1, 'chat_project@DIGISOLAPP', '[]', 1, '2022-04-15 18:35:08', '2022-04-15 18:35:08', '2022-05-13 20:35:08'),
('bd679f2236d3ccb5318798ad830ece49a6923bdadd1a687368e3e47072365279e04dda1da9e9623b', 120, 1, 'chat_project@DIGISOLAPP', '[]', 1, '2022-06-02 08:06:00', '2022-06-02 08:06:00', '2022-06-30 10:06:00'),
('bd74ed29a8d32be47f8be228390213fc9e9fe20a8e34f7098afdd3331bc8e17fe0ce01a5998e7665', 50, 1, 'chat_project@DIGISOLAPP', '[]', 1, '2022-02-06 09:04:45', '2022-02-06 09:04:45', '2022-03-06 10:04:45'),
('bda021f76afd30c9780668f67aa35a183cd931a25017565c5a49dc58546b5a337852666f8645de1a', 120, 1, 'chat_project@DIGISOLAPP', '[]', 0, '2022-06-22 08:10:57', '2022-06-22 08:10:57', '2022-07-20 10:10:57'),
('bdbbb7bca38c491633a1721de9e84f2b42049dfbbf1dc5619c89761dbb64870eaf3577e1d769a69c', 78, 1, 'chat_project@DIGISOLAPP', '[]', 0, '2022-03-13 13:40:20', '2022-03-13 13:40:20', '2022-04-10 14:40:20'),
('bdc2e8b59e297d9f91da7fe71eaac17b4712c6c8b7ae6f83ea5c0a72ac1d6c4355ee58390b429cb3', 107, 1, 'chat_project@DIGISOLAPP', '[]', 0, '2022-05-14 14:42:08', '2022-05-14 14:42:08', '2022-06-11 16:42:08'),
('bde755c1f5cc102c1279a2032a3e4b3ca2cc7fd794004fc866f212afe4fd532a4d9d498dfe3db436', 71, 1, 'chat_project@DIGISOLAPP', '[]', 1, '2022-03-09 11:46:07', '2022-03-09 11:46:07', '2022-04-06 12:46:07'),
('be991c718f25d8d8f51af180e8c4598cf9cb5aaf2f5cf4b91d4396722f8a9c25c8bd1e68c9bd8ae6', 119, 1, 'chat_project@DIGISOLAPP', '[]', 1, '2022-07-07 09:59:21', '2022-07-07 09:59:21', '2022-08-04 11:59:21'),
('bee6be55ea6187599459123f40c4350f05f8660a9cebfde5415514510902d4214f4559cb2308071a', 73, 1, 'chat_project@DIGISOLAPP', '[]', 0, '2022-03-24 13:49:04', '2022-03-24 13:49:04', '2022-04-21 14:49:04'),
('beefac13b2ba5adb4ae4d909f999367e1cc305a32913c9344ddc004f4b3832830adb2d7987ac7414', 98, 1, 'chat_project@DIGISOLAPP', '[]', 1, '2022-04-09 11:20:27', '2022-04-09 11:20:27', '2022-05-07 13:20:27'),
('bf5d1e24b7f8bf581591c34fd31f9a144afd8f08d496b36a573be7994608f977a251e939b96a2032', 116, 1, 'chat_project@DIGISOLAPP', '[]', 0, '2022-04-25 12:28:00', '2022-04-25 12:28:00', '2022-05-23 14:28:00'),
('bf9fb4eeedfe3898ac2f67b8ef6a8f6dabb6593d41960609b780c6a407472fe75084e8698fe48804', 119, 1, 'chat_project@DIGISOLAPP', '[]', 1, '2022-05-16 10:11:48', '2022-05-16 10:11:48', '2022-06-13 12:11:49'),
('bfcb816d14eef4398ce8f1a88fc2884bdb506ad0657003621f0a638ddf9913f9af40411f77fdc18d', 119, 1, 'chat_project@DIGISOLAPP', '[]', 1, '2022-05-16 08:43:53', '2022-05-16 08:43:53', '2022-06-13 10:43:53'),
('bfcefd4ad9e3ec634462c1b181577899b3a5ae31d92d53aa577f2964398c254caabf51f0baca82ff', 80, 1, 'chat_project@DIGISOLAPP', '[]', 1, '2022-03-20 09:00:31', '2022-03-20 09:00:31', '2022-04-17 10:00:31'),
('bfd7f2d5177b7dde624d42d427e8acb3f788131926d7da7e0aa06b4fa3204e3781ac260c2cdbca5b', 119, 1, 'chat_project@DIGISOLAPP', '[]', 1, '2022-06-06 09:02:10', '2022-06-06 09:02:10', '2022-07-04 11:02:10'),
('c087af561a61524df078fdaea09ac09bac261c189e901deda4906e7625d36addc7261fe1779e10fa', 120, 1, 'chat_project@DIGISOLAPP', '[]', 0, '2022-06-21 11:13:32', '2022-06-21 11:13:32', '2022-07-19 13:13:32'),
('c0c78b1f4cd903b6555bf1fc859c46b99d8c0af00ccc8fc383786d93437fa3f1576141af54c34a2a', 98, 1, 'chat_project@DIGISOLAPP', '[]', 0, '2022-04-10 12:03:24', '2022-04-10 12:03:24', '2022-05-08 14:03:24'),
('c0c87f95300e973e6538d757a2966cbebbb21465d1037e37947471ae8291455540e6dcf95cbe6129', 119, 1, 'chat_project@DIGISOLAPP', '[]', 0, '2022-06-15 13:22:15', '2022-06-15 13:22:15', '2022-07-13 15:22:15'),
('c0efc6728cdd385f275183b635ec3a276f474c8a48f01fe27a51156f930f26508617f631386a851d', 116, 1, 'chat_project@DIGISOLAPP', '[]', 1, '2022-05-30 08:22:00', '2022-05-30 08:22:00', '2022-06-27 10:22:00'),
('c0f27bb4af78ee66a344c615258cdcb88a80bcdb846312784e1babea7f2c37ec4a8554b1f88370f7', 121, 1, 'chat_project@DIGISOLAPP', '[]', 1, '2022-06-02 12:00:46', '2022-06-02 12:00:46', '2022-06-30 14:00:46'),
('c11714ef7350496832e866d1b483fb85881688918b3b7238ad884c6fd80937fb7977928270002561', 120, 1, 'chat_project@DIGISOLAPP', '[]', 1, '2022-05-07 09:54:50', '2022-05-07 09:54:50', '2022-06-04 11:54:50'),
('c12ad2cbfeb5963f00813bc169f25f7a0470c4aa7d488d9a2117ffef8ece9d686149ce3d727241d1', 117, 1, 'chat_project@DIGISOLAPP', '[]', 0, '2022-04-21 08:42:40', '2022-04-21 08:42:40', '2022-05-19 10:42:40'),
('c12e65d16baccc7e1da994db5eb5854c814447c6dcd0c93bf8450c5f18ac762a60a3c3ebf0f4de4f', 110, 1, 'chat_project@DIGISOLAPP', '[]', 0, '2022-06-05 14:30:44', '2022-06-05 14:30:44', '2022-07-03 16:30:44'),
('c135707563d5df77ad70b8bd9bfd688de8a5f6225dffdeeb1800a7dacc33979084fd21a5b3f582e4', 118, 1, 'chat_project@DIGISOLAPP', '[]', 1, '2022-04-16 12:30:52', '2022-04-16 12:30:52', '2022-05-14 14:30:52'),
('c1a9cbc7df41f44c4de81155c8ace03ae83f22348739199d245772aac82614e047404b733d409bdb', 116, 1, 'chat_project@DIGISOLAPP', '[]', 0, '2022-05-12 13:03:17', '2022-05-12 13:03:17', '2022-06-09 15:03:17'),
('c1eeaf133a3e650a9b03748aabf336068e9afb03b32c5dfbe55dc7f4b35cac06ebb8083fd8e1fcf9', 131, 1, 'chat_project@DIGISOLAPP', '[]', 0, '2022-06-18 10:39:31', '2022-06-18 10:39:31', '2022-07-16 12:39:31'),
('c202d2a99de20e807c6c28e937b8930b16e2ad34fe2230f34389f11dcb6cc70961b689fcb9b57c1f', 33, 1, 'chat_project@DIGISOLAPP', '[]', 1, '2022-02-02 09:27:11', '2022-02-02 09:27:11', '2022-03-02 10:27:11'),
('c225454887ff83fbb8e9d09f89cc72fbcb8603cf8c4e1483abffa9998ac326867ff502caeb6804d8', 90, 1, 'chat_project@DIGISOLAPP', '[]', 0, '2022-04-07 12:10:07', '2022-04-07 12:10:07', '2022-05-05 14:10:07'),
('c229d62f2690c3cc546223d7fc35a41984ccd363767e85e3e4dfbcc0085e40f7d46a2a82ec41783a', 132, 1, 'chat_project@DIGISOLAPP', '[]', 1, '2022-05-29 10:20:04', '2022-05-29 10:20:04', '2022-06-26 12:20:04'),
('c23026e79f9a1fc63e8cbfca70866a0542e3485fe74c455ebd37db6fa9ed8571a6ceea73e17d6cfc', 121, 1, 'chat_project@DIGISOLAPP', '[]', 1, '2022-07-07 08:27:00', '2022-07-07 08:27:00', '2022-08-04 10:27:00'),
('c2c3da21a7631eba0b46da00646519bc09ec301f8414ec7ed920eaca08271f5a6471aa2ad625b3f7', 104, 1, 'chat_project@DIGISOLAPP', '[]', 0, '2022-04-09 10:57:31', '2022-04-09 10:57:31', '2022-05-07 12:57:31'),
('c2f483ac67f1152e006a6bdbb4cd9f03b7e302df02c2d1dcfdf3007756777c8bfa60ca2cff50c2b3', 119, 1, 'chat_project@DIGISOLAPP', '[]', 1, '2022-06-06 08:21:41', '2022-06-06 08:21:41', '2022-07-04 10:21:41'),
('c3196607a5fd641c7c85036b6c5a3a91061ebfde6aa4880635fa1fba22519288378404783a6ab6e0', 121, 1, 'chat_project@DIGISOLAPP', '[]', 1, '2022-06-24 23:02:23', '2022-06-24 23:02:23', '2022-07-23 01:02:23'),
('c31aaceba7f1a52a4336ff59932afb9c6bcc224b0b3ce4158773f0687afe55d86caf2316d1e762b0', 117, 1, 'chat_project@DIGISOLAPP', '[]', 1, '2022-04-24 11:11:49', '2022-04-24 11:11:49', '2022-05-22 13:11:49'),
('c34b115906e22d47ef3599e11bd5578e2aacf78164ad7ef709e9585ded6fb18f4dadc2fd0412531f', 119, 1, 'chat_project@DIGISOLAPP', '[]', 1, '2022-06-19 11:23:02', '2022-06-19 11:23:02', '2022-07-17 13:23:02'),
('c3b3c832edf112deedd8d6e84685ac33ebe06a314df06566518a0827e6389ff8472996093d32a697', 121, 1, 'chat_project@DIGISOLAPP', '[]', 0, '2022-07-06 09:51:36', '2022-07-06 09:51:36', '2022-08-03 11:51:37'),
('c3b6b52494c46110387a1f31a31c17c5a9d434871ef837863765ad84e11935030a399515b05858ce', 157, 1, 'chat_project@DIGISOLAPP', '[]', 1, '2023-01-23 08:02:56', '2023-01-23 08:02:56', '2023-02-20 09:02:56'),
('c40485ddda02edf65e84d17760cc051de1554b83505d58755e1b51aa61242c7d378365c8121888bf', 50, 1, 'chat_project@DIGISOLAPP', '[]', 0, '2022-03-13 10:08:40', '2022-03-13 10:08:40', '2022-04-10 11:08:40'),
('c41ba8e036c32e364494167434af1bfba45628cf33e19428e01f16241d941ac6fc236ad769499fbc', 157, 1, 'chat_project@DIGISOLAPP', '[]', 1, '2023-01-29 14:35:42', '2023-01-29 14:35:42', '2023-02-26 15:35:42'),
('c431574d8d4145c038592a72f47982c0e7c3c542d5621fb3e458fd0c773669ab53e5af611707b239', 159, 1, 'chat_project@DIGISOLAPP', '[]', 1, '2023-01-19 13:45:31', '2023-01-19 13:45:31', '2023-02-16 14:45:31'),
('c433e9070c60bd681437e517c3741ecae03e32d2b74c435f72587c165ff4a12919dcd2e3d432d335', 116, 1, 'chat_project@DIGISOLAPP', '[]', 1, '2022-06-06 08:34:41', '2022-06-06 08:34:41', '2022-07-04 10:34:41'),
('c47d03b0302e687b08d7d0a88002daa2c61500b47eda9a8d9adcde34828708b0bb2c69e9b6999c9a', 105, 1, 'chat_project@DIGISOLAPP', '[]', 0, '2022-04-10 13:14:34', '2022-04-10 13:14:34', '2022-05-08 15:14:34'),
('c4ad9bc24cd800260b86f1a8e1da77c00bf775c9a54c2bf4b8451f1a57ac8d5a9a074f58dd2c2fa6', 106, 1, 'chat_project@DIGISOLAPP', '[]', 0, '2022-06-07 18:13:41', '2022-06-07 18:13:41', '2022-07-05 20:13:41'),
('c4b908569c8337eba141d703102dfeace37247fa0b355a6ff7b93f62517df9165f0c2d1c76dffc83', 159, 1, 'chat_project@DIGISOLAPP', '[]', 1, '2023-01-22 10:35:12', '2023-01-22 10:35:12', '2023-02-19 11:35:12'),
('c4d6039b36c6dee33b0602d167bbf0ff22254625e47cd2324aea888b0de1e243f801c987bcebefa8', 78, 1, 'chat_project@DIGISOLAPP', '[]', 1, '2022-03-13 15:26:32', '2022-03-13 15:26:32', '2022-04-10 16:26:32'),
('c4e6ad806b563e54725da8e36d2fb2bec33b34830d0d5593cb20ad0595d54852839a58eb19d3b7d0', 116, 1, 'chat_project@DIGISOLAPP', '[]', 1, '2022-07-13 15:23:10', '2022-07-13 15:23:10', '2022-08-10 17:23:10'),
('c4feeef3397601912b3c7257dc3aa296d279e92ca6dee06df26c8b75cd4f914dee9bdf887e947601', 60, 1, 'chat_project@DIGISOLAPP', '[]', 0, '2022-02-13 13:14:51', '2022-02-13 13:14:51', '2022-03-13 14:14:51'),
('c56daf591541054ca4f987414f2ec5d586c30d672d4801ad9e3ad8f049da01f738a192b0c9c2e7f7', 157, 1, 'chat_project@DIGISOLAPP', '[]', 0, '2023-01-18 16:15:13', '2023-01-18 16:15:13', '2023-02-15 17:15:13'),
('c593162cf1c1e775c915bc974c1e9b9132d5847e8fae9813b7887e4731393bb36f45e069955d0dbd', 50, 1, 'chat_project@DIGISOLAPP', '[]', 0, '2022-03-29 08:42:15', '2022-03-29 08:42:15', '2022-04-26 10:42:15'),
('c5995c9469f90b7ba6165f0f143a906fc4209da27b982c6a773311298bd586e9f0f2011751080508', 5, 1, 'chat_project@DIGISOLAPP', '[]', 0, '2022-01-24 13:14:10', '2022-01-24 13:14:10', '2022-02-21 14:14:10'),
('c5a0dcbe54f41897bddee0f0bebc14d59a0b79d3dfabbe9bb9fa0b97b813f446606160cb3e780ca1', 106, 1, 'chat_project@DIGISOLAPP', '[]', 0, '2022-05-15 12:29:53', '2022-05-15 12:29:53', '2022-06-12 14:29:53'),
('c5b0d366f7852919f054c94c894ac5e2a030663cc415c7ac864a8f4de43c71d871a9204862d14e98', 120, 1, 'chat_project@DIGISOLAPP', '[]', 1, '2022-06-18 11:14:53', '2022-06-18 11:14:53', '2022-07-16 13:14:53'),
('c6a981c2ac5234fa152a1a4931a892c401f734b9993f01990d6bb183f323b001c13a69e77705f252', 78, 1, 'chat_project@DIGISOLAPP', '[]', 0, '2022-03-13 12:40:32', '2022-03-13 12:40:32', '2022-04-10 13:40:32'),
('c6ab1588bd73181d7d9c904ac9aecfc1ff3ef769403972cfe371bbc317f587a525c8e5c1b90df98a', 109, 1, 'chat_project@DIGISOLAPP', '[]', 0, '2022-04-22 23:00:41', '2022-04-22 23:00:41', '2022-05-21 01:00:41'),
('c6b9dbfe3b55df830f5485d5072f73800af1981dcf4aff3095d2aa66478802785a71f93076494d0b', 111, 1, 'chat_project@DIGISOLAPP', '[]', 1, '2022-04-11 11:15:07', '2022-04-11 11:15:07', '2022-05-09 13:15:07'),
('c7206d88d5964789ab8ae2e810c68a3304df40dcaafcc8286d038a0ad303191c6f82ef646c449a12', 119, 1, 'chat_project@DIGISOLAPP', '[]', 0, '2022-06-06 09:30:18', '2022-06-06 09:30:18', '2022-07-04 11:30:18'),
('c74b51f3f8ac5d575629f22d23983c6b1c08024d3e22a294652fb74c65ad25eb2ce4f109dd3be13c', 119, 1, 'chat_project@DIGISOLAPP', '[]', 1, '2022-05-16 08:56:22', '2022-05-16 08:56:22', '2022-06-13 10:56:22'),
('c7569f3cc6681d1cdc9c5f93aefab7ee78a168667be0f14738d893a1ce985773d8dfb7b05e2aa29b', 33, 1, 'chat_project@DIGISOLAPP', '[]', 0, '2022-02-02 10:48:24', '2022-02-02 10:48:24', '2022-03-02 11:48:24'),
('c77ed99478d36327ddcf7412fd4f40e5f424184b7cdcbb1733cf673a7ca0b87e1565a582bb4c5f7e', 119, 1, 'chat_project@DIGISOLAPP', '[]', 1, '2022-06-04 10:34:28', '2022-06-04 10:34:28', '2022-07-02 12:34:28'),
('c7c6a91916b7405032b21444ea10e1e18c00893847ca71471cfd317e099f36bbb2bd218f05da232d', 116, 1, 'chat_project@DIGISOLAPP', '[]', 1, '2022-05-29 08:25:33', '2022-05-29 08:25:33', '2022-06-26 10:25:33');
INSERT INTO `oauth_access_tokens` (`id`, `user_id`, `client_id`, `name`, `scopes`, `revoked`, `created_at`, `updated_at`, `expires_at`) VALUES
('c7ea01c6612f5645aca97b5abb2334f14a3cf28ed0135ece611bce9115824ecd27aa4a405d237e30', 116, 1, 'chat_project@DIGISOLAPP', '[]', 0, '2022-06-06 13:38:39', '2022-06-06 13:38:39', '2022-07-04 15:38:39'),
('c7f1b3d7de078182c21283fb6a00505628a224c51e39ac4722914201167a696b850d54481e452676', 116, 1, 'chat_project@DIGISOLAPP', '[]', 1, '2022-06-01 09:35:41', '2022-06-01 09:35:41', '2022-06-29 11:35:41'),
('c852f54b03d328f6182716394da5e3f2f8749b06af68f673b3c572c0dedcd5a539f59a2e74f5f0d9', 161, 1, 'chat_project@DIGISOLAPP', '[]', 1, '2023-01-26 11:09:45', '2023-01-26 11:09:45', '2023-02-23 12:09:45'),
('c85d9f2192b86356fe150ed1a2d2e330c1af1f249dfc28b98a27437eab7c474269458d1409210e30', 47, 1, 'chat_project@DIGISOLAPP', '[]', 1, '2022-02-03 09:39:22', '2022-02-03 09:39:22', '2022-03-03 10:39:22'),
('c8b8ea80c982fb4bbb48c7cc1bcddce30e91fc3fbb394ddf604ad3f96c7062f93687a12432c6d6f3', 50, 1, 'chat_project@DIGISOLAPP', '[]', 1, '2022-02-03 10:43:53', '2022-02-03 10:43:53', '2022-03-03 11:43:53'),
('c8dc78a86d9ab937338f9e375fb84511fcf15f2378e99a2e3915af8b98883be9ab664d4798698366', 119, 1, 'chat_project@DIGISOLAPP', '[]', 0, '2022-06-02 08:55:41', '2022-06-02 08:55:41', '2022-06-30 10:55:41'),
('c9247a270dd72bc73b4acd30381221b668ae3ab803e76ffc685706fdbcd0d6a70d63809a5f553eb8', 161, 1, 'chat_project@DIGISOLAPP', '[]', 1, '2023-01-25 10:31:09', '2023-01-25 10:31:09', '2023-02-22 11:31:09'),
('c967cabbbdc6f5722676cefc1bd4e4461bacb8da677fe7d19a958dffbdf6e24f4dead193dc6cbc2e', 119, 1, 'chat_project@DIGISOLAPP', '[]', 1, '2022-05-16 09:13:14', '2022-05-16 09:13:14', '2022-06-13 11:13:14'),
('c9997dc2f43531aa8fff5d1ae09701548fe76dd5a23208582d89009698e96d850df1841918f18142', 40, 1, 'chat_project@DIGISOLAPP', '[]', 0, '2022-02-02 12:14:04', '2022-02-02 12:14:04', '2022-03-02 13:14:04'),
('c9d72d7b0251fa2b72efed8cd84d31f3704746ac7e5b23f6cb7abe03d01263c08fcef7f6493df005', 20, 1, 'chat_project@DIGISOLAPP', '[]', 0, '2022-01-31 11:35:03', '2022-01-31 11:35:03', '2022-02-28 12:35:03'),
('c9f5ad2cfd7aa638aaad7ef14ed21d786875f1a788b8a05b47bdc018bbf630336f12acc2d347f263', 118, 1, 'chat_project@DIGISOLAPP', '[]', 0, '2022-04-21 11:17:27', '2022-04-21 11:17:27', '2022-05-19 13:17:27'),
('ca68e2dcddcf27718117224d2c40f16da9a045f29fdada918f4da1b8d4575adf9bb8dffb045a6005', 116, 1, 'chat_project@DIGISOLAPP', '[]', 0, '2022-06-01 11:07:11', '2022-06-01 11:07:11', '2022-06-29 13:07:11'),
('cac7228358a168f7c5647c62442feb3c0a94db7be23a466936fe555273ff6edd7f119583ab64f504', 25, 1, 'chat_project@DIGISOLAPP', '[]', 1, '2022-01-30 10:33:12', '2022-01-30 10:33:12', '2022-02-27 11:33:12'),
('cae14e9b4d84078370d2a0de7b949a9f2b02fcc2caec313f128d7f961faccf46f2862202f3e2ffdd', 19, 1, 'API Token', '[]', 0, '2022-06-11 08:31:07', '2022-06-11 08:31:07', '2023-06-11 10:31:07'),
('caebe2b579ec94a30c021374253d4f405a62cbee42c9ff998815d5658c10a10517a26bb373307050', 120, 1, 'chat_project@DIGISOLAPP', '[]', 1, '2022-05-14 10:39:55', '2022-05-14 10:39:55', '2022-06-11 12:39:55'),
('cb2d4ccffc6e905cdbbbbaf609bdf928783e11f1545cb6e1de6822660ef7dc05301f67f168f6f01d', 132, 1, 'chat_project@DIGISOLAPP', '[]', 1, '2022-05-28 07:59:19', '2022-05-28 07:59:19', '2022-06-25 09:59:19'),
('cb572f3a01a4d6418b2669f426f91857930873fea3ca604334f1b941d58543af58a637f04b9fbea0', 113, 1, 'chat_project@DIGISOLAPP', '[]', 0, '2022-04-13 10:47:35', '2022-04-13 10:47:35', '2022-05-11 12:47:35'),
('cb8442636aac0b86a617e14f9372e3cff0a06e7e913bdb9906f7edad879daf62060edf7d04a262bd', 161, 1, 'chat_project@DIGISOLAPP', '[]', 0, '2023-01-30 14:55:19', '2023-01-30 14:55:19', '2023-02-27 15:55:19'),
('cbb190ee02b1621f4f1e0730107ff0d9a28722a4329aee249a303598b2eed38da73e8ffa8451a4d4', 99, 1, 'chat_project@DIGISOLAPP', '[]', 0, '2022-04-25 08:54:02', '2022-04-25 08:54:02', '2022-05-23 10:54:02'),
('cbe6d740d5e7986ecfd98df9b7a5aadedbfb737086902d36016bc2b1dd34c7f68effcd7101e3ed17', 119, 1, 'chat_project@DIGISOLAPP', '[]', 1, '2022-06-15 13:42:31', '2022-06-15 13:42:31', '2022-07-13 15:42:31'),
('cbebbebc880285efbc863534e0f5773d4ae819c90b9742ccd9e595bddcfb0f9e44e1c948370fd917', 106, 1, 'chat_project@DIGISOLAPP', '[]', 1, '2022-04-19 21:20:50', '2022-04-19 21:20:50', '2022-05-17 23:20:50'),
('cbeee22a95b4aa7e6a583ff8fae047c0552afee9b364b28c43f94b69efa11b9fbc732ee14b72d3a1', 116, 1, 'chat_project@DIGISOLAPP', '[]', 0, '2022-05-12 10:44:15', '2022-05-12 10:44:15', '2022-06-09 12:44:15'),
('cc2e1fe9dce071505b66f99fd6d9a20085439b0a2173e5521db7b8051c3697c07b6654232184c489', 106, 1, 'chat_project@DIGISOLAPP', '[]', 0, '2022-06-02 19:58:37', '2022-06-02 19:58:37', '2022-06-30 21:58:37'),
('cc49a51b55a90488db8efd2d84e5b27ef0ee4d197600c8e79a7d0a82c1e11b6015e0339e67d540e3', 63, 1, 'chat_project@DIGISOLAPP', '[]', 0, '2022-02-16 15:05:00', '2022-02-16 15:05:00', '2022-03-16 16:05:01'),
('cc5e030567622b82eb3ad6d404f64c44282ed49c9f8939ba382b5365caf50a733a9ef3a0c4d12487', 29, 1, 'chat_project@DIGISOLAPP', '[]', 0, '2022-02-01 23:29:18', '2022-02-01 23:29:18', '2022-03-02 00:29:18'),
('cc63a614ae161fc2433fc6b01291270d538b35faae64ae721c67a4146ecfada9816bf1ab546be195', 119, 1, 'chat_project@DIGISOLAPP', '[]', 1, '2022-09-11 09:43:24', '2022-09-11 09:43:24', '2022-10-09 11:43:24'),
('cc68a5cf5365b222a1373cba97f2d4231d15d4e6d7f0616796ceeae41c69fc19904c9839aca6b86e', 121, 1, 'chat_project@DIGISOLAPP', '[]', 1, '2022-07-06 08:28:26', '2022-07-06 08:28:26', '2022-08-03 10:28:26'),
('cc727f649637f17b595bf5cc6da67711566e481f2de8c99f7d44e6bff5f4fec90ed5dc9a54094fb7', 110, 1, 'chat_project@DIGISOLAPP', '[]', 0, '2022-05-16 17:55:33', '2022-05-16 17:55:33', '2022-06-13 19:55:33'),
('cc7747d336ac4385cc3388d970ed962a3995c35ae0c117664c893a91fe610441108fb2cdb7d0b193', 10, 1, 'chat_project@DIGISOLAPP', '[]', 1, '2022-01-24 15:30:08', '2022-01-24 15:30:08', '2022-02-21 16:30:08'),
('ccad886a7976ed4b12be7e6c2b8e385ce36330c5f3580f1119d5db0f82fffa102378a5b93ab99fb1', 117, 1, 'chat_project@DIGISOLAPP', '[]', 0, '2022-04-14 14:00:54', '2022-04-14 14:00:54', '2022-05-12 16:00:54'),
('ccc1ca65ef442a60c0046039887feca4e546234de4615ac1fd7d67d48925daf3bfabeeb6f124140c', 71, 1, 'chat_project@DIGISOLAPP', '[]', 1, '2022-03-03 12:07:19', '2022-03-03 12:07:19', '2022-03-31 13:07:19'),
('cd49b5aa74c2435e9fcde6f225eefca99bff0e050cb387445e63de6db00d5f498c30eb4b306b1630', 117, 1, 'chat_project@DIGISOLAPP', '[]', 0, '2022-04-20 08:57:28', '2022-04-20 08:57:28', '2022-05-18 10:57:28'),
('cd5c89a856ea4d860ba47533204f203c1b5dddc069520720ffcc7601a2283354d506fe71ebf95ddb', 120, 1, 'chat_project@DIGISOLAPP', '[]', 1, '2022-07-18 11:26:35', '2022-07-18 11:26:35', '2022-08-15 13:26:35'),
('cd8f173003d90c1fe1bd7caaa78029256931be11c43eada9a58e469eed2ff8a4070373100d70f8a7', 116, 1, 'chat_project@DIGISOLAPP', '[]', 1, '2022-04-28 13:02:09', '2022-04-28 13:02:09', '2022-05-26 15:02:09'),
('cdd73a8f9f8fc9e3146effd6063c26938e833a8ab6f46c0241f348e07083f277d1e680e3395c5967', 126, 1, 'chat_project@DIGISOLAPP', '[]', 0, '2022-07-16 11:44:15', '2022-07-16 11:44:15', '2022-08-13 13:44:15'),
('ce150c40f44eac8bf1b8a6ab8b3a861e38a167740e4a6b930c0c4ed1e049367068934ee71b0092a6', 68, 1, 'chat_project@DIGISOLAPP', '[]', 1, '2022-02-24 11:08:40', '2022-02-24 11:08:40', '2022-03-24 12:08:40'),
('ce522613f752071de3deb35f6e5c3b17c820b9cbcb552b0fa422d01157bfa457cdf5dbf728037185', 120, 1, 'chat_project@DIGISOLAPP', '[]', 1, '2022-05-29 08:37:46', '2022-05-29 08:37:46', '2022-06-26 10:37:46'),
('ce629edc171e1ac4e6bd810fba775976e6e6a0e981172eaeb2d46a46eb0a564fe8f7fdfefddf119f', 119, 1, 'chat_project@DIGISOLAPP', '[]', 1, '2022-06-11 09:10:12', '2022-06-11 09:10:12', '2022-07-09 11:10:12'),
('ce68073fd2a1afbd958c0ff03995b3aa050921d1c245bdc931f3c6519dbc7d8649f45c1b9d6edb10', 132, 1, 'chat_project@DIGISOLAPP', '[]', 1, '2022-05-29 11:44:57', '2022-05-29 11:44:57', '2022-06-26 13:44:57'),
('cec1e5f45eb2cf0c48c1713679e69071b66e9d26df698f58ff51ddbcf2824c66bd954452949e309e', 119, 1, 'chat_project@DIGISOLAPP', '[]', 0, '2022-05-12 12:28:35', '2022-05-12 12:28:35', '2022-06-09 14:28:35'),
('cec7b3ca0e9850d9dbddffdebd637b772a652f4574b5079556524479f17629e3ad0f0b198ab619cf', 119, 1, 'chat_project@DIGISOLAPP', '[]', 0, '2022-04-26 10:52:57', '2022-04-26 10:52:57', '2022-05-24 12:52:57'),
('cef7f5f0ca4d292c9ac48fd5848e95d557f097eb8861c9a0092d7dd6d821960974465d530d8fc8ca', 50, 1, 'chat_project@DIGISOLAPP', '[]', 1, '2022-03-13 11:13:49', '2022-03-13 11:13:49', '2022-04-10 12:13:49'),
('cf3860b1c11b87754def782a9f71aadd91b089127b7d327bf18128feae3c1f2bd9b42c779eb997da', 119, 1, 'chat_project@DIGISOLAPP', '[]', 1, '2022-05-16 08:17:37', '2022-05-16 08:17:37', '2022-06-13 10:17:37'),
('cf3e2bbdfaa8f23d1dd981f0e84433accdea6aa51f3d232eacf6c16f2748b6c78d49220636da350d', 119, 1, 'chat_project@DIGISOLAPP', '[]', 1, '2022-09-11 07:45:22', '2022-09-11 07:45:22', '2022-10-09 09:45:22'),
('cf553750490a37d01a0198705845f3489e40b6496d63c343eea7c874c4015155a38bbedf79d0ddb0', 116, 1, 'chat_project@DIGISOLAPP', '[]', 1, '2022-06-01 13:34:18', '2022-06-01 13:34:18', '2022-06-29 15:34:18'),
('cfb69e69e94911e2d9670fd12c2a6049ed70ef9bbc5570cffc9a2772d283153fa56271e6fdb2e00e', 107, 1, 'chat_project@DIGISOLAPP', '[]', 0, '2022-05-14 14:42:08', '2022-05-14 14:42:08', '2022-06-11 16:42:08'),
('cfde6fd89df9e0a9ce78391b6f3e785acdddd741280c2ce6e591ed2b2c0ca9e99b200cb9b601fddd', 119, 1, 'chat_project@DIGISOLAPP', '[]', 1, '2022-05-25 08:13:12', '2022-05-25 08:13:12', '2022-06-22 10:13:12'),
('cff39ff026774b1006f21a582e988d75b4b1f7f9c952ca1fde0cf3e4a605c01373f92ad42e0c616a', 116, 1, 'chat_project@DIGISOLAPP', '[]', 1, '2022-05-09 08:41:10', '2022-05-09 08:41:10', '2022-06-06 10:41:10'),
('cff9d3b63f05b7b58b1eb1624cd2842c508808419432b02a98124554526a9e67349b9e428dd64a5d', 87, 1, 'chat_project@DIGISOLAPP', '[]', 0, '2022-04-03 10:02:21', '2022-04-03 10:02:21', '2022-05-01 12:02:21'),
('d02b7c2940fcbe54bfef4af6d15c290ba744c2b4aa46e11fffbf9abd5688c08cd4819da552a45ed1', 138, 1, 'chat_project@DIGISOLAPP', '[]', 1, '2022-06-12 13:37:47', '2022-06-12 13:37:47', '2022-07-10 15:37:47'),
('d07277f87bdda21409e041520f2d13dd475375bcf00da0dfcd001641088494b75d0ae64f64ce509c', 116, 1, 'chat_project@DIGISOLAPP', '[]', 1, '2022-06-14 11:16:22', '2022-06-14 11:16:22', '2022-07-12 13:16:22'),
('d0ca147ec7ad834952828680e9097e5e914c23daf5105c6728a432abd17f2e2aea272fd984eb639e', 105, 1, 'chat_project@DIGISOLAPP', '[]', 0, '2022-06-11 12:11:38', '2022-06-11 12:11:38', '2022-07-09 14:11:38'),
('d0e4555ba1a1968dcc067f2d378643f7b735790f49d26b63a4e8883b9bdbb64eea4461568a53272c', 71, 1, 'chat_project@DIGISOLAPP', '[]', 1, '2022-03-24 12:26:09', '2022-03-24 12:26:09', '2022-04-21 13:26:10'),
('d12e1cd41d615da4ae3ceaa40d9bc6d7ab08e3be574d76dc05324fceb993c401b1da5a97bc325a1b', 119, 1, 'chat_project@DIGISOLAPP', '[]', 1, '2022-06-11 10:07:34', '2022-06-11 10:07:34', '2022-07-09 12:07:34'),
('d12f1317a8af0f030118070a10e1078f5d3e2314ab906403c501dcc316318ab7c95aac56b1124905', 120, 1, 'chat_project@DIGISOLAPP', '[]', 1, '2022-06-01 13:25:32', '2022-06-01 13:25:32', '2022-06-29 15:25:32'),
('d195c9f6865b12414c11808a27f5479d6842856e4540d739ecb626e2c94d13195c5003f86a6ec34d', 119, 1, 'chat_project@DIGISOLAPP', '[]', 0, '2022-06-01 12:19:44', '2022-06-01 12:19:44', '2022-06-29 14:19:44'),
('d1c69f526a3fd59cae46c0620eb025e7e8f31abf454ca51d81de38d315f45ac1ad1a12fca385c6ac', 44, 1, 'chat_project@DIGISOLAPP', '[]', 0, '2022-02-03 10:05:39', '2022-02-03 10:05:39', '2022-03-03 11:05:39'),
('d1d6d5f665292148bd53a600b4aba9b4b81972c5d4af936cb14ac4e33f7f96138e663d3e4b040083', 121, 1, 'chat_project@DIGISOLAPP', '[]', 0, '2022-07-06 10:38:50', '2022-07-06 10:38:50', '2022-08-03 12:38:50'),
('d1e6e6a98d750478fae88f4b699bf060150d5a2fc281b6bbf31e96abc877047431940025b5be869d', 113, 1, 'chat_project@DIGISOLAPP', '[]', 1, '2022-04-14 09:32:57', '2022-04-14 09:32:57', '2022-05-12 11:32:57'),
('d1fff6e6bdc3e53a9673702fde524df730368c2efb5fcf7f9e79c730daea30c8d1a30a02d7c42e64', NULL, 1, 'API Token', '[]', 0, '2022-04-22 04:49:53', '2022-04-22 04:49:53', '2023-04-22 06:49:53'),
('d23afdf964871a2760859f5bbbc096cde92cf1a5bcfa8c2673dc006fc22596cb52e7f5267a0e840b', 120, 1, 'chat_project@DIGISOLAPP', '[]', 1, '2022-05-12 11:05:53', '2022-05-12 11:05:53', '2022-06-09 13:05:53'),
('d23f37b3dfcdd9fb4a2a537467e0e0eb603fdad7bf06c46563ae4f6192baa4c050b86515d9491ef5', 132, 1, 'chat_project@DIGISOLAPP', '[]', 1, '2022-07-07 13:19:36', '2022-07-07 13:19:36', '2022-08-04 15:19:36'),
('d26b66beef85198ad68b4d96ddf52c88dc9e4f0924071b2b93c6cca6511367a303cb6f1d19a6616e', 29, 1, 'chat_project@DIGISOLAPP', '[]', 1, '2022-01-31 12:17:22', '2022-01-31 12:17:22', '2022-02-28 13:17:22'),
('d26de2879df683cc7084ce337d5badd4700d10d0c0e32823170e444ea8580e67efd7fd3eeb2d0f2d', 58, 1, 'chat_project@DIGISOLAPP', '[]', 1, '2022-02-13 14:44:56', '2022-02-13 14:44:56', '2022-03-13 15:44:56'),
('d28323076d8d97e07a72933a39868596eb1ff1f8d4b3e54056e936fe0d44714607935179d2785034', 50, 1, 'chat_project@DIGISOLAPP', '[]', 1, '2022-02-10 12:52:32', '2022-02-10 12:52:32', '2022-03-10 13:52:32'),
('d2a23045a69b567f4010375a5db88d36c57dd1a251e2046ec90c44001fe0a3436091f0876bcce85c', 115, 1, 'chat_project@DIGISOLAPP', '[]', 1, '2022-04-14 11:18:50', '2022-04-14 11:18:50', '2022-05-12 13:18:50'),
('d2c4b678c1da474a658a9da9b689e41b038e4c9a7b11e14b7a0f0d31bfe0982a937fc3e46a84696f', 150, 1, 'chat_project@DIGISOLAPP', '[]', 1, '2022-09-11 08:30:56', '2022-09-11 08:30:56', '2022-10-09 10:30:56'),
('d309a0fc30d73ad34e2b80f469bc8f3e54d6173d6fa2c2d398a0850de801398120ae5e1747242c0f', NULL, 1, 'API Token', '[]', 0, '2022-06-08 08:49:08', '2022-06-08 08:49:08', '2023-06-08 10:49:08'),
('d314c05297cfb9c2b5415733b699b1069a48a25ec6cf50741518feaaa2c0be99bf3b3e79e81e0485', 119, 1, 'chat_project@DIGISOLAPP', '[]', 1, '2022-09-04 15:22:37', '2022-09-04 15:22:37', '2022-10-02 17:22:37'),
('d3190852307555f8ebab6691a98a564328efd601ac6a175f6fa7631849ff725c67d3390a55a8bee7', 118, 1, 'chat_project@DIGISOLAPP', '[]', 1, '2022-04-16 13:03:23', '2022-04-16 13:03:23', '2022-05-14 15:03:23'),
('d3274534afbaa5b6744c4c5230f4e3f2b6bf648dafe042f5c1b54ab3223e9b0264de15f0d21737fa', 110, 1, 'chat_project@DIGISOLAPP', '[]', 0, '2022-04-17 21:45:24', '2022-04-17 21:45:24', '2022-05-15 23:45:24'),
('d3416e2044cfdcd85d82a183ec1fe80e8684df289c5b7a2f02428459e8e96a71656307dbd9b0de1c', 50, 1, 'chat_project@DIGISOLAPP', '[]', 1, '2022-03-20 12:06:17', '2022-03-20 12:06:17', '2022-04-17 13:06:17'),
('d37309fa8830953d360ddd7fa85fcdcda91dd1f59f73b3c402c507b792f82d3fc3d32d3ae5ce1564', 59, 1, 'chat_project@DIGISOLAPP', '[]', 0, '2022-02-14 10:04:42', '2022-02-14 10:04:42', '2022-03-14 11:04:42'),
('d38c0b692fae6f716dc77688ff11df745cfc821f8ecbd1f2a180f0143839a541bc87c6644a5f176a', 98, 1, 'chat_project@DIGISOLAPP', '[]', 1, '2022-04-10 09:20:59', '2022-04-10 09:20:59', '2022-05-08 11:20:59'),
('d3af2a6e311a6d10c8c6c009ad78db60b8136c12c8f283e1599de03331aab97a3440cb829c5b825c', 44, 1, 'chat_project@DIGISOLAPP', '[]', 1, '2022-02-03 11:46:20', '2022-02-03 11:46:20', '2022-03-03 12:46:20'),
('d3e015650dcdf4ce2629fdadac8dc78e2cd188cf4936363da8e4688e7577fb68ac7e1fcfef1e2037', 119, 1, 'chat_project@DIGISOLAPP', '[]', 0, '2022-09-10 08:23:02', '2022-09-10 08:23:02', '2022-10-08 10:23:02'),
('d3ed106f0fb4d86c7c4a0bfafe73716bdeb3371c4a5363ba29c1c22593537990e010c9aa30f90bc9', 119, 1, 'chat_project@DIGISOLAPP', '[]', 1, '2022-06-06 09:20:12', '2022-06-06 09:20:12', '2022-07-04 11:20:12'),
('d416ed017d5f8c15e295c308f887d0d19417219c7d7924c5ba15951414ef2fded076a5a6e4a02b6b', 116, 1, 'chat_project@DIGISOLAPP', '[]', 1, '2022-04-28 11:16:12', '2022-04-28 11:16:12', '2022-05-26 13:16:12'),
('d41c832b7a22081e27aba0e5b15271a7b933f544e91beb458047bee6cb098f4a0b981156bf9d17a4', 119, 1, 'chat_project@DIGISOLAPP', '[]', 1, '2022-05-16 11:43:25', '2022-05-16 11:43:25', '2022-06-13 13:43:25'),
('d4386a968ac9ba23947351f3e7706b0333b9b7af5ee0c8004d842d13e4fabd52055219960d2f2d24', 132, 1, 'chat_project@DIGISOLAPP', '[]', 1, '2022-06-01 12:25:57', '2022-06-01 12:25:57', '2022-06-29 14:25:57'),
('d4506996cbd476347d0e1fd2e5e281836cf30f7fa63c4d6672ea7ed4222e9ba945a59bd2d92f2391', 10, 1, 'chat_project@DIGISOLAPP', '[]', 1, '2022-01-24 15:26:39', '2022-01-24 15:26:39', '2022-02-21 16:26:39'),
('d48cd879f683a7b4aedbc9d3e1fedd88f3631dd98a4be6aacc35a23482566056ce00de52c773c782', 119, 1, 'chat_project@DIGISOLAPP', '[]', 0, '2022-05-12 10:45:27', '2022-05-12 10:45:27', '2022-06-09 12:45:27'),
('d49a0d7e08e35c56f4bf99454fb285654d899ee19cc07f1c9455fd9cc77756d3de5a856a498e51d1', 138, 1, 'chat_project@DIGISOLAPP', '[]', 0, '2022-07-19 05:18:50', '2022-07-19 05:18:50', '2022-08-16 07:18:50'),
('d4a22d040c7b0c2dffb31dc06ac7ce73f3515c06bc308b39814a753727828e8d2998bcf722e68f66', 25, 1, 'chat_project@DIGISOLAPP', '[]', 0, '2022-01-30 14:50:49', '2022-01-30 14:50:49', '2022-02-27 15:50:49'),
('d4b29d23e8c838841a15cf359e8f9863ffb2b28d47c0954891d2a3020cbcab8d9052b21ed449ec04', 7, 1, 'chat_project@DIGISOLAPP', '[]', 0, '2022-01-24 12:57:54', '2022-01-24 12:57:54', '2022-02-21 13:57:54'),
('d4d9b3ca2e8b3ef5760932c4e476bfa3a56a7cef72b29a2f6b8c67c7574741de9652e7733bafd2dd', 106, 1, 'chat_project@DIGISOLAPP', '[]', 1, '2022-04-18 21:33:36', '2022-04-18 21:33:36', '2022-05-16 23:33:37'),
('d53409af570a25b301c269479d7c0b9ed507081089f05b3e70989445d28ed8a13c77f15afd81855b', 78, 1, 'chat_project@DIGISOLAPP', '[]', 0, '2022-03-10 08:07:43', '2022-03-10 08:07:43', '2022-04-07 09:07:43'),
('d56257ccf1e5a0cc25e3af8ab5aa76b64d17581307056182ff15e25cfbd1ba5c89d90a399ecc8e1f', 157, 1, 'chat_project@DIGISOLAPP', '[]', 0, '2023-02-02 12:53:11', '2023-02-02 12:53:11', '2023-03-02 13:53:11'),
('d575a132ddbc99e851330d43cdff8d81f74d20eabb4113a1b9303946974e78581cc0aea9dad6699e', 97, 1, 'chat_project@DIGISOLAPP', '[]', 0, '2022-04-07 13:16:01', '2022-04-07 13:16:01', '2022-05-05 15:16:01'),
('d5866e0daca1dbb9383e5c7a1bb2762aa3dbb27b75a139818a86319582a219a2d337780df439cf2d', 51, 1, 'chat_project@DIGISOLAPP', '[]', 0, '2022-02-06 13:33:31', '2022-02-06 13:33:31', '2022-03-06 14:33:31'),
('d58f30d4e06344540434b7654a8b096ea685faa55fb239bf265141812d0459b07875275d0cd578e3', 132, 1, 'chat_project@DIGISOLAPP', '[]', 1, '2022-07-07 10:14:27', '2022-07-07 10:14:27', '2022-08-04 12:14:27'),
('d5f8b2c13764c010ee690b8230fa8a81b4b5201adcfa9b7fc809d21beef81e0be31c84b4dfe53a9e', 90, 1, 'chat_project@DIGISOLAPP', '[]', 0, '2022-04-09 08:24:58', '2022-04-09 08:24:58', '2022-05-07 10:24:58'),
('d60856abb11b0367ab5947c2595262f6d36938709a55225024c50d84a9abc5b7065a91bcffa82a26', NULL, 1, 'API Token', '[]', 0, '2022-05-17 08:53:17', '2022-05-17 08:53:17', '2023-05-17 10:53:17'),
('d640a92d0b4c416409e4290a1896473c1670df1a6c1e76a12a7d0d13a86adb7768d4601fab78a2e7', 107, 1, 'chat_project@DIGISOLAPP', '[]', 1, '2022-04-10 23:07:15', '2022-04-10 23:07:15', '2022-05-09 01:07:15'),
('d6cf650455d9280981f0a6a30ddd51f0120a29750776bf1e5c93c4d0e503080a91fd7d0c09d32c28', 116, 1, 'chat_project@DIGISOLAPP', '[]', 0, '2022-05-16 14:19:40', '2022-05-16 14:19:40', '2022-06-13 16:19:40'),
('d6ed1e8ab7245fc1660b19a322058a17eeab9c691bd5a24f47b5b30f2d17df15f328b85d65873173', 142, 1, 'chat_project@DIGISOLAPP', '[]', 0, '2022-07-14 07:48:06', '2022-07-14 07:48:06', '2022-08-11 09:48:06'),
('d6f4240d16ed7c7aaaac55ce2f81efef7512d57bbff72da7173c1fb96fe441a4398dff44c3594d97', 108, 1, 'chat_project@DIGISOLAPP', '[]', 0, '2022-05-28 12:51:04', '2022-05-28 12:51:04', '2022-06-25 14:51:04'),
('d70fbb95b5336c4647c2865e40986e4ebb79f4f2d801c6c190332a58da7825a643b7d5b4668a7fa6', 132, 1, 'chat_project@DIGISOLAPP', '[]', 1, '2022-05-29 10:19:28', '2022-05-29 10:19:28', '2022-06-26 12:19:28'),
('d7713eb97da8e9e8fc6b51e80f2cd9818859fa26f9863b9c2dd92795df8292fb4ef85636f241c060', 106, 1, 'chat_project@DIGISOLAPP', '[]', 0, '2022-05-15 12:28:56', '2022-05-15 12:28:56', '2022-06-12 14:28:56'),
('d781d4afa21d5e7f8145be6eb0b6bfa60fe44007427c0cb06d0bf1fffca8972a0f307985deb12e74', 136, 1, 'chat_project@DIGISOLAPP', '[]', 0, '2022-06-10 19:34:57', '2022-06-10 19:34:57', '2022-07-08 21:34:57'),
('d7be36db73aafd7ee8a246283839d5b7570a6dbdd9a6faa97cfd76c6670af46befdb61cc669acbe9', 116, 1, 'chat_project@DIGISOLAPP', '[]', 0, '2022-05-21 11:10:06', '2022-05-21 11:10:06', '2022-06-18 13:10:06'),
('d7c130129af1291ad90706109839b3c0c67603e13a15610af7eb628143fca42f652f735674287116', 119, 1, 'chat_project@DIGISOLAPP', '[]', 1, '2022-04-28 11:16:20', '2022-04-28 11:16:20', '2022-05-26 13:16:20'),
('d7fd784e9ce6e1e59cf740ddbb3f2aa06bb278cf85a20489f41c22eaaaf0401b71e362852fe1dcdb', 13, 1, 'chat_project@DIGISOLAPP', '[]', 0, '2022-01-25 17:01:59', '2022-01-25 17:01:59', '2022-02-22 18:01:59'),
('d800f03fa59ccf0d5951975dfd17271261659e3c6b941e05d74d3047fc4a8d7f4a7cfade34172fa0', 116, 1, 'chat_project@DIGISOLAPP', '[]', 1, '2022-06-28 12:35:36', '2022-06-28 12:35:36', '2022-07-26 14:35:36'),
('d8719a7c2d0d5b954fe8e497369852c65e4c1092e0df4bc35b4b26bce793f3bf942d5e4a802db318', 119, 1, 'chat_project@DIGISOLAPP', '[]', 1, '2022-05-16 14:50:41', '2022-05-16 14:50:41', '2022-06-13 16:50:41'),
('d902b3e8ba0d4b07b814c242095aa71199a6d21a5ae4b2cf89714d967af6eee448aad68415beb6d5', 157, 1, 'chat_project@DIGISOLAPP', '[]', 0, '2023-01-19 10:20:34', '2023-01-19 10:20:34', '2023-02-16 11:20:34'),
('d91df36a8fda71d9dea388386d6186d81649db4b7b7f7584c2575220f04c412b271bb03216467d34', 120, 1, 'chat_project@DIGISOLAPP', '[]', 1, '2022-05-29 14:26:49', '2022-05-29 14:26:49', '2022-06-26 16:26:49'),
('d932aabb62220681941b030e298dfee8b59caa9c5a60935f0d495453d8b7021e26b5eea1d1722a1e', 121, 1, 'chat_project@DIGISOLAPP', '[]', 1, '2022-06-15 14:54:35', '2022-06-15 14:54:35', '2022-07-13 16:54:35'),
('d9993430c46400b6f14eb2a0f6a1101cd9268a753630e133b2d76ee703e78583cc612048a88b374d', 57, 1, 'chat_project@DIGISOLAPP', '[]', 1, '2022-02-20 12:39:19', '2022-02-20 12:39:19', '2022-03-20 13:39:19'),
('d99ec38b3de829edbc0fc868c9c784e3e465ad6c4a81896b1e346d699c757cf3969ea71bf5e01fa5', 71, 1, 'chat_project@DIGISOLAPP', '[]', 0, '2022-03-07 11:47:23', '2022-03-07 11:47:23', '2022-04-04 12:47:23'),
('d9be5e7f675fe0e71732a2c9739401f6db92f793f1bd63e936f56b7f970411339538a68f08ffb809', 57, 1, 'chat_project@DIGISOLAPP', '[]', 0, '2022-02-20 12:44:53', '2022-02-20 12:44:53', '2022-03-20 13:44:53'),
('da07908f7a21928ce536b73fec2b2d18a68faf4db39a98b64f0076ea49340f2b80c034c4e748f75a', 157, 1, 'chat_project@DIGISOLAPP', '[]', 0, '2023-01-31 10:08:53', '2023-01-31 10:08:53', '2023-02-28 11:08:53'),
('da0d817377ab6a004e6464530f1cfb0e4ec8651bd8652ab4c621f115cdc43afa2eddd574cf802d11', 119, 1, 'chat_project@DIGISOLAPP', '[]', 1, '2022-05-16 08:57:26', '2022-05-16 08:57:26', '2022-06-13 10:57:26'),
('da131174f46219324b7ab85098cf40c5ac3457ca2084cf67ad992f4aa0a6ed84083db600c5aa71fd', 119, 1, 'chat_project@DIGISOLAPP', '[]', 1, '2022-05-16 09:40:28', '2022-05-16 09:40:28', '2022-06-13 11:40:28'),
('da3eb339ec5b0b9530fb8664569df81de7cf08e9ebaddfb8798e252ef1e38a1fa42c7fea81994be4', 156, 1, 'chat_project@DIGISOLAPP', '[]', 0, '2023-01-11 15:37:30', '2023-01-11 15:37:30', '2023-02-08 16:37:30'),
('da681d71db179b48b32137899de758d139b6467ea8c7604827e15cffa9ed8ef25e21b103e1b6ff9c', 120, 1, 'chat_project@DIGISOLAPP', '[]', 1, '2022-05-15 12:00:34', '2022-05-15 12:00:34', '2022-06-12 14:00:34'),
('da73d8f8c43c5752e036e1082d2f16a852deb491adc5d456e91870ce5bedd25b852d00ce4ea0a37e', 119, 1, 'chat_project@DIGISOLAPP', '[]', 1, '2022-05-16 10:46:22', '2022-05-16 10:46:22', '2022-06-13 12:46:22'),
('da87e014ba544006a6def57f1fd58ba2f1ae6d4944c57ed87bac4e4d28ef7c0d39edb7ed84c92100', 157, 1, 'chat_project@DIGISOLAPP', '[]', 0, '2023-01-19 12:39:21', '2023-01-19 12:39:21', '2023-02-16 13:39:22'),
('dab4cc0a9dccfd4f0d54017e9b7130a627c55461ef9f3ead5f37866a30fbd9799e0e1ea757d6f223', 58, 1, 'chat_project@DIGISOLAPP', '[]', 1, '2022-02-09 13:44:59', '2022-02-09 13:44:59', '2022-03-09 14:44:59'),
('dabd06f795fb5c427e1d9e2decbb28b7d86750774313fa593aa1c7926cd5e2f4428e099d196ae08b', 71, 1, 'chat_project@DIGISOLAPP', '[]', 1, '2022-03-20 11:55:29', '2022-03-20 11:55:29', '2022-04-17 12:55:29'),
('dac817d573647b244f361ffd581630f7d3d844a18746dc77a5b629cc906a3dff02b2bc00efa7ea1b', 68, 1, 'chat_project@DIGISOLAPP', '[]', 1, '2022-02-24 11:08:11', '2022-02-24 11:08:11', '2022-03-24 12:08:11'),
('dadba4d43692bb5d6c6f14a5daf99ad9aa9168cfaed2544c42df5be3f9a89aaa787cd811fdcb7b46', 54, 1, 'chat_project@DIGISOLAPP', '[]', 0, '2022-02-09 11:23:47', '2022-02-09 11:23:47', '2022-03-09 12:23:47'),
('db0761293bdb96f4530a846fe0a680ad2b8f1ae1e863bdd86a639409380457c3c82d385604bede3b', 7, 1, 'chat_project@DIGISOLAPP', '[]', 1, '2022-01-24 13:05:45', '2022-01-24 13:05:45', '2022-02-21 14:05:45'),
('db6d9ff069212a73de2d57cac62d50f73a0bffec9bf908aaf2c3ff351e59802391bc4aa0a2c9fa2d', NULL, 1, 'API Token', '[]', 0, '2022-03-24 13:43:40', '2022-03-24 13:43:40', '2023-03-24 14:43:40'),
('db898a29c84ed41fe4425b19dbef9811f4bed727a406813d1d011477b6cde1a23a8cc4ae54a24cb5', 68, 1, 'chat_project@DIGISOLAPP', '[]', 1, '2022-02-23 10:27:47', '2022-02-23 10:27:47', '2022-03-23 11:27:47'),
('db8dadedc6edb4218be05e13f0f04eb5d576fd65d26d3a83579c32ef74c20e35f3a6adb88a178d2d', 116, 1, 'chat_project@DIGISOLAPP', '[]', 1, '2022-05-09 08:41:45', '2022-05-09 08:41:45', '2022-06-06 10:41:45'),
('dbba7155750fcef6452994fdb192c2c644c75bc5f4cb34df416d95013b8810dc05eb8ea7c697fe79', 133, 1, 'chat_project@DIGISOLAPP', '[]', 1, '2022-06-01 10:31:05', '2022-06-01 10:31:05', '2022-06-29 12:31:05'),
('dc282527c32d5aeb2f95f5d36b819d5442990506ead31f824792b9d7f2afbf0703f53a8821fd99c4', 98, 1, 'chat_project@DIGISOLAPP', '[]', 1, '2022-04-07 13:21:41', '2022-04-07 13:21:41', '2022-05-05 15:21:41'),
('dc324d86f127c58d2e135f9d0ad3ff867eaea91ea9be89d190d485e87be997abb8052c364322b2d7', 132, 1, 'chat_project@DIGISOLAPP', '[]', 1, '2022-05-29 08:09:43', '2022-05-29 08:09:43', '2022-06-26 10:09:43'),
('dc3cad69b330ef3b0b298b8a8e964df3459fa70aa9de376cdfe25005e9f0897edf5aa2a34100cef3', 102, 1, 'chat_project@DIGISOLAPP', '[]', 1, '2022-04-14 11:25:53', '2022-04-14 11:25:53', '2022-05-12 13:25:53'),
('dc3fa01d74aac97abfafa78b2ca51ceb690af1fcd288c0c4bf7d0ddac52685a914e6af701976d76a', 86, 1, 'chat_project@DIGISOLAPP', '[]', 1, '2022-04-05 09:03:25', '2022-04-05 09:03:25', '2022-05-03 11:03:25'),
('dc82897f39b45849c8d5b34a7196097ab75d8ebd74fa833d9eb3c68e125001dfdcdb808d2d062441', 59, 1, 'chat_project@DIGISOLAPP', '[]', 1, '2022-03-08 10:32:05', '2022-03-08 10:32:05', '2022-04-05 11:32:05'),
('dd31826aec5a177ee7a71b8bf36b77a8e603980c605158813173fd3efd9be8c4dc4ce44a6ccc2b39', 36, 1, 'chat_project@DIGISOLAPP', '[]', 0, '2022-02-02 11:13:41', '2022-02-02 11:13:41', '2022-03-02 12:13:41'),
('dd896159b3743e2264b3e73635bf55862e6c6094c416e0ce5d82a9be55441f6b519e55bbe19eca28', 101, 1, 'chat_project@DIGISOLAPP', '[]', 0, '2022-04-09 08:33:48', '2022-04-09 08:33:48', '2022-05-07 10:33:48'),
('ddfa256cae61aa24d4a4bc3cb97ec19edf0e5904e8192500ae301ba3ce4a275f7761f593b7ce05ee', 108, 1, 'chat_project@DIGISOLAPP', '[]', 0, '2022-05-23 13:26:52', '2022-05-23 13:26:52', '2022-06-20 15:26:52'),
('de11ff4b72e18cef42bf569b7cfc0cb60f43b60075e750cce3269947ca2b3f4e911e44a7e857280a', 120, 1, 'chat_project@DIGISOLAPP', '[]', 0, '2022-05-16 08:43:40', '2022-05-16 08:43:40', '2022-06-13 10:43:40'),
('de1b0ae72672f4f7adbfff03186459558e77a5810454408b1764885fdbcf23fb3a31e9944a943ea0', 77, 1, 'chat_project@DIGISOLAPP', '[]', 0, '2022-03-13 13:57:53', '2022-03-13 13:57:53', '2022-04-10 14:57:53'),
('de2ace1720f3c2d15a15028b4cc63fef89bafc8acd4da998a46ef18ebc15ebeb873e3a79458f39f1', 116, 1, 'chat_project@DIGISOLAPP', '[]', 1, '2022-07-14 10:40:12', '2022-07-14 10:40:12', '2022-08-11 12:40:12'),
('de89d881bfeebc426cf3e885e981b71c2f41c866d82b36f1a1459f7302e1b3106e8396138df9355a', 110, 1, 'chat_project@DIGISOLAPP', '[]', 0, '2022-06-04 20:35:50', '2022-06-04 20:35:50', '2022-07-02 22:35:50'),
('deac6421f35e73801bf4f8d961d4e792ec417b41c38aa21d88fd771de9d8b9688587b0cd4577dc0c', 121, 1, 'chat_project@DIGISOLAPP', '[]', 1, '2022-06-11 14:05:32', '2022-06-11 14:05:32', '2022-07-09 16:05:32'),
('deb594d19d71e9e6cb4f3ec3aedf4afc9dca0be2a2885aa4fd31b2d5a8e3007caee3abafa15d29a1', 50, 1, 'chat_project@DIGISOLAPP', '[]', 0, '2022-02-07 08:50:29', '2022-02-07 08:50:29', '2022-03-07 09:50:29'),
('dec1c891e21217dbf02709ed64ed73d3c7b0bb5e1394de48a13a1389fa2872ff3d0f468d61b8db3e', 119, 1, 'chat_project@DIGISOLAPP', '[]', 1, '2022-05-16 14:52:12', '2022-05-16 14:52:12', '2022-06-13 16:52:12'),
('defa66c9280948b7bea1a29925749d090e7e12fdc4a5665acbf00a17858af09867e6b0053fdf96df', 86, 1, 'chat_project@DIGISOLAPP', '[]', 1, '2022-04-09 10:16:23', '2022-04-09 10:16:23', '2022-05-07 12:16:23'),
('df55d096efeab55edd945b69f4871ea576321888874a559154aa79c08f8e7ba824ec9391173f1828', 138, 1, 'chat_project@DIGISOLAPP', '[]', 1, '2022-07-28 09:37:11', '2022-07-28 09:37:11', '2022-08-25 11:37:11'),
('df6d8ddc02f26e8d478dd00250283cd41d0977f27349a34f421ec504edda6a380ff8aeeadc12fdf5', 116, 1, 'chat_project@DIGISOLAPP', '[]', 1, '2023-01-09 09:35:01', '2023-01-09 09:35:01', '2023-02-06 10:35:01'),
('df7c7b461d245bcc0eb89cfefaca3da3ca21c7c6a2a3c1ec2727ce4ed18736bab8b77989f6092393', 120, 1, 'chat_project@DIGISOLAPP', '[]', 1, '2022-05-14 07:40:28', '2022-05-14 07:40:28', '2022-06-11 09:40:28'),
('dfa0c5c8266680bfc05fa22d2030153d1e51cdf0048bac0c89f5aee663d389ee64b980c6a0fb1dd4', 10, 1, 'chat_project@DIGISOLAPP', '[]', 1, '2022-01-24 14:56:37', '2022-01-24 14:56:37', '2022-02-21 15:56:37'),
('dfaba438a26a63b2fe1f8d4cf226331aa932ca6de8dd45f7a9184eb8db4a00cb9275aada02b47159', 54, 1, 'chat_project@DIGISOLAPP', '[]', 1, '2022-02-08 12:43:59', '2022-02-08 12:43:59', '2022-03-08 13:43:59'),
('dfba38bfdac737be6cd49329c2b37872c53dfda8446fe3c58759970326f77fc120d0d6d1fb860d98', 119, 1, 'chat_project@DIGISOLAPP', '[]', 1, '2022-05-29 13:32:34', '2022-05-29 13:32:34', '2022-06-26 15:32:34'),
('dfe5260a2849c0fd13d0f2140eab6487c0e1ff12a55b7c16376ce0cfd36405ec020601fb1782c3f7', 116, 1, 'chat_project@DIGISOLAPP', '[]', 1, '2022-06-08 09:11:46', '2022-06-08 09:11:46', '2022-07-06 11:11:46'),
('e0846e26195768de91f5e2c50604edc7425472c1b532043b542f4e9d3afaf1debe2c744d7688c751', 110, 1, 'chat_project@DIGISOLAPP', '[]', 1, '2022-06-10 19:27:54', '2022-06-10 19:27:54', '2022-07-08 21:27:54'),
('e092909ffcf7684c40a656710b19aa6b5032b25ee4d58f855b4eb0ec8a222098e1b750a593dbf978', 101, 1, 'chat_project@DIGISOLAPP', '[]', 0, '2022-04-18 09:36:22', '2022-04-18 09:36:22', '2022-05-16 11:36:22'),
('e0b25d3f8c580e61b7410b2d85cbe87f21fcab22b9ac9ce9b648af450211ed56f8522effb0bfcc3e', 75, 1, 'chat_project@DIGISOLAPP', '[]', 0, '2022-03-09 08:35:07', '2022-03-09 08:35:07', '2022-04-06 09:35:07'),
('e1528496c2e0c5413af8fa19fad85e3f2b1bf7977b5e0b26d620f657ea07d0a9b26cb40a00327e7c', 116, 1, 'chat_project@DIGISOLAPP', '[]', 1, '2022-06-14 14:59:18', '2022-06-14 14:59:18', '2022-07-12 16:59:18'),
('e1759ea9ae352221e35b4959ccca9cf2b0fc42d0500f95e5a35540cfec9df43ff207854b016f9b10', 121, 1, 'chat_project@DIGISOLAPP', '[]', 1, '2022-06-16 09:53:30', '2022-06-16 09:53:30', '2022-07-14 11:53:31'),
('e18e0ad73a31532e7d6afffdf7cde78965d452867568ed2adc7977588747be2e1940d1ef71614e48', 16, 1, 'API Token', '[]', 0, '2022-06-01 07:29:36', '2022-06-01 07:29:36', '2023-06-01 09:29:36'),
('e1c26f09c40e6972a828e5dc2ca5acbc3afbc4ce101f5c7c984554fde4101877792de77b59d59f4a', 120, 1, 'chat_project@DIGISOLAPP', '[]', 1, '2022-06-22 11:30:44', '2022-06-22 11:30:44', '2022-07-20 13:30:44'),
('e1ef36485bbb469d7edab66d92583b852bd5488d988142c8852680448b63cb91f800ad8b3eba6ead', 118, 1, 'chat_project@DIGISOLAPP', '[]', 0, '2022-04-14 14:02:24', '2022-04-14 14:02:24', '2022-05-12 16:02:24'),
('e247f1f7066be0b34170aad69ba19730b4ef41ba46c3c973c445667f21e5cf1429d1add0a567f136', 11, 1, 'chat_project@DIGISOLAPP', '[]', 1, '2022-01-24 20:04:31', '2022-01-24 20:04:31', '2022-02-21 21:04:31'),
('e24dd28fd327aa9e635b63205c3a1b908b7f61f4e0052f9ebb806133830750b221491277b8c61499', 148, 1, 'chat_project@DIGISOLAPP', '[]', 1, '2022-07-28 10:39:11', '2022-07-28 10:39:11', '2022-08-25 12:39:11'),
('e26ed3b01efa461bfe9ca68e9c566e04a400db04c06368c26db7a449504e87e1aae357956989fc11', 138, 1, 'chat_project@DIGISOLAPP', '[]', 0, '2022-06-29 13:37:31', '2022-06-29 13:37:31', '2022-07-27 15:37:31'),
('e2fb7d691f6689d6d464727c46ad5f4781f2d994e24560df47932abecb11fbfa7dcd3bbd4184cf2b', 57, 1, 'chat_project@DIGISOLAPP', '[]', 0, '2022-02-20 12:40:05', '2022-02-20 12:40:05', '2022-03-20 13:40:05'),
('e2fe4a4a6e7c9a42f1477996a78bf150685174d0b826b1b4214f156ca0e72fab83d526ef7ba3484b', 109, 1, 'chat_project@DIGISOLAPP', '[]', 0, '2022-04-19 18:06:45', '2022-04-19 18:06:45', '2022-05-17 20:06:45'),
('e3172abf48d779ac5ab016385d62acbf03c778d309f22f5f88d740a22dd1129482eb5eb4292a585f', 116, 1, 'chat_project@DIGISOLAPP', '[]', 1, '2022-06-07 15:09:16', '2022-06-07 15:09:16', '2022-07-05 17:09:16'),
('e321c7aba1d834f532fcae1141fbeb32d3f3822ca4e6aaab5d06b64fd45fb9d7f2d41a90291978bb', 161, 1, 'chat_project@DIGISOLAPP', '[]', 1, '2023-01-29 13:33:44', '2023-01-29 13:33:44', '2023-02-26 14:33:44'),
('e36f6332e24cdcc01208a43805ce80f4e1ea10b0082c90079eb1f77250b7c5e8e40065330e793071', 116, 1, 'chat_project@DIGISOLAPP', '[]', 1, '2022-05-11 12:12:23', '2022-05-11 12:12:23', '2022-06-08 14:12:23'),
('e374a09601edff97e5c74097b9b69ef9124d6af39201898ca5c8ad131115fedf5a24afda4c801e62', 46, 1, 'chat_project@DIGISOLAPP', '[]', 0, '2022-02-03 11:35:54', '2022-02-03 11:35:54', '2022-03-03 12:35:54'),
('e3e89a68dfa5ed92c7c25ebd15da5648e41f1ef2b754cfb185444adac475dee25dc2f61267b3c904', 156, 1, 'chat_project@DIGISOLAPP', '[]', 1, '2023-01-11 15:20:09', '2023-01-11 15:20:09', '2023-02-08 16:20:09'),
('e3eb0b5a090a5b68e4be3f4bb326bc106b952b8fc013b0e5afddbd003961233e8ce3f594d686019e', 116, 1, 'chat_project@DIGISOLAPP', '[]', 1, '2022-06-01 13:08:14', '2022-06-01 13:08:14', '2022-06-29 15:08:14'),
('e3f5e840b4b209cc9bfaf27bb72ba7f135f6b3daa2c5fb7e2a349823e8b218359a83812520084867', 121, 1, 'chat_project@DIGISOLAPP', '[]', 1, '2022-06-06 13:13:06', '2022-06-06 13:13:06', '2022-07-04 15:13:06'),
('e403f0070668901dc3176a41ec9bfcbfef7e6ca6c2a9a5d49c0a159f313eafbebd018a769f82110b', 68, 1, 'chat_project@DIGISOLAPP', '[]', 1, '2022-03-29 13:58:11', '2022-03-29 13:58:11', '2022-04-26 15:58:11'),
('e40e1897a1b9ac010b21439a514474d1c76a15638a1990dc9740712a918225b085a886c9d36a7360', 71, 1, 'chat_project@DIGISOLAPP', '[]', 1, '2022-03-24 13:12:58', '2022-03-24 13:12:58', '2022-04-21 14:12:58'),
('e44d831119f3f722629797f3d045694e201938ae515a854f53e48934df18cb2def98f5d0f12b63bf', 80, 1, 'chat_project@DIGISOLAPP', '[]', 1, '2022-03-29 12:20:11', '2022-03-29 12:20:11', '2022-04-26 14:20:11'),
('e457579866f605efd42d55bef37e1bcd8df1558df948f2cc46848bc315f5704de90d289a1719f452', 119, 1, 'chat_project@DIGISOLAPP', '[]', 1, '2022-05-25 08:25:40', '2022-05-25 08:25:40', '2022-06-22 10:25:40'),
('e4587b2cf1f699aadf3e48b1f97e8424a44fe9e175d9c88516144dfc7c0fddf4fe67537cbee30800', 120, 1, 'chat_project@DIGISOLAPP', '[]', 1, '2022-06-02 09:06:58', '2022-06-02 09:06:58', '2022-06-30 11:06:58'),
('e4b0ac0e698401e35258700c8cf37b9ea041c085c0fc2364d34114ed4b5fece30e4e458cca07ba41', 116, 1, 'chat_project@DIGISOLAPP', '[]', 1, '2022-05-11 12:59:53', '2022-05-11 12:59:53', '2022-06-08 14:59:53'),
('e4b3c920b3bf2df546770a1214e014ecb12aac7e99eced364ffe327f96703d31a10d23810d027194', 71, 1, 'chat_project@DIGISOLAPP', '[]', 0, '2022-03-14 10:09:42', '2022-03-14 10:09:42', '2022-04-11 11:09:42'),
('e4b5ed5f8d2e06115502890dd1fb20ff555a65d7b5f191619476c51ef0dd8bb4811484b3442d21e0', 11, 1, 'chat_project@DIGISOLAPP', '[]', 0, '2022-01-25 12:27:45', '2022-01-25 12:27:45', '2022-02-22 13:27:45'),
('e4c278e9184be3d4d4a93138dca6c0c1bce20c329ff4e2b4292882cb62f0f871f3d2ad8f14b62d77', 119, 1, 'chat_project@DIGISOLAPP', '[]', 1, '2022-06-16 09:52:27', '2022-06-16 09:52:27', '2022-07-14 11:52:27'),
('e4c5c8410539eb06bbc474767f30f69bd72b929cd8b06b4d1912e5b861eb85815bfd3353eed63e0b', 39, 1, 'chat_project@DIGISOLAPP', '[]', 0, '2022-02-02 14:02:27', '2022-02-02 14:02:27', '2022-03-02 15:02:27'),
('e4f661ae9e107b6c7900066ce66efcd274894158bd945f3b4a01d3c097b7ecbe3d8be9048a0e4fbc', 12, 1, 'chat_project@DIGISOLAPP', '[]', 0, '2022-01-25 16:38:06', '2022-01-25 16:38:06', '2022-02-22 17:38:06'),
('e5065e0b2b70539a79bfcdb02d46900ed03941773da5da708d3de81259c4d4ab28b19337492145ab', 119, 1, 'chat_project@DIGISOLAPP', '[]', 1, '2022-05-16 08:04:53', '2022-05-16 08:04:53', '2022-06-13 10:04:53'),
('e507b0df3c4da93cdb2fa3c0b93296daa7df350d7096f29e1dfb60637ad077fab580d482eabb3366', 120, 1, 'chat_project@DIGISOLAPP', '[]', 1, '2022-05-07 14:53:37', '2022-05-07 14:53:37', '2022-06-04 16:53:37'),
('e53d0fb939a3b49a8b350b70d2531e79c85b207cc9a23b1a56111bd197b71babba1306a953ada3a4', 30, 1, 'chat_project@DIGISOLAPP', '[]', 0, '2022-01-31 15:34:58', '2022-01-31 15:34:58', '2022-02-28 16:34:58'),
('e5586ef15987917193df3b000103e2d2ae20fcee0104b86ebaa9a988fa4f3788d1100ead37ba770a', 119, 1, 'chat_project@DIGISOLAPP', '[]', 1, '2022-05-16 09:38:55', '2022-05-16 09:38:55', '2022-06-13 11:38:55'),
('e5bd133a2a15d5ac60eaef50f47c6fd01fd14af25f9f8b3b682f0e585f1f0095a4b774b6ea3bd49b', 106, 1, 'chat_project@DIGISOLAPP', '[]', 0, '2022-04-22 02:53:32', '2022-04-22 02:53:32', '2022-05-20 04:53:32'),
('e65cfc419b9a0203adbe4f64c06a73cac652f59fb943aea2939ff6dc7797ff637f8c833c651e2fbc', 118, 1, 'chat_project@DIGISOLAPP', '[]', 1, '2022-04-18 13:14:16', '2022-04-18 13:14:16', '2022-05-16 15:14:16'),
('e67bfa82f1396b6364b77e73a4a24a2d8e02c1a8ddb19470d6b1b07c855dcca655f7d7d3459bfbeb', 157, 1, 'chat_project@DIGISOLAPP', '[]', 1, '2023-01-19 12:59:25', '2023-01-19 12:59:25', '2023-02-16 13:59:25'),
('e68933176f01f6c0cbb28182284ca329513374b0d5666bb6ddda4e4ded4f0036dd39054005076268', 71, 1, 'chat_project@DIGISOLAPP', '[]', 0, '2022-03-10 09:34:04', '2022-03-10 09:34:04', '2022-04-07 10:34:04'),
('e6a3bc5e886a5c23e32047c8b77e46798423f79c62e7422ee00af8225e0de04f2f2161205ac95f7b', 119, 1, 'chat_project@DIGISOLAPP', '[]', 1, '2022-05-12 11:34:08', '2022-05-12 11:34:08', '2022-06-09 13:34:08'),
('e6b1f16b8df2b617ba9399f1eed08f37e05e51a685356326ff55c3e4c1c89fce7ee64a7a068e3b41', 116, 1, 'chat_project@DIGISOLAPP', '[]', 0, '2022-09-05 11:08:18', '2022-09-05 11:08:18', '2022-10-03 13:08:18'),
('e71e6358a1ecc63c4d87de506d03c00902553ec991c0c885647eff846a74dfeba4d16e14b31c9025', 105, 1, 'chat_project@DIGISOLAPP', '[]', 0, '2022-05-16 15:42:53', '2022-05-16 15:42:53', '2022-06-13 17:42:53'),
('e725326d3ab1cd0a9b316eb71f86615c647f396bc3bf8654cc18c7954eff0330447b9fd597ceca59', 118, 1, 'chat_project@DIGISOLAPP', '[]', 0, '2022-04-18 11:20:43', '2022-04-18 11:20:43', '2022-05-16 13:20:43'),
('e75ab6ab492c2112615dc0cb3352c32ae3d94579e4ce9debb63c7e32c506120fc79725b038eb4cc9', 120, 1, 'chat_project@DIGISOLAPP', '[]', 1, '2022-09-10 11:19:55', '2022-09-10 11:19:55', '2022-10-08 13:19:55'),
('e75e2ad8d7d27130cb96d2a1c80dd9ba0cfe9cc216c42b75b82bc5f34d0d970dbd6ac4dedf19977a', 9, 1, 'chat_project@DIGISOLAPP', '[]', 0, '2022-01-24 14:38:36', '2022-01-24 14:38:36', '2022-02-21 15:38:36'),
('e7860d87d4d5762948ad3e7e64e778401e69512dc94b77d73102009530051ebea2ec2de85d719962', NULL, 1, 'API Token', '[]', 0, '2022-05-19 07:56:13', '2022-05-19 07:56:13', '2023-05-19 09:56:13'),
('e799dfe2048cba9cfaedc33b316814304afaec1d93ee39eb38bff3e4bed2313fa55bc11411f74a01', 102, 1, 'chat_project@DIGISOLAPP', '[]', 0, '2022-04-11 09:41:02', '2022-04-11 09:41:02', '2022-05-09 11:41:02'),
('e7c07a6e130dc3e064970022dc76d538413409174695e144374f5f0d85515a22efcdfeb683f9ff11', 59, 1, 'chat_project@DIGISOLAPP', '[]', 0, '2022-03-09 09:22:06', '2022-03-09 09:22:06', '2022-04-06 10:22:06'),
('e7f63fde17d77eb578821f4a494157df1687ce658e50939e9775c2d619a198693b3c404c51b0c92a', 119, 1, 'chat_project@DIGISOLAPP', '[]', 1, '2022-07-06 14:25:10', '2022-07-06 14:25:10', '2022-08-03 16:25:10'),
('e848da56262d59a0a3bed7e202e8cb0eacb384d7c80255304400b12062df3427eaaf17f4b9e13a34', 119, 1, 'chat_project@DIGISOLAPP', '[]', 1, '2022-05-29 07:59:23', '2022-05-29 07:59:23', '2022-06-26 09:59:23'),
('e85d6b8ca333008a7b9cd3619426ad76ff0b6d80c86d314d93518a3dcb26b7827004a4a206585be0', 114, 1, 'chat_project@DIGISOLAPP', '[]', 1, '2022-04-14 09:36:44', '2022-04-14 09:36:44', '2022-05-12 11:36:44'),
('e8a0185e6a135a507bcfddd3bd5e15c9c9673716187dc3a375e8bc25182f993f106690ff75d62a2b', 116, 1, 'chat_project@DIGISOLAPP', '[]', 1, '2022-05-21 12:17:51', '2022-05-21 12:17:51', '2022-06-18 14:17:51'),
('e8d0789a79550a527008cf59e7a3a757960158b270d6c2d44bdc6e7402683befc95a8846400f383c', 121, 1, 'chat_project@DIGISOLAPP', '[]', 1, '2022-06-02 11:06:02', '2022-06-02 11:06:02', '2022-06-30 13:06:02'),
('e8f7542b5491e72e0261faa79d9ce7e626d714e94ceab5452224ae7a284a1cef45abc12bc4f1d845', 119, 1, 'chat_project@DIGISOLAPP', '[]', 1, '2022-07-03 13:39:33', '2022-07-03 13:39:33', '2022-07-31 15:39:33'),
('e8feed8f7cbe6b7bbbe522ddc14d28e8751410b9de166c7865f0192f9c76a81fd8f06de24255a801', 120, 1, 'chat_project@DIGISOLAPP', '[]', 1, '2022-06-01 14:37:19', '2022-06-01 14:37:19', '2022-06-29 16:37:19'),
('e93950b8105d3c4361bb1b9bcc0fa9165bbc82db1fdec46c83a92a4cbe0ca00e2d6c42c3bf139540', 116, 1, 'chat_project@DIGISOLAPP', '[]', 1, '2022-06-02 10:27:26', '2022-06-02 10:27:26', '2022-06-30 12:27:26'),
('e93bb42ef219a2ca970bd92dc23cfceb77c50d8ab4998ff2bbf3ad33bb547f94932898663a169e10', 135, 1, 'chat_project@DIGISOLAPP', '[]', 0, '2022-06-10 20:03:05', '2022-06-10 20:03:05', '2022-07-08 22:03:05'),
('e93c9f769cd2f3a1dd244828397ad149c3052c233c9f07e9e98ff5c03e6dc23c12a83f3fa2484729', 116, 1, 'chat_project@DIGISOLAPP', '[]', 1, '2022-07-06 08:37:23', '2022-07-06 08:37:23', '2022-08-03 10:37:23'),
('e967c2ab2569af6c1b1b5698a434db9950bedc67fab1d83598820b43977be692c2ab0802a42f2e18', 132, 1, 'chat_project@DIGISOLAPP', '[]', 1, '2022-05-29 11:45:49', '2022-05-29 11:45:49', '2022-06-26 13:45:49'),
('e98f1720778991118dac0d288335d9fa48d79f349edbcdb124706f7803e05431978497373f2d9c9d', 120, 1, 'chat_project@DIGISOLAPP', '[]', 1, '2022-06-02 10:42:42', '2022-06-02 10:42:42', '2022-06-30 12:42:42'),
('e99e121355e9d426ba1da27d60d8cc1145afba9915ed98337021ad584f011f424210f9adede23e6a', 116, 1, 'chat_project@DIGISOLAPP', '[]', 1, '2022-05-28 13:52:17', '2022-05-28 13:52:17', '2022-06-25 15:52:17'),
('e9c35695be29afd57bcb16e1dc18407546f55850331d074295bc9acdef183274ebe3722ba587f216', 119, 1, 'chat_project@DIGISOLAPP', '[]', 1, '2022-04-25 08:34:26', '2022-04-25 08:34:26', '2022-05-23 10:34:26'),
('ea0e185ea18a32853590edde134cb22db3eec7318f74bd84193e79d7bf82c3086f2f6254b560937c', 120, 1, 'chat_project@DIGISOLAPP', '[]', 1, '2022-07-27 11:55:04', '2022-07-27 11:55:04', '2022-08-24 13:55:04'),
('ea2265cdac17031ccc814cd4ca636cc552720d51dedc09728f750c0ad3b3a17c67f3b1dbe967b813', 117, 1, 'chat_project@DIGISOLAPP', '[]', 0, '2022-04-18 08:52:25', '2022-04-18 08:52:25', '2022-05-16 10:52:25'),
('ea820ffef852f4e6e147a0a513dcd8445846a6e24c41e68373ea163b647be2003e0b200e58edcf10', 157, 1, 'chat_project@DIGISOLAPP', '[]', 1, '2023-02-01 10:23:52', '2023-02-01 10:23:52', '2023-03-01 11:23:53'),
('eac92ac8cd4cb6152e5857aebc7aea6f289f659c4294f1759c6526eb265add564d440ff57712d928', 2, 1, 'API Token', '[]', 0, '2022-05-31 14:35:18', '2022-05-31 14:35:18', '2023-05-31 16:35:18'),
('eac9af046431931b07c3bb85f5b127edeac20bf13be71bd23cbc2d671bee27b2679805c10729d943', 130, 1, 'chat_project@DIGISOLAPP', '[]', 0, '2022-07-18 07:56:03', '2022-07-18 07:56:03', '2022-08-15 09:56:03'),
('eadead519bafa5d90fab5ce9593fd13c3a9bfe7ede5b5bde1bd54e719327efefdcbf609dd482a433', 120, 1, 'chat_project@DIGISOLAPP', '[]', 0, '2022-06-01 12:19:07', '2022-06-01 12:19:07', '2022-06-29 14:19:07'),
('eaed66c1c0a27a788ca4a60087364465c0306fdf65b37e2651702a139f6a54df223ca0ed2cc03a59', 118, 1, 'chat_project@DIGISOLAPP', '[]', 1, '2022-04-17 13:12:24', '2022-04-17 13:12:24', '2022-05-15 15:12:24'),
('eb12692f99c54388a116aff06a6753c96fc5d51ebff62c93e445935989bd2e06409dbe0ee5750ce5', 102, 1, 'chat_project@DIGISOLAPP', '[]', 0, '2022-04-09 11:23:13', '2022-04-09 11:23:13', '2022-05-07 13:23:13'),
('eb2b1ae13b9e1950e36c20fb1ac55d993a2af588a8bf5474e3558d88918ebd1a61f6f89fbc5fadef', 58, 1, 'chat_project@DIGISOLAPP', '[]', 1, '2022-02-24 09:02:40', '2022-02-24 09:02:40', '2022-03-24 10:02:40'),
('eb3d8294c1150b9e7deaac26e4c0d27e288119a6e8b1c73c835ea733054b4b49210b4a5ccbeba810', 109, 1, 'chat_project@DIGISOLAPP', '[]', 0, '2022-04-25 18:53:21', '2022-04-25 18:53:21', '2022-05-23 20:53:21'),
('eb8657c2253b30459479b985e285b5abd9f05af3a857f205e24d5923d9d678fe013a42bcca661773', 109, 1, 'chat_project@DIGISOLAPP', '[]', 0, '2022-04-14 12:24:39', '2022-04-14 12:24:39', '2022-05-12 14:24:39'),
('ebe77a31dc62f0351ffc96c9c93f683c37bb2d7f9deb814a11050d22fb0264b0dccb93ab189493ca', 119, 1, 'chat_project@DIGISOLAPP', '[]', 1, '2022-05-16 14:41:39', '2022-05-16 14:41:39', '2022-06-13 16:41:39'),
('ebebf012bd888ae8f2654cb800ae4487250a1a1d05731e4001f45f4df20968c69ca3eb30d639f574', 132, 1, 'chat_project@DIGISOLAPP', '[]', 1, '2022-05-29 10:06:40', '2022-05-29 10:06:40', '2022-06-26 12:06:40'),
('ec2065951017fd913f1cd08888c1bcb0e1ee3c80bcca4503beb1335e3c518b96c1f8d84433f1c576', 80, 1, 'chat_project@DIGISOLAPP', '[]', 1, '2022-03-20 13:30:16', '2022-03-20 13:30:16', '2022-04-17 14:30:16'),
('ec48bec3774da9edc9a4bd8eb18df91911fba212e52147ba0551904d33c3412e0a05718605c7b244', 119, 1, 'chat_project@DIGISOLAPP', '[]', 1, '2022-05-14 10:49:34', '2022-05-14 10:49:34', '2022-06-11 12:49:34'),
('ecf8178c1c3c0bd002fb16db34acce0fc4d50d026ac84aadec1053d53c22d4a5d84c9b66773f004f', 86, 1, 'chat_project@DIGISOLAPP', '[]', 1, '2022-04-07 12:58:59', '2022-04-07 12:58:59', '2022-05-05 14:58:59'),
('ed0c56f4d4f9968428387f75a472517e1f27e84d6bb821ca54c752d0142e310d6a39c94897924a1c', 19, 1, 'API Token', '[]', 0, '2022-05-31 14:48:15', '2022-05-31 14:48:15', '2023-05-31 16:48:15'),
('ed1193cd3a8783704927f62b8df415cc1e6e995f5bdbd00655da606422c842a8fbd16ebdc257ad4f', 135, 1, 'chat_project@DIGISOLAPP', '[]', 1, '2022-06-10 19:32:01', '2022-06-10 19:32:01', '2022-07-08 21:32:01'),
('ed2231c9428e54157b402d48ed18317997b5c50d6619e17cc996c6da053360c5448ab18719ca938a', 116, 1, 'chat_project@DIGISOLAPP', '[]', 0, '2022-05-16 13:37:54', '2022-05-16 13:37:54', '2022-06-13 15:37:54'),
('ed395300682fdf5f0302368df64825e5f4c29a87e825bda6bd2f8913a692a5b985f93f1be0adef30', 88, 1, 'chat_project@DIGISOLAPP', '[]', 1, '2022-04-04 12:35:24', '2022-04-04 12:35:24', '2022-05-02 14:35:24'),
('ed6b1c6ad93f5fe83d9d7375f59810515a99b4f7ac5e716b29ce91dd45923084df659a6c96b9d80d', 116, 1, 'chat_project@DIGISOLAPP', '[]', 0, '2022-05-16 14:11:39', '2022-05-16 14:11:39', '2022-06-13 16:11:39'),
('ed722c02a2655c9d6a747cd2f9ae9c988501c60c07a0ddd99639ed93cfb93f54d29d210e01241160', 67, 1, 'chat_project@DIGISOLAPP', '[]', 0, '2022-03-15 10:36:15', '2022-03-15 10:36:15', '2022-04-12 11:36:15'),
('ed791900b9cdcdc81bf3b33ce4ffd62a34bb03ef688e35e63b21f6829b90fd7191aadf6af174d413', 116, 1, 'chat_project@DIGISOLAPP', '[]', 1, '2022-07-07 13:30:01', '2022-07-07 13:30:01', '2022-08-04 15:30:01'),
('ed9161de5fef0bda5ccb4c7e040b7bdb321288a0e39cab884459c838a171e6020b9d9124a9706d8e', 112, 1, 'chat_project@DIGISOLAPP', '[]', 1, '2022-04-13 11:26:11', '2022-04-13 11:26:11', '2022-05-11 13:26:11'),
('eddbd14f4b92e762ccbccd83bdda41007e0e7cbd82efb509d7f435918c0d22fbdf71818b141abd97', 116, 1, 'chat_project@DIGISOLAPP', '[]', 1, '2022-04-26 10:06:29', '2022-04-26 10:06:29', '2022-05-24 12:06:29'),
('edeff98bd2d3643d34d7274e691e147081a1d727088fbd15cd50bf732f32aa930677859520e45341', 28, 1, 'chat_project@DIGISOLAPP', '[]', 0, '2022-01-30 14:40:44', '2022-01-30 14:40:44', '2022-02-27 15:40:44'),
('ee42c927d18d4159c0347f72265a45b968138029739c08870439893a7d17f32a88c5027fc3dbaad2', 120, 1, 'chat_project@DIGISOLAPP', '[]', 1, '2022-05-07 11:48:07', '2022-05-07 11:48:07', '2022-06-04 13:48:07'),
('ee440ae4915dd62a37aaa95515a3b68af118185b456104bdfcefaf9a3d0c1eef97494750488364c6', 119, 1, 'chat_project@DIGISOLAPP', '[]', 1, '2022-05-16 12:52:31', '2022-05-16 12:52:31', '2022-06-13 14:52:31'),
('eeb2c98c478fb7066c4b5bc8c89c3917f1424ebe7f58110125fddbb8067f1617df4a49377fddef73', 50, 1, 'chat_project@DIGISOLAPP', '[]', 1, '2022-03-29 12:29:03', '2022-03-29 12:29:03', '2022-04-26 14:29:03'),
('eebcd1139ce2a9220ff10c7a0429288daca6a226601574892fe484104f40b45dbcd83ec8951f099b', 80, 1, 'chat_project@DIGISOLAPP', '[]', 1, '2022-03-20 13:29:34', '2022-03-20 13:29:34', '2022-04-17 14:29:34'),
('eee2874f4ff12bde3f301ea440c203ab191477da28904c9f4380eba5160b0e0a66d163c8b732d6bf', 105, 1, 'chat_project@DIGISOLAPP', '[]', 0, '2022-06-03 22:34:15', '2022-06-03 22:34:15', '2022-07-02 00:34:15'),
('ef97e5c69a90ed1346e3470b23ccf4414af6c99b8378f8a82d056f84acb1901a519b5ed6081db30e', 41, 1, 'chat_project@DIGISOLAPP', '[]', 0, '2022-02-02 17:57:30', '2022-02-02 17:57:30', '2022-03-02 18:57:30'),
('ef98e4ff1fe786d0f12959e8e99632d9dac46794e502541cb76b87a513c273decbbf1eb37464372b', 21, 1, 'chat_project@DIGISOLAPP', '[]', 0, '2022-01-26 11:38:38', '2022-01-26 11:38:38', '2022-02-23 12:38:38'),
('efa7d8f80e51206061c407e7f70d04c9a153990647ca8c88365522cc0dcc14365d0f6203070fef8a', 120, 1, 'chat_project@DIGISOLAPP', '[]', 1, '2022-06-16 11:13:45', '2022-06-16 11:13:45', '2022-07-14 13:13:45'),
('efbf307bb49afce13c901629a4cbcfab781f738937af30fdb53dc1f9a8e2a386302c3550bd85a519', 120, 1, 'chat_project@DIGISOLAPP', '[]', 0, '2022-06-20 07:58:41', '2022-06-20 07:58:41', '2022-07-18 09:58:41'),
('efd78d0ee7c915e15b66b6a1f44866bd98d31b5514e8bc9b3bcc76ce9a3816efba7c04ce68b1b8ea', 119, 1, 'chat_project@DIGISOLAPP', '[]', 1, '2022-07-06 08:36:17', '2022-07-06 08:36:17', '2022-08-03 10:36:17'),
('efea56288b50852f29b102e217e92785aead8e540609b3e6e6445d790cebb7786757f884764d9ab1', 38, 1, 'chat_project@DIGISOLAPP', '[]', 1, '2022-02-02 14:08:42', '2022-02-02 14:08:42', '2022-03-02 15:08:42'),
('efef551aa68e9a51d186a630a9ee841685e4992b873c94163bd14f53b97a611d025bb430529acc47', 59, 1, 'chat_project@DIGISOLAPP', '[]', 1, '2022-02-13 14:47:18', '2022-02-13 14:47:18', '2022-03-13 15:47:18'),
('eff1ed166aa2c681fe2271f688d7411bf02d50d767e0a29108d69aa7f41ac7d11354b7bbc1f48943', 119, 1, 'chat_project@DIGISOLAPP', '[]', 0, '2022-06-20 12:10:20', '2022-06-20 12:10:20', '2022-07-18 14:10:20'),
('f0107203e67556e4a0fa299e6977810d9887a8e7b9d604235ac36037a6382e85d9befa90f71af3fc', 119, 1, 'chat_project@DIGISOLAPP', '[]', 1, '2022-05-07 11:30:21', '2022-05-07 11:30:21', '2022-06-04 13:30:21'),
('f015e0697c80ab812130007b6f2a136541614d3bb0ce0f6333a65eaa0f4b20d6b31a647b1ef09bf8', 101, 1, 'chat_project@DIGISOLAPP', '[]', 0, '2022-04-09 08:32:52', '2022-04-09 08:32:52', '2022-05-07 10:32:52'),
('f0bccef6c13edf1a67dc8b5514d37a35aef6079c0029dbb29874d8f422bc0f0c3f59695495ce127e', 92, 1, 'chat_project@DIGISOLAPP', '[]', 0, '2022-04-07 12:26:30', '2022-04-07 12:26:30', '2022-05-05 14:26:30');
INSERT INTO `oauth_access_tokens` (`id`, `user_id`, `client_id`, `name`, `scopes`, `revoked`, `created_at`, `updated_at`, `expires_at`) VALUES
('f0f64465007a141b9baae1d4cf54e19868f6053595188cac1977661dd9acd4b5ff5e298fa0d19386', 106, 1, 'chat_project@DIGISOLAPP', '[]', 0, '2022-06-10 11:16:48', '2022-06-10 11:16:48', '2022-07-08 13:16:48'),
('f1094132d46ffdcb2d1453d5ccc21d91f35e7046868c5fc00252b4eb5db1cb1156d6310ab0fd9ec4', 108, 1, 'chat_project@DIGISOLAPP', '[]', 0, '2022-05-28 12:56:41', '2022-05-28 12:56:41', '2022-06-25 14:56:41'),
('f11f36a69cfc9fb4015bcc19c9a65a684fcf96dea8507c5eb3b4df784a6f973ad064009f3765fecf', 132, 1, 'chat_project@DIGISOLAPP', '[]', 1, '2022-05-29 10:13:24', '2022-05-29 10:13:24', '2022-06-26 12:13:24'),
('f121dc931a108359ff03e188aade037482fa1567cf22a5f95ee5df880d736e5a3008f342ac9987b0', 71, 1, 'chat_project@DIGISOLAPP', '[]', 0, '2022-03-13 14:04:20', '2022-03-13 14:04:20', '2022-04-10 15:04:20'),
('f189079097fdd080dc596068b36882c1266f237072fe3f0bf2f1a4879f0fad0b0618205e58119a3f', 157, 1, 'chat_project@DIGISOLAPP', '[]', 0, '2023-01-24 16:00:57', '2023-01-24 16:00:57', '2023-02-21 17:00:58'),
('f18a6b76b305874d5e1f447d5d1518e3afdf9ee60d24cfae5631172a886d013e52cff87da6db8e13', 102, 1, 'chat_project@DIGISOLAPP', '[]', 1, '2022-04-09 10:52:26', '2022-04-09 10:52:26', '2022-05-07 12:52:26'),
('f1918835723d7cdfb34b65b041c9424ce68ff0608708c976888f1e45852bab115845cfaf59e05ea6', 120, 1, 'chat_project@DIGISOLAPP', '[]', 0, '2022-06-01 11:50:34', '2022-06-01 11:50:34', '2022-06-29 13:50:34'),
('f1bd6f69c6c875725f0bf5b0ce05af6bc98aaa46f6278f1ec6db7101702f04afbbce88992e93cb68', 120, 1, 'chat_project@DIGISOLAPP', '[]', 0, '2022-05-25 09:04:33', '2022-05-25 09:04:33', '2022-06-22 11:04:33'),
('f1dbc1e1a4ba45e136e961f635373b2abcf4906cae4010499a000da3a5e696970dfb2525038adff9', 120, 1, 'chat_project@DIGISOLAPP', '[]', 1, '2022-05-24 13:35:11', '2022-05-24 13:35:11', '2022-06-21 15:35:11'),
('f1f3b118096b9cfa9537f901d91714eb6c0a9c1a20ddde2f32e0157c0713bec41a33f6dcf8c46abb', 52, 1, 'chat_project@DIGISOLAPP', '[]', 0, '2022-02-06 15:20:46', '2022-02-06 15:20:46', '2022-03-06 16:20:46'),
('f22d8013bc9581314749f00914dc03a017188f66c6d750142441811699d84a2b7bfe7aa010b2f075', 120, 1, 'chat_project@DIGISOLAPP', '[]', 1, '2022-04-26 11:40:43', '2022-04-26 11:40:43', '2022-05-24 13:40:43'),
('f23f576d08c3790312bfce2366bf4a5188dd4c2da327cc51b15bd0accefe099f23704d5ab61d18f6', 132, 1, 'chat_project@DIGISOLAPP', '[]', 0, '2022-06-11 13:41:55', '2022-06-11 13:41:55', '2022-07-09 15:41:55'),
('f24e76a4511260156ecce7d1fba9d7a8d31fb74e51a669bcc1991a717ad1ccbdddaad058cb29a786', 119, 1, 'chat_project@DIGISOLAPP', '[]', 1, '2022-06-02 11:54:57', '2022-06-02 11:54:57', '2022-06-30 13:54:57'),
('f28f3a3fcffdd59762d3d6608fd1471937c68987820ad33d958223a0a32a3f9925efff04d895f569', 116, 1, 'chat_project@DIGISOLAPP', '[]', 1, '2022-05-25 09:34:17', '2022-05-25 09:34:17', '2022-06-22 11:34:17'),
('f2aa662f202f5d5c08e54f5a7fecd93b8fe35a608409efb4de7035adea10c80ca9083a761bffe359', 14, 1, 'chat_project@DIGISOLAPP', '[]', 0, '2022-01-25 12:38:25', '2022-01-25 12:38:25', '2022-02-22 13:38:26'),
('f2dd1490aa3d42d11f44e928175c4179082f013c924a3c730ee88c31cdd6c42b8eb3f9bbf30562f8', 119, 1, 'chat_project@DIGISOLAPP', '[]', 1, '2022-07-06 13:58:41', '2022-07-06 13:58:41', '2022-08-03 15:58:42'),
('f2f4bf528abab10e66a4c1543a46314cf5c55faf5b5884dd7bc2d9e450d6dd9ef3e0817e4c51c631', 88, 1, 'chat_project@DIGISOLAPP', '[]', 1, '2022-04-04 12:37:04', '2022-04-04 12:37:04', '2022-05-02 14:37:04'),
('f314654ed296a6b0bdd4febdfdad38204115772f52f38036d4e31013b730dc3bb702222d727230df', NULL, 1, 'API Token', '[]', 0, '2022-03-24 13:43:09', '2022-03-24 13:43:09', '2023-03-24 14:43:09'),
('f32385bd2e15a2664c0c4416d972f9806d718332b0cacb8bd321c1386e7b37aab823e4eb77e3dfb4', 116, 1, 'chat_project@DIGISOLAPP', '[]', 1, '2022-06-05 12:54:40', '2022-06-05 12:54:40', '2022-07-03 14:54:40'),
('f383b1ea415d797fbdbaa545e5e7173d0e59ee3858aa27a0f344a1c1519d71c2d6185844009fac58', 105, 1, 'chat_project@DIGISOLAPP', '[]', 0, '2022-05-08 10:07:50', '2022-05-08 10:07:50', '2022-06-05 12:07:50'),
('f3c0b583f47457f55fb6ba3e52dccb78496fd5b5c88d570b962ca0f7d1f881bd54b4cba5f5333edf', 75, 1, 'chat_project@DIGISOLAPP', '[]', 0, '2022-03-05 15:19:53', '2022-03-05 15:19:53', '2022-04-02 16:19:53'),
('f42a9d580fc4eba575c4b9934bf10b9c675597f70aa7268deee10b1431c5e7f9a2f1b655dd7ccc5f', 45, 1, 'chat_project@DIGISOLAPP', '[]', 0, '2022-02-03 08:43:50', '2022-02-03 08:43:50', '2022-03-03 09:43:50'),
('f44950c72b02a5fac7e9dcda8a77a887bcf6b9626042c7d30e50d5027ef69f69f415c0f1e9121cb2', 50, 1, 'chat_project@DIGISOLAPP', '[]', 1, '2022-03-20 13:35:40', '2022-03-20 13:35:40', '2022-04-17 14:35:40'),
('f4a4d4f52ccdc745feaa9317e1e4bf03d53c61571f552bc750993034b0fb2117b3dceb52ed6f1f0d', 44, 1, 'chat_project@DIGISOLAPP', '[]', 1, '2022-02-07 12:52:24', '2022-02-07 12:52:24', '2022-03-07 13:52:24'),
('f4a6496557e4670ff0164f99c83bde17a4349c58ea5fb5256d04d6beafe773c3f188952be6d4b20e', 110, 1, 'chat_project@DIGISOLAPP', '[]', 0, '2022-06-10 19:53:44', '2022-06-10 19:53:44', '2022-07-08 21:53:44'),
('f4b64b4cd9bc17382d0a29fc2525fdff6225cb25ae5dacb39c78b06fb845fe20d922fc25efeded3a', 20, 1, 'chat_project@DIGISOLAPP', '[]', 1, '2022-01-31 11:34:04', '2022-01-31 11:34:04', '2022-02-28 12:34:04'),
('f529eb1f4ecf4c952d19a6a44ecb2a772491b735bf0e3b2c67e8a46397b6fecb76e85eb3972bbec5', 120, 1, 'chat_project@DIGISOLAPP', '[]', 1, '2022-05-14 10:23:39', '2022-05-14 10:23:39', '2022-06-11 12:23:39'),
('f529f79c8e90a728f72db42db95f84db9d4b70283beb9370273f7e9c209289d4236f94731fa7d057', 120, 1, 'chat_project@DIGISOLAPP', '[]', 1, '2022-05-07 13:31:47', '2022-05-07 13:31:47', '2022-06-04 15:31:47'),
('f590d895bed6dfc2e2f2a724228b0025dfecb5880c1ddee98d89674f892388e1438cbca1273151fd', 107, 1, 'chat_project@DIGISOLAPP', '[]', 0, '2022-05-14 14:51:55', '2022-05-14 14:51:55', '2022-06-11 16:51:55'),
('f5b26dd36952a960c7b09da2b66f4fce825d79c26f6883a4c57cfaaedad760938b66da92a1fc513e', 119, 1, 'chat_project@DIGISOLAPP', '[]', 0, '2022-06-04 08:22:18', '2022-06-04 08:22:18', '2022-07-02 10:22:18'),
('f5c4ba30ca32d3792a6f171567dff8ca1f4d8bb6b0ae9c0b177d84e799872db6dcceba2a80b2a4d2', 44, 1, 'chat_project@DIGISOLAPP', '[]', 1, '2022-02-03 08:40:12', '2022-02-03 08:40:12', '2022-03-03 09:40:12'),
('f5ebb421a2ea7a399e9b1f138117dc68296a0b0a9e0e9a14d0c2102fb7cee678434bdb4f2bd7af95', 130, 1, 'chat_project@DIGISOLAPP', '[]', 0, '2022-07-18 08:00:24', '2022-07-18 08:00:24', '2022-08-15 10:00:24'),
('f60a0f85b64f325b45233e8e594c1020a39e966ec6aa248f05e128ad55699b216a36a4ed961df145', 29, 1, 'chat_project@DIGISOLAPP', '[]', 1, '2022-01-31 22:49:48', '2022-01-31 22:49:48', '2022-02-28 23:49:48'),
('f630281b62ee79f420600557e34f1d8e8fe28566bcc8791a600a8551e931e2c62b584161ac86ab8f', 12, 1, 'chat_project@DIGISOLAPP', '[]', 0, '2022-01-25 12:15:30', '2022-01-25 12:15:30', '2022-02-22 13:15:30'),
('f675223fd77e5145e5d4dd465698f7f61e9f9c58e7a7acc03710408a0887ea097f6729a75dad2852', 159, 1, 'chat_project@DIGISOLAPP', '[]', 1, '2023-01-29 17:20:14', '2023-01-29 17:20:14', '2023-02-26 18:20:14'),
('f74715c9d1f855135c8f683ff50bdab62116ba0528f4bf4ba53a2313458d13328116c725aa62d4a8', 71, 1, 'chat_project@DIGISOLAPP', '[]', 1, '2022-03-19 12:45:29', '2022-03-19 12:45:29', '2022-04-16 13:45:29'),
('f75aea8e2f0f4867281f2e09d857e6be48765f05ca00f8b2ac4c7430adfb33302c9ed6ea0fdbb8bf', 61, 1, 'chat_project@DIGISOLAPP', '[]', 0, '2022-03-12 13:27:19', '2022-03-12 13:27:19', '2022-04-09 14:27:19'),
('f77cf1d96e37e28a19c0f5c1bb32d03ccac33d42f808143d884b17c0778686b3291a87558e239803', 157, 1, 'chat_project@DIGISOLAPP', '[]', 0, '2023-02-02 13:08:21', '2023-02-02 13:08:21', '2023-03-02 14:08:21'),
('f78428d75b5117defd7ed4b1a9d343a36a929fe0e5a5274640fb3f3e80a8e3bf21a358c17cb36927', 109, 1, 'chat_project@DIGISOLAPP', '[]', 0, '2022-04-15 18:42:51', '2022-04-15 18:42:51', '2022-05-13 20:42:51'),
('f786f50a68e23ef5c4b3712c13030e0610cbc5eb5e3296ff726e3041eb48fff908838a1291886daa', 1, 1, 'chat_project@DIGISOLAPP', '[]', 1, '2022-01-24 09:35:17', '2022-01-24 09:35:17', '2022-02-21 10:35:17'),
('f78c8da452e2adeb97eac55a03bad984d5263a8a294aadcdfc1001807a01742b561225306055ffca', 119, 1, 'chat_project@DIGISOLAPP', '[]', 0, '2022-07-03 14:47:24', '2022-07-03 14:47:24', '2022-07-31 16:47:24'),
('f78e004113b281d379ac0eec3ead35fc95545fd119d6057dde142c92613895f4f07506c25637aa58', 131, 1, 'chat_project@DIGISOLAPP', '[]', 1, '2022-05-11 13:45:23', '2022-05-11 13:45:23', '2022-06-08 15:45:23'),
('f7b2b0f1b93a0b0013ccc70a39a6d919c774dc7b4fa8e3f5e4fba838d3a6b5dd25a0eea1fedb26a8', 94, 1, 'chat_project@DIGISOLAPP', '[]', 1, '2022-04-07 12:58:22', '2022-04-07 12:58:22', '2022-05-05 14:58:22'),
('f7d55b48aee472d651e8a9d547b90d9718a456c172f8a8d66ffd3d524033ef2281cc33d4bc3e7d6e', 11, 1, 'chat_project@DIGISOLAPP', '[]', 1, '2022-01-30 14:40:46', '2022-01-30 14:40:46', '2022-02-27 15:40:46'),
('f7f4899c5a7093132ea2cd55354aeb680807b4ee08217bc5f8e6c1afd6e05e1b20a1691ebdb15f4e', 50, 1, 'chat_project@DIGISOLAPP', '[]', 1, '2022-03-20 08:55:30', '2022-03-20 08:55:30', '2022-04-17 09:55:30'),
('f7f86eef89b5d5a5a36e314f67ae127ac353c6d8609f0ea4df0da023412fb1653203f7d8122baab8', 59, 1, 'chat_project@DIGISOLAPP', '[]', 1, '2022-03-08 09:07:50', '2022-03-08 09:07:50', '2022-04-05 10:07:50'),
('f864c3e9c98980a2ce5c9d8a5b9df2b2e50f7517a0efae22dc882815e0dac0cf9be5a98d7b474e2d', 120, 1, 'chat_project@DIGISOLAPP', '[]', 1, '2022-07-14 09:24:53', '2022-07-14 09:24:53', '2022-08-11 11:24:53'),
('f88f351ec6e4231892cfa6ae62ee7870aa25f1043719732840571105f444b253a0b2ed373ca0dfea', 78, 1, 'chat_project@DIGISOLAPP', '[]', 1, '2022-03-13 13:08:56', '2022-03-13 13:08:56', '2022-04-10 14:08:56'),
('f8aace12f3ba18207fa83aa8c21dd4dd1f756dc212ef89d3a264b3dd4ffcbf662d1e9bf76457c4f6', 57, 1, 'chat_project@DIGISOLAPP', '[]', 1, '2022-02-17 10:19:41', '2022-02-17 10:19:41', '2022-03-17 11:19:41'),
('f8c3362c6d1adb60e5ebf836e76cf54070d31d9f021fb02870f158e4bef9ecf717c3f648d8c071e3', 116, 1, 'chat_project@DIGISOLAPP', '[]', 1, '2022-05-25 09:43:39', '2022-05-25 09:43:39', '2022-06-22 11:43:39'),
('f95529a41b5798dc0a331cd6fea850991c69991507bb831148c79631fe034016d3a6d11da4fe806c', 120, 1, 'chat_project@DIGISOLAPP', '[]', 1, '2022-05-29 08:29:21', '2022-05-29 08:29:21', '2022-06-26 10:29:21'),
('f967dceb1252d4718c4d1048f8103e8b0447ac3a44fde81f40ca25328f5242b1f8440dd15147d96c', 108, 1, 'chat_project@DIGISOLAPP', '[]', 0, '2022-04-10 13:08:50', '2022-04-10 13:08:50', '2022-05-08 15:08:50'),
('f98f8cb4ed70e0393e2f06e2dac736fc8a0bba32993500b6563a938a559e94f54120df8be1c4d988', 87, 1, 'chat_project@DIGISOLAPP', '[]', 0, '2022-04-05 09:28:37', '2022-04-05 09:28:37', '2022-05-03 11:28:37'),
('f9bf609bae524368d138986397e90c845af17339688223268a9f8bc503c4b3f1b148acfb9d577c7a', 77, 1, 'chat_project@DIGISOLAPP', '[]', 0, '2022-03-05 15:58:53', '2022-03-05 15:58:53', '2022-04-02 16:58:53'),
('f9df6fd753414fb443da963130a3b0222567fbf2ef783068ee5d89c97154c9d81c653882ad5220db', 122, 1, 'chat_project@DIGISOLAPP', '[]', 1, '2022-06-18 09:20:52', '2022-06-18 09:20:52', '2022-07-16 11:20:52'),
('f9f5ad18003129c9dfbfe4635aaa091e4e8fb14535298a64d561de767b798338b9a5d6d3e6a42228', 116, 1, 'chat_project@DIGISOLAPP', '[]', 1, '2022-06-08 09:14:19', '2022-06-08 09:14:19', '2022-07-06 11:14:19'),
('fa136a18a6710575ac061a35e8e2c5eb287a312d40b0542d9c6aef1deb3a0f088a62f2dd8e044b53', 116, 1, 'chat_project@DIGISOLAPP', '[]', 1, '2022-05-21 11:08:47', '2022-05-21 11:08:47', '2022-06-18 13:08:47'),
('fa2928516333a1af78cc8f34d45a4c0e5292db048d994763e3ffc59b7cd85043fcb19362d0bea02b', 25, 1, 'chat_project@DIGISOLAPP', '[]', 0, '2022-01-30 14:42:01', '2022-01-30 14:42:01', '2022-02-27 15:42:01'),
('fa2c680335c76086e65c200c007b1f4715d9bb87d45076ae1520f74cd911e98fc33da6ddfc1d8e38', 132, 1, 'chat_project@DIGISOLAPP', '[]', 0, '2022-06-08 07:28:02', '2022-06-08 07:28:02', '2022-07-06 09:28:02'),
('fa98d091f7d79586635a90afe87e191645a0f94b734aff27deafba8bb8a9e7710fbeee2bac790c8f', 120, 1, 'chat_project@DIGISOLAPP', '[]', 0, '2022-06-21 09:03:25', '2022-06-21 09:03:25', '2022-07-19 11:03:25'),
('fa9c94fd0eb367a6c24e5e4e3ae4a02fc7c786da39a159e0bfe2d84ba0fc9b1fbddadf4fcf0a696d', 119, 1, 'chat_project@DIGISOLAPP', '[]', 1, '2022-05-08 08:20:40', '2022-05-08 08:20:40', '2022-06-05 10:20:40'),
('fae2b45612a9fbb8e8251d1d20854885eaa28a6221561e54a316f97e2d75760624c5f1d06f305502', 115, 1, 'chat_project@DIGISOLAPP', '[]', 1, '2022-04-14 12:37:58', '2022-04-14 12:37:58', '2022-05-12 14:37:58'),
('fb176d83a36e9e615d0e0f415b1662b8b1bfdbe98edb07c5c32c8ae5048e67944a4894854ed510d2', 118, 1, 'chat_project@DIGISOLAPP', '[]', 0, '2022-04-20 10:01:07', '2022-04-20 10:01:07', '2022-05-18 12:01:07'),
('fb223aa3eaebd25291cdd0c9b69d05129ae6053ce24b81ce7467380f7c4950352b7b2ddbd34656fe', 138, 1, 'chat_project@DIGISOLAPP', '[]', 0, '2022-06-18 10:15:55', '2022-06-18 10:15:55', '2022-07-16 12:15:55'),
('fb2355778f4722f4913a4193d8b136015da72ae8838665c2be22381e4d56322bca6ccb266da34e69', 41, 1, 'chat_project@DIGISOLAPP', '[]', 1, '2022-02-02 16:02:46', '2022-02-02 16:02:46', '2022-03-02 17:02:46'),
('fb4e30317190f51a0c84827fee7a999aa75abf82eab7eb10ea63dd96a64e31e55ee9d06c4e8726dc', 116, 1, 'chat_project@DIGISOLAPP', '[]', 1, '2022-05-12 13:01:46', '2022-05-12 13:01:46', '2022-06-09 15:01:46'),
('fb70f25d3fd581c6595a3d0857f6f8613e959d3279239a7154acd2e1cd1ed0b33c091ef736b248da', 102, 1, 'chat_project@DIGISOLAPP', '[]', 0, '2022-04-11 09:40:18', '2022-04-11 09:40:18', '2022-05-09 11:40:19'),
('fb9afe8cb10fb7de7527cbe6d811ae1eaf7e46e828a135941f6e3e9aa26900320d0f0eed63899dec', 132, 1, 'chat_project@DIGISOLAPP', '[]', 1, '2022-06-14 08:13:44', '2022-06-14 08:13:44', '2022-07-12 10:13:44'),
('fba29631edbcbd3a01145684aa1687be5030ed66bba89c7d2041ac3c86d66360521957d0ffd510af', 120, 1, 'chat_project@DIGISOLAPP', '[]', 1, '2022-06-18 08:32:22', '2022-06-18 08:32:22', '2022-07-16 10:32:22'),
('fbbe550a851c9b3e1bbfa8506c17ba54148efb241e90145b30d1aa3601ac6315b9b56ccf2d2b8d4d', 12, 1, 'chat_project@DIGISOLAPP', '[]', 1, '2022-01-24 20:08:13', '2022-01-24 20:08:13', '2022-02-21 21:08:13'),
('fbfda92874dac0d4c84d5872a4c36d5db57445d4139c3aedca4a82c638012f2ded37c1a279c66360', 150, 1, 'chat_project@DIGISOLAPP', '[]', 1, '2022-09-10 11:15:08', '2022-09-10 11:15:08', '2022-10-08 13:15:08'),
('fc0d4552d1f2f481eadd9e347dee70ae1046df7fe4d13d963836b1a4106b601cfa6f44398e1e2911', 80, 1, 'chat_project@DIGISOLAPP', '[]', 1, '2022-03-24 10:38:56', '2022-03-24 10:38:56', '2022-04-21 11:38:56'),
('fc16062628c225d9f51b6a65aad49c739a3dfc95f9b68dc7dec53718f42ed5a74667056f44d2aa47', 109, 1, 'chat_project@DIGISOLAPP', '[]', 0, '2022-05-17 18:10:49', '2022-05-17 18:10:49', '2022-06-14 20:10:49'),
('fc4dec9917fe243faaeb60755b415d1645ff00d6f7e067eb24702ed50f9ae1ce47948ee666433b6c', 120, 1, 'chat_project@DIGISOLAPP', '[]', 0, '2022-05-16 13:35:44', '2022-05-16 13:35:44', '2022-06-13 15:35:44'),
('fc5f3175a2b9175ab5e756d302d5ca4759e5f6dfdf345cf721dfe1f2ec4cdade1ff4634306321777', 105, 1, 'chat_project@DIGISOLAPP', '[]', 0, '2022-05-29 08:11:22', '2022-05-29 08:11:22', '2022-06-26 10:11:22'),
('fd11d4fbbd128f6081a03251a3c1b6eacadb1b824025fd055af6f4f6ad64eb3b497225950d212f79', 119, 1, 'chat_project@DIGISOLAPP', '[]', 1, '2022-04-25 08:46:31', '2022-04-25 08:46:31', '2022-05-23 10:46:31'),
('fd68afc0bb8cd6f7b798ba02013e3ae282888558839f585e463392a097b765d1bd8b11be12f024ec', 120, 1, 'chat_project@DIGISOLAPP', '[]', 0, '2022-07-18 11:03:59', '2022-07-18 11:03:59', '2022-08-15 13:04:00'),
('fd95e5f287517528c6066ebc91d01f228ddbcf1366edeb16cd15e2d7917cd04e9c1c5348a9c5a514', 71, 1, 'chat_project@DIGISOLAPP', '[]', 1, '2022-03-24 12:22:34', '2022-03-24 12:22:34', '2022-04-21 13:22:34'),
('fde391794ba121e2491c94aeb0b9927a43deb5f2a6924ed162d43c6027ba7d6424a7f1c0e4919235', 153, 1, 'chat_project@DIGISOLAPP', '[]', 1, '2022-09-11 09:54:00', '2022-09-11 09:54:00', '2022-10-09 11:54:00'),
('fe0471ebfe5de3a41be887f02cc64da667dc0f3cce339533bb33fcd74cdb456399c098ca69c19061', 120, 1, 'chat_project@DIGISOLAPP', '[]', 1, '2022-07-06 08:40:16', '2022-07-06 08:40:16', '2022-08-03 10:40:16'),
('fe1f14771188b8d1c8e7f13263f5d274d9d5cd4e1b4366be03542124bc20e627b8e147f2ecebe381', 117, 1, 'chat_project@DIGISOLAPP', '[]', 0, '2022-04-17 12:01:27', '2022-04-17 12:01:27', '2022-05-15 14:01:27'),
('fef8c3724c2cd601c509da4a6ba3de37c380f67e02c83ab70ee6639f3eac9daa85b796fcc3296205', 132, 1, 'chat_project@DIGISOLAPP', '[]', 1, '2022-05-29 11:14:13', '2022-05-29 11:14:13', '2022-06-26 13:14:13'),
('ff331efa6e4c6599932bcb3c940f217fbee00848b7efdb080b1b97c683817462460fe9e74c057de6', 120, 1, 'chat_project@DIGISOLAPP', '[]', 1, '2022-09-07 21:13:22', '2022-09-07 21:13:22', '2022-10-05 23:13:22'),
('ff42dfcd5dd1a36851eb8d1789b9c01e57233f9a33a53099513fadeabf86c775437ec2d2b405890e', 44, 1, 'chat_project@DIGISOLAPP', '[]', 1, '2022-02-06 13:21:13', '2022-02-06 13:21:13', '2022-03-06 14:21:13'),
('ff6bf43c76aebbbb3beab880435702d89cdef65c4f58a8c26d4b2ab2e5c7ba628f3116820fd6319a', 6, 1, 'chat_project@DIGISOLAPP', '[]', 1, '2022-01-24 12:54:00', '2022-01-24 12:54:00', '2022-02-21 13:54:00'),
('ff7ceae95dd63063cba4b2ccd3586794f6571bb2e003c6fe04ea297be1801561fc2833ce67898e29', 87, 1, 'chat_project@DIGISOLAPP', '[]', 1, '2022-04-06 09:03:13', '2022-04-06 09:03:13', '2022-05-04 11:03:13'),
('ff92e6afbe27e4333eec7bfa0e4a0de8aebc42dbb5cfc07f8130a8a8823f9337326192fe91a106c3', 116, 1, 'chat_project@DIGISOLAPP', '[]', 1, '2022-06-01 09:38:50', '2022-06-01 09:38:50', '2022-06-29 11:38:50');

-- --------------------------------------------------------

--
-- Table structure for table `oauth_auth_codes`
--

CREATE TABLE `oauth_auth_codes` (
  `id` varchar(100) COLLATE utf8mb4_unicode_ci NOT NULL,
  `user_id` bigint(20) UNSIGNED NOT NULL,
  `client_id` bigint(20) UNSIGNED NOT NULL,
  `scopes` text COLLATE utf8mb4_unicode_ci,
  `revoked` tinyint(1) NOT NULL,
  `expires_at` datetime DEFAULT NULL
) ENGINE=InnoDB DEFAULT CHARSET=utf8mb4 COLLATE=utf8mb4_unicode_ci;

-- --------------------------------------------------------

--
-- Table structure for table `oauth_clients`
--

CREATE TABLE `oauth_clients` (
  `id` bigint(20) UNSIGNED NOT NULL,
  `user_id` bigint(20) UNSIGNED DEFAULT NULL,
  `name` varchar(255) COLLATE utf8mb4_unicode_ci NOT NULL,
  `secret` varchar(100) COLLATE utf8mb4_unicode_ci DEFAULT NULL,
  `provider` varchar(255) COLLATE utf8mb4_unicode_ci DEFAULT NULL,
  `redirect` text COLLATE utf8mb4_unicode_ci NOT NULL,
  `personal_access_client` tinyint(1) NOT NULL,
  `password_client` tinyint(1) NOT NULL,
  `revoked` tinyint(1) NOT NULL,
  `created_at` timestamp NULL DEFAULT NULL,
  `updated_at` timestamp NULL DEFAULT NULL
) ENGINE=InnoDB DEFAULT CHARSET=utf8mb4 COLLATE=utf8mb4_unicode_ci;

--
-- Dumping data for table `oauth_clients`
--

INSERT INTO `oauth_clients` (`id`, `user_id`, `name`, `secret`, `provider`, `redirect`, `personal_access_client`, `password_client`, `revoked`, `created_at`, `updated_at`) VALUES
(1, NULL, 'isteshara Personal Access Client', 'F83MGHgsBT2MaMtHYVA6ugs1loxAt9f7O3ODL1bT', NULL, 'http://localhost', 1, 0, 0, '2022-01-24 09:28:26', '2022-01-24 09:28:26'),
(2, NULL, 'isteshara Password Grant Client', 'CpoYhSOwS7p0Mq0WfcTvJegIPMmC0FtIb3CzlxMN', 'users', 'http://localhost', 0, 1, 0, '2022-01-24 09:28:26', '2022-01-24 09:28:26');

-- --------------------------------------------------------

--
-- Table structure for table `oauth_personal_access_clients`
--

CREATE TABLE `oauth_personal_access_clients` (
  `id` bigint(20) UNSIGNED NOT NULL,
  `client_id` bigint(20) UNSIGNED NOT NULL,
  `created_at` timestamp NULL DEFAULT NULL,
  `updated_at` timestamp NULL DEFAULT NULL
) ENGINE=InnoDB DEFAULT CHARSET=utf8mb4 COLLATE=utf8mb4_unicode_ci;

--
-- Dumping data for table `oauth_personal_access_clients`
--

INSERT INTO `oauth_personal_access_clients` (`id`, `client_id`, `created_at`, `updated_at`) VALUES
(1, 1, '2022-01-24 09:28:26', '2022-01-24 09:28:26');

-- --------------------------------------------------------

--
-- Table structure for table `oauth_refresh_tokens`
--

CREATE TABLE `oauth_refresh_tokens` (
  `id` varchar(100) COLLATE utf8mb4_unicode_ci NOT NULL,
  `access_token_id` varchar(100) COLLATE utf8mb4_unicode_ci NOT NULL,
  `revoked` tinyint(1) NOT NULL,
  `expires_at` datetime DEFAULT NULL
) ENGINE=InnoDB DEFAULT CHARSET=utf8mb4 COLLATE=utf8mb4_unicode_ci;

-- --------------------------------------------------------

--
-- Table structure for table `objects`
--

CREATE TABLE `objects` (
  `id` bigint(20) UNSIGNED NOT NULL,
  `name` varchar(255) COLLATE utf8mb4_unicode_ci NOT NULL,
  `type_id` bigint(20) UNSIGNED NOT NULL,
  `created_at` timestamp NULL DEFAULT NULL,
  `updated_at` timestamp NULL DEFAULT NULL
) ENGINE=InnoDB DEFAULT CHARSET=utf8mb4 COLLATE=utf8mb4_unicode_ci;

--
-- Dumping data for table `objects`
--

INSERT INTO `objects` (`id`, `name`, `type_id`, `created_at`, `updated_at`) VALUES
(1, 'Chef Eyad Restaurant', 1, NULL, NULL),
(2, 'Clinic A', 2, NULL, NULL);

-- --------------------------------------------------------

--
-- Table structure for table `object_bookings`
--

CREATE TABLE `object_bookings` (
  `id` bigint(20) UNSIGNED NOT NULL,
  `reservation_record_id` int(11) DEFAULT NULL,
  `date` date NOT NULL,
  `slot_id` bigint(20) UNSIGNED NOT NULL,
  `object_id` bigint(20) UNSIGNED NOT NULL,
  `is_online` tinyint(4) NOT NULL DEFAULT '0',
  `created_at` timestamp NULL DEFAULT NULL,
  `updated_at` timestamp NULL DEFAULT NULL
) ENGINE=InnoDB DEFAULT CHARSET=utf8mb4 COLLATE=utf8mb4_unicode_ci;

--
-- Dumping data for table `object_bookings`
--

INSERT INTO `object_bookings` (`id`, `reservation_record_id`, `date`, `slot_id`, `object_id`, `is_online`, `created_at`, `updated_at`) VALUES
(1, 1, '2023-02-06', 23, 4, 0, '2023-02-05 13:26:13', '2023-02-05 13:26:13'),
(2, 2, '2023-02-06', 24, 4, 0, '2023-02-05 13:29:09', '2023-02-05 13:29:09'),
(3, 3, '2023-02-06', 25, 4, 0, '2023-02-05 13:29:33', '2023-02-05 13:29:33'),
(4, 4, '2023-02-06', 26, 4, 0, '2023-02-05 13:39:39', '2023-02-05 13:39:39'),
(5, 5, '2023-02-08', 27, 4, 0, '2023-02-05 13:41:06', '2023-02-05 13:41:06'),
(6, 6, '2023-02-08', 28, 4, 0, '2023-02-05 13:41:30', '2023-02-05 13:41:30'),
(7, 7, '2023-02-08', 29, 4, 0, '2023-02-05 13:43:37', '2023-02-05 13:43:37');

-- --------------------------------------------------------

--
-- Table structure for table `object_details`
--

CREATE TABLE `object_details` (
  `id` bigint(20) UNSIGNED NOT NULL,
  `object_id` bigint(20) UNSIGNED NOT NULL,
  `time_slot_type_id` bigint(20) UNSIGNED NOT NULL,
  `description` varchar(255) COLLATE utf8mb4_unicode_ci DEFAULT NULL,
  `created_at` timestamp NULL DEFAULT NULL,
  `updated_at` timestamp NULL DEFAULT NULL
) ENGINE=InnoDB DEFAULT CHARSET=utf8mb4 COLLATE=utf8mb4_unicode_ci;

--
-- Dumping data for table `object_details`
--

INSERT INTO `object_details` (`id`, `object_id`, `time_slot_type_id`, `description`, `created_at`, `updated_at`) VALUES
(1, 1, 1, 'Table #1', NULL, NULL),
(2, 1, 1, 'Table #2', NULL, NULL),
(3, 1, 1, 'Table #3', NULL, NULL),
(4, 2, 2, 'Dr A', '2023-01-25 11:37:33', '2023-01-25 11:37:33');

-- --------------------------------------------------------

--
-- Table structure for table `object_types`
--

CREATE TABLE `object_types` (
  `id` bigint(20) UNSIGNED NOT NULL,
  `description` varchar(255) COLLATE utf8mb4_unicode_ci NOT NULL,
  `created_at` timestamp NULL DEFAULT NULL,
  `updated_at` timestamp NULL DEFAULT NULL
) ENGINE=InnoDB DEFAULT CHARSET=utf8mb4 COLLATE=utf8mb4_unicode_ci;

--
-- Dumping data for table `object_types`
--

INSERT INTO `object_types` (`id`, `description`, `created_at`, `updated_at`) VALUES
(1, 'Restaurants', NULL, NULL),
(2, 'Clinics', NULL, NULL);

-- --------------------------------------------------------

--
-- Table structure for table `object_week_days`
--

CREATE TABLE `object_week_days` (
  `id` bigint(20) UNSIGNED NOT NULL,
  `time_slot_type_id` bigint(20) UNSIGNED NOT NULL,
  `week_day_number` tinyint(4) NOT NULL,
  `week_day_en_name` varchar(255) COLLATE utf8mb4_unicode_ci NOT NULL,
  `week_day_ar_name` varchar(255) COLLATE utf8mb4_unicode_ci NOT NULL,
  `is_off` tinyint(4) NOT NULL,
  `created_at` timestamp NULL DEFAULT NULL,
  `updated_at` timestamp NULL DEFAULT NULL
) ENGINE=InnoDB DEFAULT CHARSET=utf8mb4 COLLATE=utf8mb4_unicode_ci;

--
-- Dumping data for table `object_week_days`
--

INSERT INTO `object_week_days` (`id`, `time_slot_type_id`, `week_day_number`, `week_day_en_name`, `week_day_ar_name`, `is_off`, `created_at`, `updated_at`) VALUES
(1, 1, 0, 'Sunday', 'الأحد', 0, NULL, NULL),
(2, 1, 1, 'Monday', 'الاثنين', 0, NULL, NULL),
(3, 1, 2, 'Tuesday', 'الثلاثاء', 0, NULL, NULL),
(4, 1, 3, 'Wednesday', 'الأربعاء', 0, NULL, NULL),
(5, 1, 4, 'Thursday', 'الخميس', 0, NULL, NULL),
(6, 1, 5, 'Friday', 'الجمعة', 1, NULL, NULL),
(7, 1, 6, 'Saturday', 'السبت', 0, NULL, NULL),
(8, 2, 1, 'Monday', 'الاثنين', 0, NULL, NULL),
(9, 2, 3, 'Wednesday', 'الأربعاء', 0, NULL, NULL);

-- --------------------------------------------------------

--
-- Table structure for table `online_bookings`
--

CREATE TABLE `online_bookings` (
  `id` bigint(20) UNSIGNED NOT NULL,
  `booking_id` bigint(20) UNSIGNED NOT NULL,
  `zoom_url` varchar(255) COLLATE utf8mb4_unicode_ci NOT NULL,
  `meeting_id` varchar(255) COLLATE utf8mb4_unicode_ci NOT NULL,
  `created_at` timestamp NULL DEFAULT NULL,
  `updated_at` timestamp NULL DEFAULT NULL
) ENGINE=InnoDB DEFAULT CHARSET=utf8mb4 COLLATE=utf8mb4_unicode_ci;

-- --------------------------------------------------------

--
-- Table structure for table `password_resets`
--

CREATE TABLE `password_resets` (
  `email` varchar(255) COLLATE utf8mb4_unicode_ci NOT NULL,
  `token` varchar(255) COLLATE utf8mb4_unicode_ci NOT NULL,
  `created_at` timestamp NULL DEFAULT NULL
) ENGINE=InnoDB DEFAULT CHARSET=utf8mb4 COLLATE=utf8mb4_unicode_ci;

-- --------------------------------------------------------

--
-- Table structure for table `promo_codes`
--

CREATE TABLE `promo_codes` (
  `id` bigint(20) UNSIGNED NOT NULL,
  `user_id` bigint(20) UNSIGNED NOT NULL,
  `Promo_code` varchar(255) COLLATE utf8mb4_unicode_ci NOT NULL,
  `points` double(8,2) NOT NULL,
  `created_at` timestamp NULL DEFAULT NULL,
  `updated_at` timestamp NULL DEFAULT NULL
) ENGINE=InnoDB DEFAULT CHARSET=utf8mb4 COLLATE=utf8mb4_unicode_ci;

-- --------------------------------------------------------

--
-- Table structure for table `referred_consultations`
--

CREATE TABLE `referred_consultations` (
  `id` bigint(20) UNSIGNED NOT NULL,
  `consultation_id` bigint(20) UNSIGNED NOT NULL,
  `consultant_id` bigint(20) UNSIGNED NOT NULL,
  `room_id` bigint(20) UNSIGNED NOT NULL,
  `user_id` bigint(20) UNSIGNED NOT NULL,
  `status` tinyint(1) NOT NULL DEFAULT '1' COMMENT '1-not read 2 -readable 3-not important 4-completed',
  `type` varchar(255) COLLATE utf8mb4_unicode_ci NOT NULL COMMENT '1-Pharmacist 2-nutrition 3-diabetes',
  `created_at` timestamp NULL DEFAULT NULL,
  `updated_at` timestamp NULL DEFAULT NULL
) ENGINE=InnoDB DEFAULT CHARSET=utf8mb4 COLLATE=utf8mb4_unicode_ci;

-- --------------------------------------------------------

--
-- Table structure for table `request_consultants`
--

CREATE TABLE `request_consultants` (
  `id` bigint(20) UNSIGNED NOT NULL,
  `user_id` bigint(20) UNSIGNED NOT NULL,
  `status` int(11) NOT NULL DEFAULT '1' COMMENT '1-waiting 2-accepted 3 rejected',
  `created_at` timestamp NULL DEFAULT NULL,
  `updated_at` timestamp NULL DEFAULT NULL
) ENGINE=InnoDB DEFAULT CHARSET=utf8mb4 COLLATE=utf8mb4_unicode_ci;

-- --------------------------------------------------------

--
-- Table structure for table `request_consultant_chats`
--

CREATE TABLE `request_consultant_chats` (
  `id` bigint(20) UNSIGNED NOT NULL,
  `request_id` bigint(20) UNSIGNED NOT NULL,
  `room_id` bigint(20) UNSIGNED NOT NULL,
  `status` bigint(20) UNSIGNED NOT NULL COMMENT '1-active  2-not active',
  `created_at` timestamp NULL DEFAULT NULL,
  `updated_at` timestamp NULL DEFAULT NULL
) ENGINE=InnoDB DEFAULT CHARSET=utf8mb4 COLLATE=utf8mb4_unicode_ci;

-- --------------------------------------------------------

--
-- Table structure for table `request_consultations`
--

CREATE TABLE `request_consultations` (
  `id` bigint(20) UNSIGNED NOT NULL,
  `user_id` bigint(20) UNSIGNED NOT NULL,
  `room_id` bigint(20) UNSIGNED NOT NULL,
  `status` int(11) NOT NULL DEFAULT '1' COMMENT '1-waiting and not readed 2-accepted and readed 3 -follow up 4-rejected 5-completed 6-vip',
  `created_at` timestamp NULL DEFAULT NULL,
  `updated_at` timestamp NULL DEFAULT NULL
) ENGINE=InnoDB DEFAULT CHARSET=utf8mb4 COLLATE=utf8mb4_unicode_ci;

--
-- Dumping data for table `request_consultations`
--

INSERT INTO `request_consultations` (`id`, `user_id`, `room_id`, `status`, `created_at`, `updated_at`) VALUES
(1, 157, 1967, 4, '2023-02-01 08:19:53', '2023-02-01 09:30:36'),
(2, 157, 1973, 3, '2023-02-01 09:23:17', '2023-02-01 09:28:49'),
(3, 159, 1974, 2, '2023-02-01 09:33:36', '2023-02-05 10:53:57');

-- --------------------------------------------------------

--
-- Table structure for table `rooms`
--

CREATE TABLE `rooms` (
  `id` bigint(20) UNSIGNED NOT NULL,
  `room_id` varchar(255) COLLATE utf8mb4_unicode_ci NOT NULL DEFAULT '1',
  `status` tinyint(1) NOT NULL DEFAULT '1' COMMENT '1-active 2-inactive ',
  `type` int(11) NOT NULL DEFAULT '1' COMMENT '1-one-one 2-group',
  `standard` int(11) NOT NULL DEFAULT '1' COMMENT '1 -normal 2-Vip ',
  `chat_type` int(11) NOT NULL DEFAULT '1' COMMENT '1 -normal 2-consultant - user 3- admin - consultant',
  `created_at` timestamp NOT NULL DEFAULT CURRENT_TIMESTAMP,
  `updated_at` timestamp NOT NULL DEFAULT CURRENT_TIMESTAMP ON UPDATE CURRENT_TIMESTAMP
) ENGINE=InnoDB DEFAULT CHARSET=utf8mb4 COLLATE=utf8mb4_unicode_ci;

--
-- Dumping data for table `rooms`
--

INSERT INTO `rooms` (`id`, `room_id`, `status`, `type`, `standard`, `chat_type`, `created_at`, `updated_at`) VALUES
(1888, 'xjbgnh55vt5wpfd13zrxg', 1, 1, 1, 2, '2022-07-07 12:43:24', '2022-07-13 12:00:14'),
(1889, 'oKh5mQus3QOvkduWEFQUpL69WfLSSD', 1, 1, 1, 1, '2022-07-13 09:24:12', '2022-07-13 09:24:12'),
(1890, 'vvnhyzv25gmowuwc0vp06f', 1, 1, 1, 2, '2022-07-13 09:08:02', '2022-09-11 08:57:29'),
(1891, 'FoYV6qpz5c3LDnRB4EgKsV6o6hllxF', 1, 1, 1, 1, '2022-07-13 12:54:34', '2022-07-13 12:54:34'),
(1892, '9anmy72rifjeyx3nyuti8s', 1, 1, 1, 2, '2022-07-13 12:01:25', '2022-07-14 08:28:40'),
(1893, 'eWck21qvSPJGScvhb3bPtrLnsRdUKc', 1, 1, 1, 3, '2022-07-13 15:23:26', '2022-07-13 15:23:26'),
(1894, 'k8atm0g9zrlvt15rmludlf', 1, 1, 1, 2, '2022-07-14 08:33:40', '2022-07-14 08:33:54'),
(1895, 'ty6icoaxpkgxg2i8imeiv', 1, 1, 1, 2, '2022-07-14 08:36:09', '2022-07-14 08:53:09'),
(1896, 'jm49du6opqgm37tvluq6e9', 1, 1, 2, 2, '2022-07-14 08:48:31', '2022-09-13 20:08:28'),
(1897, '5wl7li4qkdih9bbcqqg72v', 1, 1, 1, 2, '2022-07-14 08:58:50', '2022-07-14 08:59:00'),
(1898, '7t94706mj1t8o9dq7oezwr', 1, 1, 1, 2, '2022-07-14 08:59:54', '2022-07-14 09:00:39'),
(1899, 'hymlvwr6gilomyfh33d9g8', 1, 1, 1, 2, '2022-07-14 09:02:47', '2022-07-14 09:02:57'),
(1900, '38GaNtjcK3eHa2vOVhcCFaOxxIVYX1', 1, 1, 1, 1, '2022-07-14 10:06:38', '2022-07-14 10:06:38'),
(1901, 'VUmqYZxwCFzzebHolINsn1kbELopBe', 1, 1, 1, 1, '2022-07-14 10:14:07', '2022-07-14 10:14:07'),
(1902, 'gIVXEPFS8ri1oDEJ8OeiypugzZ5pFF', 1, 1, 1, 1, '2022-07-14 12:31:54', '2022-07-14 12:31:54'),
(1903, 'yJuLZOSJrNjit7s0UF8zC598otXEDK', 1, 1, 1, 1, '2022-07-14 13:37:47', '2022-07-14 13:37:47'),
(1904, 'KZStw2NFnltC77S8cXGYSarKekiVY8', 1, 1, 1, 1, '2022-07-16 06:19:07', '2022-07-16 06:19:07'),
(1905, 'e5tl3ism5tj551mg7l6uft', 1, 1, 1, 2, '2022-07-17 14:20:57', '2022-09-10 08:43:12'),
(1906, 'k9cwgTH10XNaBNpyAiUowEZLte9sDs', 1, 1, 1, 1, '2022-07-19 05:19:14', '2022-07-19 05:19:14'),
(1907, 'fjf2cra77ask9y3ye7339', 1, 1, 1, 2, '2022-07-19 04:19:50', '2022-09-13 20:07:07'),
(1909, 'QLtAKJ7GG0auvOQw4nEkjpdBGA4CTD', 1, 1, 1, 1, '2022-07-20 14:28:21', '2022-07-20 14:28:21'),
(1910, 'lAbsu9uH7bIC0thuAeT9qeEzPdeWjy', 1, 1, 1, 1, '2022-07-20 14:29:34', '2022-07-20 14:29:34'),
(1911, 'xrVrvVro5J10Ah7MpoH3VJVppCX58A', 1, 1, 1, 1, '2022-07-23 19:07:02', '2022-07-23 19:07:02'),
(1912, 'DV0KVv3BPlKrA30LbQGi0qEaJgN8QP', 1, 1, 1, 3, '2022-09-04 15:52:51', '2022-09-04 15:52:51'),
(1913, 'giuJVW8MjThBnifqtkfKa5IQXQnazv', 1, 1, 1, 1, '2022-09-04 15:54:36', '2022-09-04 15:54:36'),
(1914, 'uS0zirO5F9CWbQgu26FxPDL3tAYMNW', 1, 1, 1, 1, '2022-09-07 21:01:21', '2022-09-07 21:01:21'),
(1915, '8ATkmxPXhp0kLqy1IdntIONcTQSAWO', 1, 1, 1, 1, '2022-09-07 21:06:30', '2022-09-07 21:06:30'),
(1927, '8ShPSPB7900pNm62AG1Yj2qB742CO6', 1, 1, 1, 1, '2022-09-07 21:07:55', '2022-09-07 21:07:55'),
(1928, 'TAsdSSJFPr33FWCHjo0rpeJI4YABFd', 1, 1, 1, 1, '2022-09-08 04:04:26', '2022-09-08 04:04:26'),
(1929, 'tsydizs4yrepuio50kfff', 1, 1, 1, 2, '2022-09-10 08:44:09', '2022-11-29 11:11:14'),
(1930, '2a4nbp4578wb5wvkwkjftb', 1, 1, 1, 2, '2022-09-10 08:50:08', '2022-09-10 08:50:08'),
(1931, '4ocf31n0amxxpof87fgbt', 1, 1, 1, 2, '2022-09-10 08:50:19', '2022-09-10 08:50:19'),
(1932, '5ull1oqo2jvz1dbx6leiq', 1, 1, 1, 2, '2022-09-10 08:53:17', '2022-09-10 08:53:17'),
(1933, 'zebhdG1iqvARJndXBGXuG7lS2wrTWW', 1, 1, 1, 1, '2022-09-10 09:56:37', '2022-09-10 09:56:37'),
(1934, 'zVcolgVOps6esxpJm4E0xraA6rGEOj', 1, 1, 1, 3, '2022-09-10 09:58:55', '2022-09-10 09:58:55'),
(1935, 'cjhhfqtcssatysa4h9zir', 1, 1, 1, 2, '2022-09-10 09:03:19', '2022-11-29 11:12:06'),
(1936, 'gnhvn11diipjxti6u1zk', 1, 1, 1, 2, '2022-09-10 09:48:33', '2022-09-10 09:48:33'),
(1937, 'opozphirp3kwbe5nn7rtxr', 1, 1, 1, 2, '2022-09-10 09:48:35', '2022-09-10 09:48:35'),
(1938, 'm36f36ec07yc3u7vpqwlm', 1, 1, 1, 2, '2022-09-10 09:48:35', '2022-09-10 09:48:35'),
(1939, 'kcqfxd0ii0p5eke8cpf6vv', 1, 1, 1, 2, '2022-09-10 10:11:39', '2022-09-10 10:11:39'),
(1940, '9xp22lq2hx6tzu104z9ss', 1, 1, 1, 2, '2022-09-10 10:11:39', '2022-09-10 10:11:39'),
(1941, '96neydknisygl67m3ca7', 1, 1, 1, 2, '2022-09-10 10:11:41', '2022-09-10 10:11:41'),
(1942, '0wmth4ubrtknb15fdjpxjc5', 1, 1, 1, 2, '2022-09-10 10:12:21', '2022-09-10 10:12:21'),
(1943, '1SAF0VH1gQUMPD5Dv17S2fR0dQnvd6', 1, 1, 1, 3, '2022-09-10 11:15:17', '2022-09-10 11:15:17'),
(1944, 'zkzqaf8gdkojawk8qke59h', 1, 1, 1, 2, '2022-09-10 10:15:45', '2022-09-10 12:33:09'),
(1945, 'wvw9davctlm23qeskmwum', 1, 1, 1, 2, '2022-09-10 10:18:11', '2022-09-10 10:18:11'),
(1946, 'dy519bqwsxvxw2j97ahss', 1, 1, 1, 2, '2022-09-10 10:18:12', '2022-09-10 10:18:12'),
(1947, '75iYdA19KNmcjikLZ4NuU2MEA1zM3s', 1, 1, 1, 3, '2022-09-10 13:20:24', '2022-09-10 13:20:24'),
(1948, '893scymzm0xlag0us47inf', 1, 1, 1, 2, '2022-09-10 12:33:22', '2022-11-29 11:02:21'),
(1949, 'odvJNCEN18ejLiWxdJTV5JbqAyeULe', 1, 1, 1, 3, '2022-09-10 13:42:42', '2022-09-10 13:42:42'),
(1950, 'qfidxhjo9tb71175sner6d', 1, 1, 1, 2, '2022-09-11 08:19:00', '2022-09-11 08:26:46'),
(1951, 'SbzEFOXPrrP32y4Lqo8lemfuUbD98L', 1, 1, 1, 1, '2022-09-11 09:34:00', '2022-09-11 09:34:00'),
(1952, 'hNojGDkRnOUm8rlC8QdmpDYxtMapOe', 1, 1, 1, 1, '2022-09-11 09:35:36', '2022-09-11 09:35:36'),
(1953, '4qnyeu3ss57pmjg8exfbj', 1, 1, 1, 2, '2022-09-11 08:43:40', '2022-09-11 08:51:10'),
(1954, 'HY45TzrmvckcFW1MlHDv808f39TFdc', 1, 1, 1, 1, '2022-10-18 08:16:08', '2022-10-18 08:16:08'),
(1955, 'g851j6ueg1qcs4q691g5d', 1, 1, 1, 2, '2022-11-01 09:53:11', '2022-11-15 01:01:14'),
(1956, 'oboyqt8b4886tbgycgaca', 1, 1, 1, 2, '2022-11-29 11:13:12', '2023-01-09 07:43:28'),
(1957, 'EPgX9ieILf8i6cob8EIiFE49jjZLWv', 1, 1, 1, 1, '2022-11-29 13:23:21', '2022-11-29 13:23:21'),
(1958, 'YhXETJJU8mup93t88T9SOIS7FckXOu', 1, 1, 1, 1, '2022-11-29 13:24:02', '2022-11-29 13:24:02'),
(1959, 'cx1q84lu6w33sg5c8p73y', 1, 1, 1, 2, '2022-12-14 10:36:57', '2022-12-14 10:36:57'),
(1960, 'v8RShAxurUKd8sQMXJGci7xUuCQpW4', 1, 1, 1, 1, '2022-12-21 20:19:28', '2022-12-21 20:19:28'),
(1961, 'bK7mOqGuzpMiPW63dGrBtS23OXoqem', 1, 1, 1, 1, '2023-01-08 06:37:32', '2023-01-08 06:37:32'),
(1962, 'BvA28pYq5zyP9bMzL21VV4viBuLlXn', 1, 1, 1, 1, '2023-01-08 06:46:30', '2023-01-08 06:46:30'),
(1963, '4UcCt085PA12JUlyF0yqYRdqHNLJ9t', 1, 1, 1, 1, '2023-01-08 06:47:45', '2023-01-08 06:47:45'),
(1965, '0xltgcfhl2gpgo5qbih7r5a', 1, 1, 1, 2, '2023-01-09 07:44:16', '2023-01-09 07:44:47'),
(1966, 'x8hnef3YxeOPkqBX6hKy8AxntndeIM', 1, 1, 1, 3, '2023-02-01 10:19:04', '2023-02-01 10:19:04'),
(1967, 'x8t3mru7lfjwlznhk8ecn', 1, 1, 1, 2, '2023-02-01 08:19:53', '2023-02-01 09:30:36'),
(1968, 'v0ac2r7w5qcl37lao8jctm', 1, 1, 1, 2, '2023-02-01 09:03:41', '2023-02-01 09:03:41'),
(1969, 'g3vhnzg6lbiyymnsrykxq', 1, 1, 1, 2, '2023-02-01 09:03:43', '2023-02-01 09:03:43'),
(1970, 'y415qruj64uvp1k6u8zqg', 1, 1, 1, 2, '2023-02-01 09:03:43', '2023-02-01 09:03:43'),
(1971, 'rukpogru0tr35az1d5fm', 1, 1, 1, 2, '2023-02-01 09:03:46', '2023-02-01 09:03:46'),
(1972, 'nazqi8y3yhqkwipkgakso', 1, 1, 1, 2, '2023-02-01 09:03:46', '2023-02-01 09:03:46'),
(1973, 'awaebeosv3max2i5xxkq', 1, 1, 1, 2, '2023-02-01 09:23:17', '2023-02-01 09:28:49'),
(1974, '7ar51sl9h3fy0kfggt3m57', 1, 1, 1, 2, '2023-02-01 09:33:36', '2023-02-05 10:53:57');

-- --------------------------------------------------------

--
-- Table structure for table `room_members`
--

CREATE TABLE `room_members` (
  `id` bigint(20) UNSIGNED NOT NULL,
  `user_id` bigint(20) UNSIGNED NOT NULL,
  `room_id` bigint(20) UNSIGNED NOT NULL,
  `created_at` timestamp NOT NULL DEFAULT CURRENT_TIMESTAMP,
  `updated_at` timestamp NOT NULL DEFAULT CURRENT_TIMESTAMP ON UPDATE CURRENT_TIMESTAMP
) ENGINE=InnoDB DEFAULT CHARSET=utf8mb4 COLLATE=utf8mb4_unicode_ci;

--
-- Dumping data for table `room_members`
--

INSERT INTO `room_members` (`id`, `user_id`, `room_id`, `created_at`, `updated_at`) VALUES
(1, 159, 1966, '2023-02-01 10:19:04', '2023-02-01 10:19:04'),
(2, 161, 1966, '2023-02-01 10:19:04', '2023-02-01 10:19:04'),
(3, 157, 1967, '2023-02-01 08:20:56', '2023-02-01 08:20:56'),
(4, 159, 1967, '2023-02-01 08:20:56', '2023-02-01 08:20:56'),
(5, 157, 1967, '2023-02-01 09:02:57', '2023-02-01 09:02:57'),
(6, 161, 1967, '2023-02-01 09:02:57', '2023-02-01 09:02:57'),
(7, 157, 1967, '2023-02-01 09:03:10', '2023-02-01 09:03:10'),
(8, 161, 1967, '2023-02-01 09:03:10', '2023-02-01 09:03:10'),
(9, 157, 1967, '2023-02-01 09:03:12', '2023-02-01 09:03:12'),
(10, 161, 1967, '2023-02-01 09:03:12', '2023-02-01 09:03:12'),
(11, 157, 1967, '2023-02-01 09:03:48', '2023-02-01 09:03:48'),
(12, 161, 1967, '2023-02-01 09:03:48', '2023-02-01 09:03:48'),
(13, 157, 1967, '2023-02-01 09:03:49', '2023-02-01 09:03:49'),
(14, 161, 1967, '2023-02-01 09:03:49', '2023-02-01 09:03:49'),
(15, 157, 1973, '2023-02-01 09:23:46', '2023-02-01 09:23:46'),
(16, 161, 1973, '2023-02-01 09:23:46', '2023-02-01 09:23:46'),
(17, 157, 1967, '2023-02-01 09:25:43', '2023-02-01 09:25:43'),
(18, 161, 1967, '2023-02-01 09:25:43', '2023-02-01 09:25:43'),
(19, 157, 1973, '2023-02-01 09:27:08', '2023-02-01 09:27:08'),
(20, 161, 1973, '2023-02-01 09:27:08', '2023-02-01 09:27:08'),
(21, 157, 1973, '2023-02-01 09:28:49', '2023-02-01 09:28:49'),
(22, 161, 1973, '2023-02-01 09:28:49', '2023-02-01 09:28:49'),
(23, 157, 1967, '2023-02-01 09:30:11', '2023-02-01 09:30:11'),
(24, 161, 1967, '2023-02-01 09:30:11', '2023-02-01 09:30:11'),
(25, 157, 1967, '2023-02-01 09:30:35', '2023-02-01 09:30:35'),
(26, 161, 1967, '2023-02-01 09:30:35', '2023-02-01 09:30:35'),
(27, 159, 1974, '2023-02-05 10:53:57', '2023-02-05 10:53:57'),
(28, 161, 1974, '2023-02-05 10:53:57', '2023-02-05 10:53:57');

-- --------------------------------------------------------

--
-- Table structure for table `sliders`
--

CREATE TABLE `sliders` (
  `id` bigint(20) UNSIGNED NOT NULL,
  `status` tinyint(1) NOT NULL DEFAULT '1',
  `created_at` timestamp NOT NULL DEFAULT CURRENT_TIMESTAMP,
  `updated_at` timestamp NOT NULL DEFAULT CURRENT_TIMESTAMP ON UPDATE CURRENT_TIMESTAMP
) ENGINE=InnoDB DEFAULT CHARSET=utf8mb4 COLLATE=utf8mb4_unicode_ci;

--
-- Dumping data for table `sliders`
--

INSERT INTO `sliders` (`id`, `status`, `created_at`, `updated_at`) VALUES
(4, 0, '2022-04-22 03:44:48', '2022-06-11 14:43:59'),
(5, 0, '2022-05-09 09:56:56', '2022-06-11 13:43:04'),
(6, 0, '2022-05-09 10:00:23', '2022-06-11 14:43:58'),
(7, 1, '2022-05-09 10:34:41', '2022-06-14 18:49:12'),
(8, 0, '2022-05-09 10:39:29', '2022-06-11 14:43:57'),
(20, 0, '2022-05-09 10:42:04', '2022-06-11 14:43:56'),
(21, 1, '2022-05-09 10:42:53', '2022-09-05 10:58:45'),
(22, 1, '2022-05-09 10:42:53', '2022-06-15 08:28:02'),
(24, 0, '2022-05-09 12:16:07', '2022-06-11 14:43:53'),
(25, 0, '2022-05-09 12:16:13', '2022-06-11 14:43:50'),
(26, 0, '2022-05-09 12:16:35', '2022-06-11 14:43:51'),
(27, 0, '2022-05-10 08:34:35', '2022-06-11 14:43:49'),
(28, 0, '2022-05-10 09:04:02', '2022-06-11 14:43:49'),
(29, 0, '2022-05-10 09:30:13', '2022-06-11 14:43:48'),
(30, 1, '2022-09-05 10:59:31', '2022-09-05 10:59:31');

-- --------------------------------------------------------

--
-- Table structure for table `social_media`
--

CREATE TABLE `social_media` (
  `id` bigint(20) UNSIGNED NOT NULL,
  `type` varchar(255) COLLATE utf8mb4_unicode_ci NOT NULL,
  `url` varchar(255) COLLATE utf8mb4_unicode_ci NOT NULL,
  `created_at` timestamp NULL DEFAULT NULL,
  `updated_at` timestamp NULL DEFAULT NULL
) ENGINE=InnoDB DEFAULT CHARSET=utf8mb4 COLLATE=utf8mb4_unicode_ci;

--
-- Dumping data for table `social_media`
--

INSERT INTO `social_media` (`id`, `type`, `url`, `created_at`, `updated_at`) VALUES
(12, 'tee32', 'https://dashboard.isteshara.digisolapps.com/en/admin/social-media/create', '2022-03-20 15:06:08', '2022-06-01 07:35:01'),
(13, 'yyy', 'https://www.itsolutionstuff.com/post/how-to-create-custom-route-file-in-laravelexample.html', '2022-03-20 15:11:28', '2022-03-20 15:11:28'),
(14, 'test for you', 'https://dashboard.isteshara.digisolapps.com/en/admin/social-media/create', '2022-03-24 13:14:31', '2022-03-24 13:14:31');

-- --------------------------------------------------------

--
-- Table structure for table `specializations`
--

CREATE TABLE `specializations` (
  `id` bigint(20) UNSIGNED NOT NULL,
  `name_en` varchar(255) COLLATE utf8mb4_unicode_ci NOT NULL,
  `name_ar` varchar(255) COLLATE utf8mb4_unicode_ci NOT NULL,
  `description` text COLLATE utf8mb4_unicode_ci,
  `created_at` timestamp NULL DEFAULT NULL,
  `updated_at` timestamp NULL DEFAULT NULL
) ENGINE=InnoDB DEFAULT CHARSET=utf8mb4 COLLATE=utf8mb4_unicode_ci;

--
-- Dumping data for table `specializations`
--

INSERT INTO `specializations` (`id`, `name_en`, `name_ar`, `description`, `created_at`, `updated_at`) VALUES
(1, 'Nutrition', 'تغذية', 'Description', '2023-01-30 08:39:27', '2023-01-30 08:39:27');

-- --------------------------------------------------------

--
-- Table structure for table `support_ads`
--

CREATE TABLE `support_ads` (
  `id` bigint(20) UNSIGNED NOT NULL,
  `user_id` bigint(20) UNSIGNED NOT NULL,
  `admin_id` bigint(20) UNSIGNED NOT NULL,
  `room_id` bigint(20) UNSIGNED NOT NULL,
  `status` tinyint(1) NOT NULL DEFAULT '1' COMMENT '1 - booked up 2-Finish',
  `created_at` timestamp NULL DEFAULT NULL,
  `updated_at` timestamp NULL DEFAULT NULL
) ENGINE=InnoDB DEFAULT CHARSET=utf8mb4 COLLATE=utf8mb4_unicode_ci;

-- --------------------------------------------------------

--
-- Table structure for table `time_slots`
--

CREATE TABLE `time_slots` (
  `id` bigint(20) UNSIGNED NOT NULL,
  `time_from` time NOT NULL,
  `time_to` time NOT NULL,
  `object_week_days_id` bigint(20) UNSIGNED NOT NULL,
  `description` text COLLATE utf8mb4_unicode_ci NOT NULL,
  `created_at` timestamp NULL DEFAULT NULL,
  `updated_at` timestamp NULL DEFAULT NULL
) ENGINE=InnoDB DEFAULT CHARSET=utf8mb4 COLLATE=utf8mb4_unicode_ci;

--
-- Dumping data for table `time_slots`
--

INSERT INTO `time_slots` (`id`, `time_from`, `time_to`, `object_week_days_id`, `description`, `created_at`, `updated_at`) VALUES
(1, '12:00:00', '13:30:00', 1, 'فترة الدوام من الساعة 12:00 م إلى الساعة 01:30 م', NULL, NULL),
(2, '13:30:00', '15:00:00', 1, 'فترة الدوام من الساعة 01:30 م إلى الساعة 03:00 م', NULL, NULL),
(3, '15:00:00', '16:30:00', 1, 'فترة الدوام من الساعة 03:00 م إلى الساعة 04:30 م', NULL, NULL),
(4, '16:30:00', '18:00:00', 1, 'فترة الدوام من الساعة 04:30 م إلى الساعة 06:00 م', NULL, NULL),
(5, '18:00:00', '20:00:00', 1, 'فترة الدوام من الساعة 06:00 م إلى الساعة 08:00 م', NULL, NULL),
(6, '20:00:00', '22:00:00', 1, 'فترة الدوام من الساعة 08:00 م إلى الساعة 10:00 م', NULL, NULL),
(7, '22:00:00', '00:00:00', 1, 'فترة الدوام من الساعة 10:00 م إلى الساعة 12:00 ص', NULL, NULL),
(8, '12:00:00', '13:30:00', 2, 'فترة الدوام من الساعة 12:00 م إلى الساعة 01:30 م', NULL, NULL),
(9, '13:30:00', '15:00:00', 2, 'فترة الدوام من الساعة 01:30 م إلى الساعة 03:00 م', NULL, NULL),
(10, '15:00:00', '16:30:00', 2, 'فترة الدوام من الساعة 03:00 م إلى الساعة 04:30 م', NULL, NULL),
(11, '16:30:00', '18:00:00', 2, 'فترة الدوام من الساعة 04:30 م إلى الساعة 06:00 م', NULL, NULL),
(12, '18:00:00', '20:00:00', 2, 'فترة الدوام من الساعة 06:00 م إلى الساعة 08:00 م', NULL, NULL),
(13, '20:00:00', '22:00:00', 2, 'فترة الدوام من الساعة 08:00 م إلى الساعة 10:00 م', NULL, NULL),
(14, '22:00:00', '00:00:00', 2, 'فترة الدوام من الساعة 10:00 م إلى الساعة 12:00 ص', NULL, NULL),
(15, '12:00:00', '13:30:00', 3, '', NULL, NULL),
(16, '13:30:00', '15:00:00', 3, '', NULL, NULL),
(17, '15:00:00', '16:30:00', 3, '', NULL, NULL),
(18, '16:30:00', '18:00:00', 3, '', NULL, NULL),
(19, '18:00:00', '20:00:00', 3, '', NULL, NULL),
(20, '20:00:00', '22:00:00', 3, '', NULL, NULL),
(21, '22:00:00', '00:00:00', 3, '', NULL, NULL),
(22, '12:00:00', '13:30:00', 4, '', NULL, NULL),
(23, '09:00:00', '09:15:00', 8, 'فترة الحجز من الساعة 09:00 ص إلى 09:15 ص', NULL, NULL),
(24, '09:15:00', '09:30:00', 8, 'فترة الحجز من الساعة 09:15 ص إلى 09:30 ص', NULL, NULL),
(25, '09:30:00', '09:45:00', 8, 'فترة الحجز من الساعة 09:30 ص إلى 09:45 ص', NULL, NULL),
(26, '09:45:00', '10:00:00', 8, 'فترة الحجز من الساعة 09:45 ص إلى 10:00 ص', NULL, NULL),
(27, '09:00:00', '09:15:00', 9, 'فترة الحجز من الساعة 09:00 ص إلى 09:15 ص', NULL, NULL),
(28, '11:14:00', '10:50:00', 9, 'فترة الحجز من الساعة 09:15 ص إلى 09:30 ص', NULL, NULL),
(29, '10:50:00', '10:55:00', 9, 'فترة الحجز من الساعة 09:30 ص إلى 09:45 ص', NULL, NULL),
(30, '09:45:00', '10:00:00', 9, 'فترة الحجز من الساعة 09:45 ص إلى 10:00 ص', NULL, NULL);

-- --------------------------------------------------------

--
-- Table structure for table `time_slot_types`
--

CREATE TABLE `time_slot_types` (
  `id` bigint(20) UNSIGNED NOT NULL,
  `description` text COLLATE utf8mb4_unicode_ci NOT NULL,
  `slot_duration` varchar(255) COLLATE utf8mb4_unicode_ci NOT NULL,
  `time_from` time NOT NULL,
  `time_to` time NOT NULL,
  `created_at` timestamp NULL DEFAULT NULL,
  `updated_at` timestamp NULL DEFAULT NULL
) ENGINE=InnoDB DEFAULT CHARSET=utf8mb4 COLLATE=utf8mb4_unicode_ci;

--
-- Dumping data for table `time_slot_types`
--

INSERT INTO `time_slot_types` (`id`, `description`, `slot_duration`, `time_from`, `time_to`, `created_at`, `updated_at`) VALUES
(1, 'دوام حجز مطعم يوميا', '60 min', '12:00:00', '00:00:00', NULL, NULL),
(2, 'دوام حجز أطباء أثنين وأربعاء', '15 min', '09:00:00', '10:00:00', NULL, NULL);

-- --------------------------------------------------------

--
-- Table structure for table `users`
--

CREATE TABLE `users` (
  `id` bigint(20) UNSIGNED NOT NULL,
  `full_name` varchar(255) COLLATE utf8mb4_unicode_ci DEFAULT NULL,
  `phone_number` varchar(255) COLLATE utf8mb4_unicode_ci DEFAULT NULL,
  `age` int(11) DEFAULT NULL,
  `firebase_uid` varchar(255) COLLATE utf8mb4_unicode_ci DEFAULT NULL,
  `diseases` varchar(255) COLLATE utf8mb4_unicode_ci DEFAULT NULL,
  `status` tinyint(1) NOT NULL DEFAULT '1',
  `country` varchar(255) COLLATE utf8mb4_unicode_ci DEFAULT NULL,
  `description` varchar(255) COLLATE utf8mb4_unicode_ci DEFAULT NULL,
  `date_of_birth` date DEFAULT NULL,
  `type` varchar(3) COLLATE utf8mb4_unicode_ci NOT NULL DEFAULT 'u' COMMENT 'u->user,c->Consultant,a->admin',
  `switch_status` tinyint(1) NOT NULL DEFAULT '0',
  `country_code` varchar(2) COLLATE utf8mb4_unicode_ci DEFAULT 'JO',
  `device_token` text COLLATE utf8mb4_unicode_ci,
  `notification_lang` varchar(20) COLLATE utf8mb4_unicode_ci NOT NULL DEFAULT 'en',
  `created_at` timestamp NULL DEFAULT NULL,
  `updated_at` timestamp NULL DEFAULT NULL
) ENGINE=InnoDB DEFAULT CHARSET=utf8mb4 COLLATE=utf8mb4_unicode_ci;

--
-- Dumping data for table `users`
--

INSERT INTO `users` (`id`, `full_name`, `phone_number`, `age`, `firebase_uid`, `diseases`, `status`, `country`, `description`, `date_of_birth`, `type`, `switch_status`, `country_code`, `device_token`, `notification_lang`, `created_at`, `updated_at`) VALUES
(157, 'n1', '+962777777777', NULL, '7uBxE89sh0bObn13AdZIQzvKsxJ3', NULL, 1, NULL, NULL, NULL, 'u', 0, 'JO', 'cZxLMvQ_SOmERCTEwzFXqx:APA91bGRt0LhI_pyUy-OMOL-UltfqdpgEfm7GfHarh5Onn4uXSsWPIezn8D0ihdlTLZIIpt1gv-vXlUGQml_uRdzI8AsIQ-4DAiKPmjB-Xsc3X1iH0rQqNsp4owI26fXV8e50NL5fCq7', 'ar', '2023-01-15 21:11:29', '2023-02-05 15:35:08'),
(159, 'n2', '+962786162822', NULL, 'q9nsNO6YMSNyC9ml9KypzEXvta02', NULL, 1, NULL, NULL, NULL, 'a', 0, 'JO', 'ciB7cocmRT6FTVHGG9Rm4n:APA91bG8hcJVhA-JbJ9KSMLugJX3OuQDMbDJpjF42y2mBP_v6mJNr1T9Oi6A1PugqHZknaH1TNyvVaxUB44cr4E7k-i0ur6NX48HyQFEJ-XS-S6L3VooR7ED2GAwCWLHbk-1QHX8mSRs', 'en', '2023-01-19 11:17:08', '2023-02-01 11:14:32'),
(160, 'n3', '+962790782033', NULL, 'Ed0sDtv7mPRXpZSlp3wlRlS5dRt1', NULL, 1, NULL, NULL, NULL, 'u', 0, 'JO', 'de6x_43URsa291u1rUCDJO:APA91bGahl_rpqHtHaRuyd3zNMTdkcYXTKSN6NHW7BgoNZPQk6Q7SZm2RrbkzSxrvflPNUd6YqkecQUYLR3d5dhWK1m0WDf9XF4948vHD0l4x_glPpCZn9NAob9QD5hYUVOPoXkLroWE', 'en', '2023-01-24 10:25:52', '2023-01-24 10:25:52'),
(161, 'n4', '+962799916679', NULL, '5V3x6gJ4ouercwfKPgC1Mi09wJG2', NULL, 1, NULL, NULL, NULL, 'c', 0, 'JO', 'ciB7cocmRT6FTVHGG9Rm4n:APA91bG8hcJVhA-JbJ9KSMLugJX3OuQDMbDJpjF42y2mBP_v6mJNr1T9Oi6A1PugqHZknaH1TNyvVaxUB44cr4E7k-i0ur6NX48HyQFEJ-XS-S6L3VooR7ED2GAwCWLHbk-1QHX8mSRs', 'en', '2023-01-25 10:19:56', '2023-02-05 14:02:13');

-- --------------------------------------------------------

--
-- Table structure for table `user_bookings`
--

CREATE TABLE `user_bookings` (
  `id` bigint(20) UNSIGNED NOT NULL,
  `user_id` bigint(20) UNSIGNED NOT NULL,
  `reservation_record_id` int(11) NOT NULL,
  `created_at` timestamp NULL DEFAULT NULL,
  `updated_at` timestamp NULL DEFAULT NULL
) ENGINE=InnoDB DEFAULT CHARSET=utf8mb4 COLLATE=utf8mb4_unicode_ci;

--
-- Dumping data for table `user_bookings`
--

INSERT INTO `user_bookings` (`id`, `user_id`, `reservation_record_id`, `created_at`, `updated_at`) VALUES
(1, 157, 1, '2023-02-05 13:26:13', '2023-02-05 13:26:13'),
(2, 157, 2, '2023-02-05 13:29:09', '2023-02-05 13:29:09'),
(3, 157, 3, '2023-02-05 13:29:33', '2023-02-05 13:29:33'),
(4, 157, 4, '2023-02-05 13:39:39', '2023-02-05 13:39:39'),
(5, 157, 5, '2023-02-05 13:41:06', '2023-02-05 13:41:06'),
(6, 157, 6, '2023-02-05 13:41:31', '2023-02-05 13:41:31'),
(7, 157, 7, '2023-02-05 13:43:37', '2023-02-05 13:43:37');

-- --------------------------------------------------------

--
-- Table structure for table `user_chats`
--

CREATE TABLE `user_chats` (
  `id` bigint(20) UNSIGNED NOT NULL,
  `status` tinyint(1) NOT NULL DEFAULT '1' COMMENT '0-deleted 1-unread 2-readable',
  `user_id` bigint(20) UNSIGNED NOT NULL,
  `room_id` bigint(20) UNSIGNED NOT NULL,
  `created_at` timestamp NOT NULL DEFAULT CURRENT_TIMESTAMP,
  `updated_at` timestamp NOT NULL DEFAULT CURRENT_TIMESTAMP ON UPDATE CURRENT_TIMESTAMP
) ENGINE=InnoDB DEFAULT CHARSET=utf8mb4 COLLATE=utf8mb4_unicode_ci;

--
-- Dumping data for table `user_chats`
--

INSERT INTO `user_chats` (`id`, `status`, `user_id`, `room_id`, `created_at`, `updated_at`) VALUES
(1, 2, 161, 1966, '2023-02-01 08:19:12', '2023-02-01 11:33:31'),
(2, 2, 157, 1967, '2023-02-01 08:19:53', '2023-02-01 10:20:57'),
(3, 2, 157, 1967, '2023-02-01 08:32:16', '2023-02-01 11:02:27'),
(4, 2, 157, 1967, '2023-02-01 08:45:12', '2023-02-01 11:02:27'),
(5, 2, 157, 1973, '2023-02-01 09:23:17', '2023-02-01 11:23:47'),
(6, 2, 157, 1973, '2023-02-01 09:24:14', '2023-02-01 11:24:24'),
(7, 2, 161, 1973, '2023-02-01 09:26:08', '2023-02-01 11:26:33'),
(8, 2, 157, 1973, '2023-02-01 09:26:54', '2023-02-01 11:26:54'),
(9, 2, 159, 1974, '2023-02-01 09:33:36', '2023-02-05 12:53:58'),
(10, 2, 159, 1966, '2023-02-01 09:33:46', '2023-02-01 11:34:06'),
(11, 2, 161, 1966, '2023-02-01 09:33:58', '2023-02-01 11:34:03'),
(12, 2, 161, 1966, '2023-02-01 09:37:26', '2023-02-01 11:38:40'),
(14, 2, 157, 1973, '2023-02-05 10:54:24', '2023-02-05 12:54:57'),
(15, 2, 157, 1973, '2023-02-05 10:54:36', '2023-02-05 12:54:57');

-- --------------------------------------------------------

--
-- Table structure for table `user_custom_consultations`
--

CREATE TABLE `user_custom_consultations` (
  `id` bigint(20) UNSIGNED NOT NULL,
  `room_id` bigint(20) UNSIGNED NOT NULL,
  `custom_consultation_id` bigint(20) UNSIGNED NOT NULL,
  `user_id` bigint(20) UNSIGNED NOT NULL,
  `status` tinyint(1) NOT NULL DEFAULT '1' COMMENT '1 - booked up 2-available ',
  `consultation_status` tinyint(1) NOT NULL DEFAULT '1' COMMENT '1-not read 2 -readable  3-follow up  4-not important 5-completed',
  `created_at` timestamp NULL DEFAULT NULL,
  `updated_at` timestamp NULL DEFAULT NULL
) ENGINE=InnoDB DEFAULT CHARSET=utf8mb4 COLLATE=utf8mb4_unicode_ci;

-- --------------------------------------------------------

--
-- Table structure for table `user_device_tokens`
--

CREATE TABLE `user_device_tokens` (
  `id` bigint(20) UNSIGNED NOT NULL,
  `device_token` varchar(255) COLLATE utf8mb4_unicode_ci NOT NULL,
  `user_id` bigint(20) UNSIGNED NOT NULL,
  `created_at` timestamp NULL DEFAULT NULL,
  `updated_at` timestamp NULL DEFAULT NULL
) ENGINE=InnoDB DEFAULT CHARSET=utf8mb4 COLLATE=utf8mb4_unicode_ci;

--
-- Dumping data for table `user_device_tokens`
--

INSERT INTO `user_device_tokens` (`id`, `device_token`, `user_id`, `created_at`, `updated_at`) VALUES
(1, 'dPCMG3tTSp6BzqbnEPdZU7:APA91bE4TGOqk5SyCok4veuxAiSBIz4N8pxdj6zf4mUrVrYp8nnCgGOTza3ZQuUjUaUVix89p_Ww_OE_ZI6dZLG7OPNVJMZ5EjzauQ-Sr9lUoA10mpt1pI5EY9qYHDoAB0cjuL04VS5y', 157, '2023-01-30 11:52:54', '2023-01-30 11:52:54'),
(2, 'dJr6ChJwRACup0XyHnH088:APA91bExsgvpIMRIX9qY44vtPth1WMjidMSdrPRktfT6qitFzkeKQJpxFRXcaNejeF9wK_vm7lkaUG5i70s0zCDILEYpaVkm0_vyfVigSHxYqXewwIgctqMWlas_rY3k2qwXLjoTtYdw', 157, '2023-01-30 11:58:48', '2023-01-30 11:58:48'),
(3, 'fn1vBV7iQwyKE6cbn4VSi0:APA91bGzeZ7CMuZ4LkMM_02U1w9zELsNwDDkyzed-m1ErvkpQZP-0osHPJEKVYTqs7jOeW8v_ByrHJ3MawsS0Mh4w-gq5HkxsMqcImAc_GHEJazF73G3kvVhZ-rzuJ0faVedWdy5gneR', 161, '2023-01-30 14:55:19', '2023-01-30 14:55:19'),
(4, 'dlp6_i0IQoi0OLGUbFuvf_:APA91bHqcB0-gDZ8YO6qwnOdGdLpUal25p_WXdSQKxJD14_hxspoN-e7dNLaxsTjDgrH2Zh3An4E-nCmb-r2M8_ei0u5-eTcY1ODj_vph3SSY8I1ti3BqyTBU5y2_UN-LgbbtDrbkCn_', 157, '2023-01-30 15:45:27', '2023-01-30 15:45:27'),
(5, 'diQWlMkHRza8t1eQKChC8g:APA91bEj805BBeavANQZHjUvjX9I7sDZfTG-AexB-VE8V3ZS1fCrxL0UnlRPXQlae4UAOdlHxHBK0nwS4Qdek4jXDa_VJxNg738_hYGDvxJmsGiFkBA_rwiGjwU7iG_syaFuLJMU6RF6', 161, '2023-01-31 08:59:36', '2023-01-31 08:59:36'),
(6, 'eNHP_4UuTWO3YEq_Vp4ScL:APA91bElcGH9Jl3sM1caE_eh8SZLY8cle9iiW3Hm3WNK8LwPKL5mYTpv2uaT91mLdNnSlATb3yTRrqGevguubn4O5u9vAH9ce0NFmDX-hpbGuJa_ua3mnKlk5T-8v6hunho_vgLze0l0', 157, '2023-02-01 09:32:13', '2023-02-01 09:32:13'),
(7, 'c2xu-3frSFCg48rhEuJJCq:APA91bGybaefBMqqLPXQzHCI2Cw1ORZ5Q4qp4u0FHDDCfUcbqsRkGX6nOSdlNqmyEFPfbPDXgn_axFPOMunea4NFR85-F2gc0t_Y0YujBe7QIU_Bz7txGkyDKHsEiPNA6WGfpyCQ98Ou', 161, '2023-02-01 09:33:08', '2023-02-01 09:33:08'),
(8, 'ciB7cocmRT6FTVHGG9Rm4n:APA91bG8hcJVhA-JbJ9KSMLugJX3OuQDMbDJpjF42y2mBP_v6mJNr1T9Oi6A1PugqHZknaH1TNyvVaxUB44cr4E7k-i0ur6NX48HyQFEJ-XS-S6L3VooR7ED2GAwCWLHbk-1QHX8mSRs', 157, '2023-02-01 10:00:30', '2023-02-01 10:00:30'),
(9, 'ciB7cocmRT6FTVHGG9Rm4n:APA91bG8hcJVhA-JbJ9KSMLugJX3OuQDMbDJpjF42y2mBP_v6mJNr1T9Oi6A1PugqHZknaH1TNyvVaxUB44cr4E7k-i0ur6NX48HyQFEJ-XS-S6L3VooR7ED2GAwCWLHbk-1QHX8mSRs', 159, '2023-02-01 10:22:06', '2023-02-01 10:22:06'),
(10, 'fyPWBJOUQtGOzr6fDRVonz:APA91bF5dyClwgbB8R24SlULB4bgOQuqlfV4c3syzym845PuemwgDwYBXbjttJeu97wtm1RLPezv_RjxJYEt1Oug8hMmUqHewbZP-XscJpXwA9v0UTbrO4q6zwmnXHEJDwjK7IHu8-RS', 157, '2023-02-01 10:23:52', '2023-02-01 10:23:52'),
(11, 'fyPWBJOUQtGOzr6fDRVonz:APA91bF5dyClwgbB8R24SlULB4bgOQuqlfV4c3syzym845PuemwgDwYBXbjttJeu97wtm1RLPezv_RjxJYEt1Oug8hMmUqHewbZP-XscJpXwA9v0UTbrO4q6zwmnXHEJDwjK7IHu8-RS', 159, '2023-02-01 11:14:32', '2023-02-01 11:14:32'),
(12, 'cjKaAHzLTReX-PNBFy9J2_:APA91bHNSshduvM8mSP7j0HH_nH9MVFvdC9Rd5Gc-O3ELNejswD0JA7K5SJDG82C_RZnmb0Q8Tr4gPblzOOEJWIMpVG9n16r5CAchCuZkcA7plC0CacXlARGEgA5SSxrN6_3L7Iu0aVO', 157, '2023-02-02 12:53:11', '2023-02-02 12:53:11'),
(13, 'eFJti8zWTNaWacKeg3s6RY:APA91bF-oWk6j5hfpVEFov3KWrrmFo30fVCpS7KhrOcO4A6IgojKFSonJAFJ_l8DUkKTL9uBeYcoARUMHNT12kUoOD-fsD3yVPgtBozXsO-CiBNWgYMWO4EGsHnGdtEQscHdYzOpukvH', 157, '2023-02-02 12:56:44', '2023-02-02 12:56:44'),
(14, 'c2vwBE1DSZmz3UPRoSEXx-:APA91bG53i-UCJ0nAAENeFbow2R7JAJnThkxXInnpxdyOxEHOJzSPpHUTf2ocTBiRJuntz0PVnh4ngr1e8_PM9lRXN5DIDFZsLz7n0SNDsApSJnKgE4-OFUqhIRHawUp6HS6zgXSWR93', 157, '2023-02-02 13:08:21', '2023-02-02 13:08:21'),
(15, 'fyl39MRCQ2Ojy7Su03lvRi:APA91bFXyRvaqTHw34XE4yH4U-B2X9wJhEffk84UST1-U_5TKphCOHT5G8ETOg22PBTeDprDti1DYerq-CN28MkTVsBHXLSyGczlfKu907y8lu2cA1GUJ0sTpc5u2EughEbqcErDjGWj', 157, '2023-02-05 08:21:01', '2023-02-05 08:21:01'),
(16, 'fyPWBJOUQtGOzr6fDRVonz:APA91bF5dyClwgbB8R24SlULB4bgOQuqlfV4c3syzym845PuemwgDwYBXbjttJeu97wtm1RLPezv_RjxJYEt1Oug8hMmUqHewbZP-XscJpXwA9v0UTbrO4q6zwmnXHEJDwjK7IHu8-RS', 161, '2023-02-05 08:57:47', '2023-02-05 08:57:47'),
(17, 'cvvoBQPYRE6XD2l2P1RY0w:APA91bFxxfLp2zermmnhv1wDb3POX7NX6-d_JBvcH1sA4Tj4wJT5NsnN6YnZcIPyPWUI6LsWFg9GCJebu6J6Jz4DijjckvdReo24bliNUg03uRzSZ-11PyFQhX8Ie9UxYrR2Lb8Apfpq', 157, '2023-02-05 10:59:39', '2023-02-05 10:59:39');

-- --------------------------------------------------------

--
-- Table structure for table `user_list_consultant_spesialists`
--

CREATE TABLE `user_list_consultant_spesialists` (
  `id` bigint(20) UNSIGNED NOT NULL,
  `user_id` bigint(20) UNSIGNED NOT NULL,
  `consultant_id` bigint(20) UNSIGNED NOT NULL,
  `room_id` bigint(20) UNSIGNED NOT NULL,
  `created_at` timestamp NULL DEFAULT NULL,
  `updated_at` timestamp NULL DEFAULT NULL
) ENGINE=InnoDB DEFAULT CHARSET=utf8mb4 COLLATE=utf8mb4_unicode_ci;

-- --------------------------------------------------------

--
-- Table structure for table `uses_promo_codes`
--

CREATE TABLE `uses_promo_codes` (
  `id` bigint(20) UNSIGNED NOT NULL,
  `user_id` bigint(20) UNSIGNED NOT NULL,
  `promo_code_id` bigint(20) UNSIGNED NOT NULL,
  `created_at` timestamp NULL DEFAULT NULL,
  `updated_at` timestamp NULL DEFAULT NULL
) ENGINE=InnoDB DEFAULT CHARSET=utf8mb4 COLLATE=utf8mb4_unicode_ci;

-- --------------------------------------------------------

--
-- Table structure for table `vip_chats`
--

CREATE TABLE `vip_chats` (
  `id` bigint(20) UNSIGNED NOT NULL,
  `chat_id` bigint(20) UNSIGNED NOT NULL,
  `created_at` timestamp NULL DEFAULT NULL,
  `updated_at` timestamp NULL DEFAULT NULL
) ENGINE=InnoDB DEFAULT CHARSET=utf8mb4 COLLATE=utf8mb4_unicode_ci;

-- --------------------------------------------------------

--
-- Table structure for table `welcome_messages`
--

CREATE TABLE `welcome_messages` (
  `id` bigint(20) UNSIGNED NOT NULL,
  `TextMessage_En` text COLLATE utf8mb4_unicode_ci NOT NULL,
  `TextMessage_Ar` text COLLATE utf8mb4_unicode_ci NOT NULL,
  `created_at` timestamp NULL DEFAULT NULL,
  `updated_at` timestamp NULL DEFAULT NULL
) ENGINE=InnoDB DEFAULT CHARSET=utf8mb4 COLLATE=utf8mb4_unicode_ci;

--
-- Dumping data for table `welcome_messages`
--

INSERT INTO `welcome_messages` (`id`, `TextMessage_En`, `TextMessage_Ar`, `created_at`, `updated_at`) VALUES
(1, 'welcome to our App!', 'مرحبا بك في تطبيقنا!', '2022-04-04 13:14:26', '2022-06-06 11:53:57'),
(2, 'hi', 'مرحبا', '2022-06-10 03:38:00', '2022-06-10 03:38:00');

--
-- Indexes for dumped tables
--

--
-- Indexes for table `admins`
--
ALTER TABLE `admins`
  ADD PRIMARY KEY (`id`),
  ADD UNIQUE KEY `admins_username_unique` (`username`),
  ADD UNIQUE KEY `admins_email_unique` (`email`),
  ADD KEY `fk_role_id` (`role_id`);

--
-- Indexes for table `admin_permissions`
--
ALTER TABLE `admin_permissions`
  ADD PRIMARY KEY (`id`);

--
-- Indexes for table `admin_roles`
--
ALTER TABLE `admin_roles`
  ADD PRIMARY KEY (`id`);

--
-- Indexes for table `admin_role_permission`
--
ALTER TABLE `admin_role_permission`
  ADD PRIMARY KEY (`id`),
  ADD KEY `admin_role_permission_role_id_foreign` (`role_id`),
  ADD KEY `admin_role_permission_permission_id_foreign` (`permission_id`);

--
-- Indexes for table `ads`
--
ALTER TABLE `ads`
  ADD PRIMARY KEY (`id`);

--
-- Indexes for table `ads_texts`
--
ALTER TABLE `ads_texts`
  ADD PRIMARY KEY (`id`),
  ADD KEY `ads_texts_ads_id_foreign` (`ads_id`);

--
-- Indexes for table `app_settings`
--
ALTER TABLE `app_settings`
  ADD PRIMARY KEY (`id`);

--
-- Indexes for table `blocked_users`
--
ALTER TABLE `blocked_users`
  ADD PRIMARY KEY (`id`),
  ADD KEY `blocked_users_user_id_foreign` (`user_id`),
  ADD KEY `blocked_users_block_id_foreign` (`block_id`);

--
-- Indexes for table `block_consultant_consultations`
--
ALTER TABLE `block_consultant_consultations`
  ADD PRIMARY KEY (`id`),
  ADD KEY `block_consultant_consultations_admin_id_foreign` (`admin_id`);

--
-- Indexes for table `booking_messages`
--
ALTER TABLE `booking_messages`
  ADD PRIMARY KEY (`id`);

--
-- Indexes for table `booking_notification_reminders`
--
ALTER TABLE `booking_notification_reminders`
  ADD PRIMARY KEY (`id`);

--
-- Indexes for table `button_settings`
--
ALTER TABLE `button_settings`
  ADD PRIMARY KEY (`id`);

--
-- Indexes for table `chat_notifications`
--
ALTER TABLE `chat_notifications`
  ADD PRIMARY KEY (`id`),
  ADD KEY `chat_notifications_chat_id_foreign` (`chat_id`);

--
-- Indexes for table `consultant_admin_chats`
--
ALTER TABLE `consultant_admin_chats`
  ADD PRIMARY KEY (`id`),
  ADD KEY `consultant_admin_chats_consultant_id_foreign` (`consultant_id`),
  ADD KEY `consultant_admin_chats_admin_id_foreign` (`admin_id`),
  ADD KEY `consultant_admin_chats_room_id_foreign` (`room_id`);

--
-- Indexes for table `consultations`
--
ALTER TABLE `consultations`
  ADD PRIMARY KEY (`id`),
  ADD KEY `consultations_user_id_foreign` (`user_id`),
  ADD KEY `consultations_consultant_id_foreign` (`consultant_id`),
  ADD KEY `consultations_room_id_foreign` (`room_id`);

--
-- Indexes for table `consultation_locations`
--
ALTER TABLE `consultation_locations`
  ADD PRIMARY KEY (`id`);

--
-- Indexes for table `consultation_logs`
--
ALTER TABLE `consultation_logs`
  ADD PRIMARY KEY (`id`),
  ADD KEY `consultation_logs_consultation_id_foreign` (`consultation_id`);

--
-- Indexes for table `country_codes`
--
ALTER TABLE `country_codes`
  ADD PRIMARY KEY (`id`);

--
-- Indexes for table `custom_consultations`
--
ALTER TABLE `custom_consultations`
  ADD PRIMARY KEY (`id`),
  ADD KEY `custom_consultations_consultant_id_foreign` (`consultant_id`);

--
-- Indexes for table `doctors`
--
ALTER TABLE `doctors`
  ADD PRIMARY KEY (`id`),
  ADD KEY `doctors_specialization_id_foreign` (`specialization_id`),
  ADD KEY `doctors_user_id_foreign` (`user_id`);

--
-- Indexes for table `failed_jobs`
--
ALTER TABLE `failed_jobs`
  ADD PRIMARY KEY (`id`),
  ADD UNIQUE KEY `failed_jobs_uuid_unique` (`uuid`);

--
-- Indexes for table `loading_ads`
--
ALTER TABLE `loading_ads`
  ADD PRIMARY KEY (`id`);

--
-- Indexes for table `media`
--
ALTER TABLE `media`
  ADD PRIMARY KEY (`id`);

--
-- Indexes for table `media_types`
--
ALTER TABLE `media_types`
  ADD PRIMARY KEY (`id`),
  ADD KEY `media_types_media_id_foreign` (`media_id`);

--
-- Indexes for table `messages`
--
ALTER TABLE `messages`
  ADD PRIMARY KEY (`id`),
  ADD KEY `messages_user_chat_id_foreign` (`user_chat_id`);

--
-- Indexes for table `message_texts`
--
ALTER TABLE `message_texts`
  ADD PRIMARY KEY (`id`),
  ADD KEY `message_texts_message_id_foreign` (`message_id`);

--
-- Indexes for table `migrations`
--
ALTER TABLE `migrations`
  ADD PRIMARY KEY (`id`);

--
-- Indexes for table `notifications`
--
ALTER TABLE `notifications`
  ADD PRIMARY KEY (`id`),
  ADD KEY `fk_user_id` (`user_id`);

--
-- Indexes for table `oauth_access_tokens`
--
ALTER TABLE `oauth_access_tokens`
  ADD PRIMARY KEY (`id`),
  ADD KEY `oauth_access_tokens_user_id_index` (`user_id`);

--
-- Indexes for table `oauth_auth_codes`
--
ALTER TABLE `oauth_auth_codes`
  ADD PRIMARY KEY (`id`),
  ADD KEY `oauth_auth_codes_user_id_index` (`user_id`);

--
-- Indexes for table `oauth_clients`
--
ALTER TABLE `oauth_clients`
  ADD PRIMARY KEY (`id`),
  ADD KEY `oauth_clients_user_id_index` (`user_id`);

--
-- Indexes for table `oauth_personal_access_clients`
--
ALTER TABLE `oauth_personal_access_clients`
  ADD PRIMARY KEY (`id`);

--
-- Indexes for table `oauth_refresh_tokens`
--
ALTER TABLE `oauth_refresh_tokens`
  ADD PRIMARY KEY (`id`),
  ADD KEY `oauth_refresh_tokens_access_token_id_index` (`access_token_id`);

--
-- Indexes for table `objects`
--
ALTER TABLE `objects`
  ADD PRIMARY KEY (`id`),
  ADD KEY `objects_type_id_foreign` (`type_id`);

--
-- Indexes for table `object_bookings`
--
ALTER TABLE `object_bookings`
  ADD PRIMARY KEY (`id`),
  ADD KEY `object_bookings_slot_id_foreign` (`slot_id`),
  ADD KEY `object_bookings_object_id_foreign` (`object_id`);

--
-- Indexes for table `object_details`
--
ALTER TABLE `object_details`
  ADD PRIMARY KEY (`id`),
  ADD KEY `object_details_object_id_foreign` (`object_id`),
  ADD KEY `object_details_time_slot_type_id_foreign` (`time_slot_type_id`);

--
-- Indexes for table `object_types`
--
ALTER TABLE `object_types`
  ADD PRIMARY KEY (`id`);

--
-- Indexes for table `object_week_days`
--
ALTER TABLE `object_week_days`
  ADD PRIMARY KEY (`id`),
  ADD KEY `object_week_days_time_slot_type_id_foreign` (`time_slot_type_id`);

--
-- Indexes for table `online_bookings`
--
ALTER TABLE `online_bookings`
  ADD PRIMARY KEY (`id`),
  ADD KEY `online_bookings_booking_id_foreign` (`booking_id`);

--
-- Indexes for table `password_resets`
--
ALTER TABLE `password_resets`
  ADD KEY `password_resets_email_index` (`email`);

--
-- Indexes for table `promo_codes`
--
ALTER TABLE `promo_codes`
  ADD PRIMARY KEY (`id`),
  ADD UNIQUE KEY `promo_codes_promo_code_unique` (`Promo_code`),
  ADD KEY `promo_codes_user_id_foreign` (`user_id`);

--
-- Indexes for table `referred_consultations`
--
ALTER TABLE `referred_consultations`
  ADD PRIMARY KEY (`id`),
  ADD KEY `referred_consultations_room_id_foreign` (`room_id`),
  ADD KEY `referred_consultations_consultation_id_foreign` (`consultation_id`),
  ADD KEY `referred_consultations_consultant_id_foreign` (`consultant_id`),
  ADD KEY `referred_consultations_user_id_foreign` (`user_id`);

--
-- Indexes for table `request_consultants`
--
ALTER TABLE `request_consultants`
  ADD PRIMARY KEY (`id`),
  ADD KEY `request_consultants_user_id_foreign` (`user_id`);

--
-- Indexes for table `request_consultant_chats`
--
ALTER TABLE `request_consultant_chats`
  ADD PRIMARY KEY (`id`),
  ADD KEY `request_consultant_chats_request_id_foreign` (`request_id`),
  ADD KEY `request_consultant_chats_room_id_foreign` (`room_id`);

--
-- Indexes for table `request_consultations`
--
ALTER TABLE `request_consultations`
  ADD PRIMARY KEY (`id`),
  ADD KEY `request_consultations_user_id_foreign` (`user_id`),
  ADD KEY `request_consultations_room_id_foreign` (`room_id`);

--
-- Indexes for table `rooms`
--
ALTER TABLE `rooms`
  ADD PRIMARY KEY (`id`);

--
-- Indexes for table `room_members`
--
ALTER TABLE `room_members`
  ADD PRIMARY KEY (`id`),
  ADD KEY `room_members_user_id_foreign` (`user_id`),
  ADD KEY `room_members_room_id_foreign` (`room_id`);

--
-- Indexes for table `sliders`
--
ALTER TABLE `sliders`
  ADD PRIMARY KEY (`id`);

--
-- Indexes for table `social_media`
--
ALTER TABLE `social_media`
  ADD PRIMARY KEY (`id`);

--
-- Indexes for table `specializations`
--
ALTER TABLE `specializations`
  ADD PRIMARY KEY (`id`);

--
-- Indexes for table `support_ads`
--
ALTER TABLE `support_ads`
  ADD PRIMARY KEY (`id`),
  ADD KEY `support_ads_user_id_foreign` (`user_id`),
  ADD KEY `support_ads_admin_id_foreign` (`admin_id`),
  ADD KEY `support_ads_room_id_foreign` (`room_id`);

--
-- Indexes for table `time_slots`
--
ALTER TABLE `time_slots`
  ADD PRIMARY KEY (`id`),
  ADD KEY `time_slots_object_week_days_id_foreign` (`object_week_days_id`);

--
-- Indexes for table `time_slot_types`
--
ALTER TABLE `time_slot_types`
  ADD PRIMARY KEY (`id`);

--
-- Indexes for table `users`
--
ALTER TABLE `users`
  ADD PRIMARY KEY (`id`),
  ADD UNIQUE KEY `users_firebase_uid_unique` (`firebase_uid`),
  ADD UNIQUE KEY `users_phone_number_unique` (`phone_number`);

--
-- Indexes for table `user_bookings`
--
ALTER TABLE `user_bookings`
  ADD PRIMARY KEY (`id`),
  ADD KEY `user_bookings_user_id_foreign` (`user_id`);

--
-- Indexes for table `user_chats`
--
ALTER TABLE `user_chats`
  ADD PRIMARY KEY (`id`),
  ADD KEY `user_chats_user_id_foreign` (`user_id`),
  ADD KEY `user_chats_room_id_foreign` (`room_id`);

--
-- Indexes for table `user_custom_consultations`
--
ALTER TABLE `user_custom_consultations`
  ADD PRIMARY KEY (`id`),
  ADD KEY `user_custom_consultations_custom_consultation_id_foreign` (`custom_consultation_id`),
  ADD KEY `user_custom_consultations_user_id_foreign` (`user_id`),
  ADD KEY `user_custom_consultations_room_id_foreign` (`room_id`);

--
-- Indexes for table `user_device_tokens`
--
ALTER TABLE `user_device_tokens`
  ADD PRIMARY KEY (`id`),
  ADD KEY `user_device_tokens_user_id_foreign` (`user_id`);

--
-- Indexes for table `user_list_consultant_spesialists`
--
ALTER TABLE `user_list_consultant_spesialists`
  ADD PRIMARY KEY (`id`),
  ADD KEY `user_list_consultant_spesialists_consultant_id_foreign` (`consultant_id`),
  ADD KEY `user_list_consultant_spesialists_user_id_foreign` (`user_id`),
  ADD KEY `user_list_consultant_spesialists_room_id_foreign` (`room_id`);

--
-- Indexes for table `uses_promo_codes`
--
ALTER TABLE `uses_promo_codes`
  ADD PRIMARY KEY (`id`),
  ADD KEY `uses_promo_codes_promo_code_id_foreign` (`promo_code_id`),
  ADD KEY `uses_promo_codes_user_id_foreign` (`user_id`);

--
-- Indexes for table `vip_chats`
--
ALTER TABLE `vip_chats`
  ADD PRIMARY KEY (`id`),
  ADD KEY `vip_chats_chat_id_foreign` (`chat_id`);

--
-- Indexes for table `welcome_messages`
--
ALTER TABLE `welcome_messages`
  ADD PRIMARY KEY (`id`);

--
-- AUTO_INCREMENT for dumped tables
--

--
-- AUTO_INCREMENT for table `admins`
--
ALTER TABLE `admins`
  MODIFY `id` bigint(20) UNSIGNED NOT NULL AUTO_INCREMENT, AUTO_INCREMENT=31;

--
-- AUTO_INCREMENT for table `admin_permissions`
--
ALTER TABLE `admin_permissions`
  MODIFY `id` bigint(20) UNSIGNED NOT NULL AUTO_INCREMENT, AUTO_INCREMENT=166;

--
-- AUTO_INCREMENT for table `admin_roles`
--
ALTER TABLE `admin_roles`
  MODIFY `id` bigint(20) UNSIGNED NOT NULL AUTO_INCREMENT, AUTO_INCREMENT=25;

--
-- AUTO_INCREMENT for table `admin_role_permission`
--
ALTER TABLE `admin_role_permission`
  MODIFY `id` bigint(20) UNSIGNED NOT NULL AUTO_INCREMENT, AUTO_INCREMENT=69;

--
-- AUTO_INCREMENT for table `ads`
--
ALTER TABLE `ads`
  MODIFY `id` bigint(20) UNSIGNED NOT NULL AUTO_INCREMENT, AUTO_INCREMENT=3;

--
-- AUTO_INCREMENT for table `ads_texts`
--
ALTER TABLE `ads_texts`
  MODIFY `id` bigint(20) UNSIGNED NOT NULL AUTO_INCREMENT, AUTO_INCREMENT=2;

--
-- AUTO_INCREMENT for table `app_settings`
--
ALTER TABLE `app_settings`
  MODIFY `id` bigint(20) UNSIGNED NOT NULL AUTO_INCREMENT, AUTO_INCREMENT=2;

--
-- AUTO_INCREMENT for table `blocked_users`
--
ALTER TABLE `blocked_users`
  MODIFY `id` bigint(20) UNSIGNED NOT NULL AUTO_INCREMENT;

--
-- AUTO_INCREMENT for table `block_consultant_consultations`
--
ALTER TABLE `block_consultant_consultations`
  MODIFY `id` bigint(20) UNSIGNED NOT NULL AUTO_INCREMENT;

--
-- AUTO_INCREMENT for table `booking_messages`
--
ALTER TABLE `booking_messages`
  MODIFY `id` bigint(20) UNSIGNED NOT NULL AUTO_INCREMENT, AUTO_INCREMENT=9;

--
-- AUTO_INCREMENT for table `booking_notification_reminders`
--
ALTER TABLE `booking_notification_reminders`
  MODIFY `id` bigint(20) UNSIGNED NOT NULL AUTO_INCREMENT;

--
-- AUTO_INCREMENT for table `button_settings`
--
ALTER TABLE `button_settings`
  MODIFY `id` bigint(20) UNSIGNED NOT NULL AUTO_INCREMENT, AUTO_INCREMENT=7;

--
-- AUTO_INCREMENT for table `chat_notifications`
--
ALTER TABLE `chat_notifications`
  MODIFY `id` bigint(20) UNSIGNED NOT NULL AUTO_INCREMENT;

--
-- AUTO_INCREMENT for table `consultant_admin_chats`
--
ALTER TABLE `consultant_admin_chats`
  MODIFY `id` bigint(20) UNSIGNED NOT NULL AUTO_INCREMENT, AUTO_INCREMENT=2;

--
-- AUTO_INCREMENT for table `consultations`
--
ALTER TABLE `consultations`
  MODIFY `id` bigint(20) UNSIGNED NOT NULL AUTO_INCREMENT, AUTO_INCREMENT=14;

--
-- AUTO_INCREMENT for table `consultation_locations`
--
ALTER TABLE `consultation_locations`
  MODIFY `id` bigint(20) UNSIGNED NOT NULL AUTO_INCREMENT, AUTO_INCREMENT=388;

--
-- AUTO_INCREMENT for table `consultation_logs`
--
ALTER TABLE `consultation_logs`
  MODIFY `id` bigint(20) UNSIGNED NOT NULL AUTO_INCREMENT;

--
-- AUTO_INCREMENT for table `country_codes`
--
ALTER TABLE `country_codes`
  MODIFY `id` bigint(20) UNSIGNED NOT NULL AUTO_INCREMENT, AUTO_INCREMENT=253;

--
-- AUTO_INCREMENT for table `custom_consultations`
--
ALTER TABLE `custom_consultations`
  MODIFY `id` bigint(20) UNSIGNED NOT NULL AUTO_INCREMENT;

--
-- AUTO_INCREMENT for table `doctors`
--
ALTER TABLE `doctors`
  MODIFY `id` bigint(20) UNSIGNED NOT NULL AUTO_INCREMENT, AUTO_INCREMENT=2;

--
-- AUTO_INCREMENT for table `failed_jobs`
--
ALTER TABLE `failed_jobs`
  MODIFY `id` bigint(20) UNSIGNED NOT NULL AUTO_INCREMENT;

--
-- AUTO_INCREMENT for table `loading_ads`
--
ALTER TABLE `loading_ads`
  MODIFY `id` bigint(20) UNSIGNED NOT NULL AUTO_INCREMENT, AUTO_INCREMENT=11;

--
-- AUTO_INCREMENT for table `media`
--
ALTER TABLE `media`
  MODIFY `id` bigint(20) UNSIGNED NOT NULL AUTO_INCREMENT, AUTO_INCREMENT=923;

--
-- AUTO_INCREMENT for table `media_types`
--
ALTER TABLE `media_types`
  MODIFY `id` bigint(20) UNSIGNED NOT NULL AUTO_INCREMENT, AUTO_INCREMENT=460;

--
-- AUTO_INCREMENT for table `messages`
--
ALTER TABLE `messages`
  MODIFY `id` bigint(20) UNSIGNED NOT NULL AUTO_INCREMENT, AUTO_INCREMENT=17;

--
-- AUTO_INCREMENT for table `message_texts`
--
ALTER TABLE `message_texts`
  MODIFY `id` bigint(20) UNSIGNED NOT NULL AUTO_INCREMENT, AUTO_INCREMENT=15;

--
-- AUTO_INCREMENT for table `migrations`
--
ALTER TABLE `migrations`
  MODIFY `id` int(10) UNSIGNED NOT NULL AUTO_INCREMENT, AUTO_INCREMENT=145;

--
-- AUTO_INCREMENT for table `notifications`
--
ALTER TABLE `notifications`
  MODIFY `id` bigint(20) UNSIGNED NOT NULL AUTO_INCREMENT, AUTO_INCREMENT=15;

--
-- AUTO_INCREMENT for table `oauth_clients`
--
ALTER TABLE `oauth_clients`
  MODIFY `id` bigint(20) UNSIGNED NOT NULL AUTO_INCREMENT, AUTO_INCREMENT=3;

--
-- AUTO_INCREMENT for table `oauth_personal_access_clients`
--
ALTER TABLE `oauth_personal_access_clients`
  MODIFY `id` bigint(20) UNSIGNED NOT NULL AUTO_INCREMENT, AUTO_INCREMENT=2;

--
-- AUTO_INCREMENT for table `objects`
--
ALTER TABLE `objects`
  MODIFY `id` bigint(20) UNSIGNED NOT NULL AUTO_INCREMENT, AUTO_INCREMENT=3;

--
-- AUTO_INCREMENT for table `object_bookings`
--
ALTER TABLE `object_bookings`
  MODIFY `id` bigint(20) UNSIGNED NOT NULL AUTO_INCREMENT, AUTO_INCREMENT=8;

--
-- AUTO_INCREMENT for table `object_details`
--
ALTER TABLE `object_details`
  MODIFY `id` bigint(20) UNSIGNED NOT NULL AUTO_INCREMENT, AUTO_INCREMENT=5;

--
-- AUTO_INCREMENT for table `object_types`
--
ALTER TABLE `object_types`
  MODIFY `id` bigint(20) UNSIGNED NOT NULL AUTO_INCREMENT, AUTO_INCREMENT=3;

--
-- AUTO_INCREMENT for table `object_week_days`
--
ALTER TABLE `object_week_days`
  MODIFY `id` bigint(20) UNSIGNED NOT NULL AUTO_INCREMENT, AUTO_INCREMENT=10;

--
-- AUTO_INCREMENT for table `online_bookings`
--
ALTER TABLE `online_bookings`
  MODIFY `id` bigint(20) UNSIGNED NOT NULL AUTO_INCREMENT;

--
-- AUTO_INCREMENT for table `promo_codes`
--
ALTER TABLE `promo_codes`
  MODIFY `id` bigint(20) UNSIGNED NOT NULL AUTO_INCREMENT;

--
-- AUTO_INCREMENT for table `referred_consultations`
--
ALTER TABLE `referred_consultations`
  MODIFY `id` bigint(20) UNSIGNED NOT NULL AUTO_INCREMENT;

--
-- AUTO_INCREMENT for table `request_consultants`
--
ALTER TABLE `request_consultants`
  MODIFY `id` bigint(20) UNSIGNED NOT NULL AUTO_INCREMENT;

--
-- AUTO_INCREMENT for table `request_consultant_chats`
--
ALTER TABLE `request_consultant_chats`
  MODIFY `id` bigint(20) UNSIGNED NOT NULL AUTO_INCREMENT;

--
-- AUTO_INCREMENT for table `request_consultations`
--
ALTER TABLE `request_consultations`
  MODIFY `id` bigint(20) UNSIGNED NOT NULL AUTO_INCREMENT, AUTO_INCREMENT=4;

--
-- AUTO_INCREMENT for table `rooms`
--
ALTER TABLE `rooms`
  MODIFY `id` bigint(20) UNSIGNED NOT NULL AUTO_INCREMENT, AUTO_INCREMENT=1975;

--
-- AUTO_INCREMENT for table `room_members`
--
ALTER TABLE `room_members`
  MODIFY `id` bigint(20) UNSIGNED NOT NULL AUTO_INCREMENT, AUTO_INCREMENT=29;

--
-- AUTO_INCREMENT for table `sliders`
--
ALTER TABLE `sliders`
  MODIFY `id` bigint(20) UNSIGNED NOT NULL AUTO_INCREMENT, AUTO_INCREMENT=31;

--
-- AUTO_INCREMENT for table `social_media`
--
ALTER TABLE `social_media`
  MODIFY `id` bigint(20) UNSIGNED NOT NULL AUTO_INCREMENT, AUTO_INCREMENT=15;

--
-- AUTO_INCREMENT for table `specializations`
--
ALTER TABLE `specializations`
  MODIFY `id` bigint(20) UNSIGNED NOT NULL AUTO_INCREMENT, AUTO_INCREMENT=2;

--
-- AUTO_INCREMENT for table `support_ads`
--
ALTER TABLE `support_ads`
  MODIFY `id` bigint(20) UNSIGNED NOT NULL AUTO_INCREMENT;

--
-- AUTO_INCREMENT for table `time_slots`
--
ALTER TABLE `time_slots`
  MODIFY `id` bigint(20) UNSIGNED NOT NULL AUTO_INCREMENT, AUTO_INCREMENT=31;

--
-- AUTO_INCREMENT for table `time_slot_types`
--
ALTER TABLE `time_slot_types`
  MODIFY `id` bigint(20) UNSIGNED NOT NULL AUTO_INCREMENT, AUTO_INCREMENT=3;

--
-- AUTO_INCREMENT for table `users`
--
ALTER TABLE `users`
  MODIFY `id` bigint(20) UNSIGNED NOT NULL AUTO_INCREMENT, AUTO_INCREMENT=162;

--
-- AUTO_INCREMENT for table `user_bookings`
--
ALTER TABLE `user_bookings`
  MODIFY `id` bigint(20) UNSIGNED NOT NULL AUTO_INCREMENT, AUTO_INCREMENT=8;

--
-- AUTO_INCREMENT for table `user_chats`
--
ALTER TABLE `user_chats`
  MODIFY `id` bigint(20) UNSIGNED NOT NULL AUTO_INCREMENT, AUTO_INCREMENT=17;

--
-- AUTO_INCREMENT for table `user_custom_consultations`
--
ALTER TABLE `user_custom_consultations`
  MODIFY `id` bigint(20) UNSIGNED NOT NULL AUTO_INCREMENT;

--
-- AUTO_INCREMENT for table `user_device_tokens`
--
ALTER TABLE `user_device_tokens`
  MODIFY `id` bigint(20) UNSIGNED NOT NULL AUTO_INCREMENT, AUTO_INCREMENT=18;

--
-- AUTO_INCREMENT for table `user_list_consultant_spesialists`
--
ALTER TABLE `user_list_consultant_spesialists`
  MODIFY `id` bigint(20) UNSIGNED NOT NULL AUTO_INCREMENT;

--
-- AUTO_INCREMENT for table `uses_promo_codes`
--
ALTER TABLE `uses_promo_codes`
  MODIFY `id` bigint(20) UNSIGNED NOT NULL AUTO_INCREMENT;

--
-- AUTO_INCREMENT for table `vip_chats`
--
ALTER TABLE `vip_chats`
  MODIFY `id` bigint(20) UNSIGNED NOT NULL AUTO_INCREMENT;

--
-- AUTO_INCREMENT for table `welcome_messages`
--
ALTER TABLE `welcome_messages`
  MODIFY `id` bigint(20) UNSIGNED NOT NULL AUTO_INCREMENT, AUTO_INCREMENT=3;

--
-- Constraints for dumped tables
--

--
-- Constraints for table `admins`
--
ALTER TABLE `admins`
  ADD CONSTRAINT `fk_role_id` FOREIGN KEY (`role_id`) REFERENCES `admin_roles` (`id`) ON DELETE CASCADE ON UPDATE CASCADE;

--
-- Constraints for table `admin_role_permission`
--
ALTER TABLE `admin_role_permission`
  ADD CONSTRAINT `admin_role_permission_permission_id_foreign` FOREIGN KEY (`permission_id`) REFERENCES `admin_permissions` (`id`) ON DELETE CASCADE ON UPDATE CASCADE,
  ADD CONSTRAINT `admin_role_permission_role_id_foreign` FOREIGN KEY (`role_id`) REFERENCES `admin_roles` (`id`) ON DELETE CASCADE ON UPDATE CASCADE;

--
-- Constraints for table `ads_texts`
--
ALTER TABLE `ads_texts`
  ADD CONSTRAINT `ads_texts_ads_id_foreign` FOREIGN KEY (`ads_id`) REFERENCES `ads` (`id`) ON DELETE CASCADE ON UPDATE CASCADE;

--
-- Constraints for table `blocked_users`
--
ALTER TABLE `blocked_users`
  ADD CONSTRAINT `blocked_users_block_id_foreign` FOREIGN KEY (`block_id`) REFERENCES `users` (`id`) ON DELETE CASCADE ON UPDATE CASCADE,
  ADD CONSTRAINT `blocked_users_user_id_foreign` FOREIGN KEY (`user_id`) REFERENCES `users` (`id`) ON DELETE CASCADE ON UPDATE CASCADE;

--
-- Constraints for table `block_consultant_consultations`
--
ALTER TABLE `block_consultant_consultations`
  ADD CONSTRAINT `block_consultant_consultations_admin_id_foreign` FOREIGN KEY (`admin_id`) REFERENCES `users` (`id`) ON DELETE CASCADE ON UPDATE CASCADE;

--
-- Constraints for table `chat_notifications`
--
ALTER TABLE `chat_notifications`
  ADD CONSTRAINT `chat_notifications_chat_id_foreign` FOREIGN KEY (`chat_id`) REFERENCES `user_chats` (`id`) ON DELETE CASCADE ON UPDATE CASCADE;

--
-- Constraints for table `consultant_admin_chats`
--
ALTER TABLE `consultant_admin_chats`
  ADD CONSTRAINT `consultant_admin_chats_admin_id_foreign` FOREIGN KEY (`admin_id`) REFERENCES `users` (`id`) ON DELETE CASCADE ON UPDATE CASCADE,
  ADD CONSTRAINT `consultant_admin_chats_consultant_id_foreign` FOREIGN KEY (`consultant_id`) REFERENCES `users` (`id`) ON DELETE CASCADE ON UPDATE CASCADE,
  ADD CONSTRAINT `consultant_admin_chats_room_id_foreign` FOREIGN KEY (`room_id`) REFERENCES `rooms` (`id`) ON DELETE CASCADE ON UPDATE CASCADE;

--
-- Constraints for table `consultations`
--
ALTER TABLE `consultations`
  ADD CONSTRAINT `consultations_consultant_id_foreign` FOREIGN KEY (`consultant_id`) REFERENCES `users` (`id`) ON DELETE CASCADE ON UPDATE CASCADE,
  ADD CONSTRAINT `consultations_room_id_foreign` FOREIGN KEY (`room_id`) REFERENCES `rooms` (`id`) ON DELETE CASCADE ON UPDATE CASCADE,
  ADD CONSTRAINT `consultations_user_id_foreign` FOREIGN KEY (`user_id`) REFERENCES `users` (`id`) ON DELETE CASCADE ON UPDATE CASCADE;

--
-- Constraints for table `consultation_logs`
--
ALTER TABLE `consultation_logs`
  ADD CONSTRAINT `consultation_logs_consultation_id_foreign` FOREIGN KEY (`consultation_id`) REFERENCES `consultations` (`id`) ON DELETE CASCADE ON UPDATE CASCADE;

--
-- Constraints for table `custom_consultations`
--
ALTER TABLE `custom_consultations`
  ADD CONSTRAINT `custom_consultations_consultant_id_foreign` FOREIGN KEY (`consultant_id`) REFERENCES `users` (`id`) ON DELETE CASCADE ON UPDATE CASCADE;

--
-- Constraints for table `doctors`
--
ALTER TABLE `doctors`
  ADD CONSTRAINT `doctors_specialization_id_foreign` FOREIGN KEY (`specialization_id`) REFERENCES `specializations` (`id`) ON DELETE CASCADE ON UPDATE CASCADE,
  ADD CONSTRAINT `doctors_user_id_foreign` FOREIGN KEY (`user_id`) REFERENCES `users` (`id`) ON DELETE CASCADE ON UPDATE CASCADE;

--
-- Constraints for table `media_types`
--
ALTER TABLE `media_types`
  ADD CONSTRAINT `media_types_media_id_foreign` FOREIGN KEY (`media_id`) REFERENCES `media` (`id`) ON DELETE CASCADE ON UPDATE CASCADE;

--
-- Constraints for table `messages`
--
ALTER TABLE `messages`
  ADD CONSTRAINT `messages_user_chat_id_foreign` FOREIGN KEY (`user_chat_id`) REFERENCES `user_chats` (`id`) ON DELETE CASCADE ON UPDATE CASCADE;

--
-- Constraints for table `message_texts`
--
ALTER TABLE `message_texts`
  ADD CONSTRAINT `message_texts_message_id_foreign` FOREIGN KEY (`message_id`) REFERENCES `messages` (`id`) ON DELETE CASCADE ON UPDATE CASCADE;

--
-- Constraints for table `notifications`
--
ALTER TABLE `notifications`
  ADD CONSTRAINT `fk_user_id` FOREIGN KEY (`user_id`) REFERENCES `users` (`id`) ON DELETE CASCADE ON UPDATE CASCADE;

--
-- Constraints for table `objects`
--
ALTER TABLE `objects`
  ADD CONSTRAINT `objects_type_id_foreign` FOREIGN KEY (`type_id`) REFERENCES `object_types` (`id`) ON DELETE CASCADE ON UPDATE CASCADE;

--
-- Constraints for table `object_bookings`
--
ALTER TABLE `object_bookings`
  ADD CONSTRAINT `object_bookings_object_id_foreign` FOREIGN KEY (`object_id`) REFERENCES `object_details` (`id`) ON DELETE CASCADE ON UPDATE CASCADE,
  ADD CONSTRAINT `object_bookings_slot_id_foreign` FOREIGN KEY (`slot_id`) REFERENCES `time_slots` (`id`) ON DELETE CASCADE ON UPDATE CASCADE;

--
-- Constraints for table `object_details`
--
ALTER TABLE `object_details`
  ADD CONSTRAINT `object_details_object_id_foreign` FOREIGN KEY (`object_id`) REFERENCES `objects` (`id`) ON DELETE CASCADE ON UPDATE CASCADE,
  ADD CONSTRAINT `object_details_time_slot_type_id_foreign` FOREIGN KEY (`time_slot_type_id`) REFERENCES `time_slot_types` (`id`) ON DELETE CASCADE ON UPDATE CASCADE;

--
-- Constraints for table `object_week_days`
--
ALTER TABLE `object_week_days`
  ADD CONSTRAINT `object_week_days_time_slot_type_id_foreign` FOREIGN KEY (`time_slot_type_id`) REFERENCES `time_slot_types` (`id`) ON DELETE CASCADE ON UPDATE CASCADE;

--
-- Constraints for table `online_bookings`
--
ALTER TABLE `online_bookings`
  ADD CONSTRAINT `online_bookings_booking_id_foreign` FOREIGN KEY (`booking_id`) REFERENCES `object_bookings` (`id`) ON DELETE CASCADE ON UPDATE CASCADE;

--
-- Constraints for table `promo_codes`
--
ALTER TABLE `promo_codes`
  ADD CONSTRAINT `promo_codes_user_id_foreign` FOREIGN KEY (`user_id`) REFERENCES `users` (`id`) ON DELETE CASCADE ON UPDATE CASCADE;

--
-- Constraints for table `referred_consultations`
--
ALTER TABLE `referred_consultations`
  ADD CONSTRAINT `referred_consultations_consultant_id_foreign` FOREIGN KEY (`consultant_id`) REFERENCES `users` (`id`) ON DELETE CASCADE ON UPDATE CASCADE,
  ADD CONSTRAINT `referred_consultations_consultation_id_foreign` FOREIGN KEY (`consultation_id`) REFERENCES `consultations` (`id`) ON DELETE CASCADE ON UPDATE CASCADE,
  ADD CONSTRAINT `referred_consultations_room_id_foreign` FOREIGN KEY (`room_id`) REFERENCES `rooms` (`id`) ON DELETE CASCADE ON UPDATE CASCADE,
  ADD CONSTRAINT `referred_consultations_user_id_foreign` FOREIGN KEY (`user_id`) REFERENCES `users` (`id`) ON DELETE CASCADE ON UPDATE CASCADE;

--
-- Constraints for table `request_consultants`
--
ALTER TABLE `request_consultants`
  ADD CONSTRAINT `request_consultants_user_id_foreign` FOREIGN KEY (`user_id`) REFERENCES `users` (`id`) ON DELETE CASCADE ON UPDATE CASCADE;

--
-- Constraints for table `request_consultant_chats`
--
ALTER TABLE `request_consultant_chats`
  ADD CONSTRAINT `request_consultant_chats_request_id_foreign` FOREIGN KEY (`request_id`) REFERENCES `request_consultants` (`id`) ON DELETE CASCADE ON UPDATE CASCADE,
  ADD CONSTRAINT `request_consultant_chats_room_id_foreign` FOREIGN KEY (`room_id`) REFERENCES `rooms` (`id`) ON DELETE CASCADE ON UPDATE CASCADE;

--
-- Constraints for table `request_consultations`
--
ALTER TABLE `request_consultations`
  ADD CONSTRAINT `request_consultations_room_id_foreign` FOREIGN KEY (`room_id`) REFERENCES `rooms` (`id`) ON DELETE CASCADE ON UPDATE CASCADE,
  ADD CONSTRAINT `request_consultations_user_id_foreign` FOREIGN KEY (`user_id`) REFERENCES `users` (`id`) ON DELETE CASCADE ON UPDATE CASCADE;

--
-- Constraints for table `room_members`
--
ALTER TABLE `room_members`
  ADD CONSTRAINT `room_members_room_id_foreign` FOREIGN KEY (`room_id`) REFERENCES `rooms` (`id`) ON DELETE CASCADE ON UPDATE CASCADE,
  ADD CONSTRAINT `room_members_user_id_foreign` FOREIGN KEY (`user_id`) REFERENCES `users` (`id`) ON DELETE CASCADE ON UPDATE CASCADE;

--
-- Constraints for table `support_ads`
--
ALTER TABLE `support_ads`
  ADD CONSTRAINT `support_ads_admin_id_foreign` FOREIGN KEY (`admin_id`) REFERENCES `users` (`id`) ON DELETE CASCADE ON UPDATE CASCADE,
  ADD CONSTRAINT `support_ads_room_id_foreign` FOREIGN KEY (`room_id`) REFERENCES `rooms` (`id`) ON DELETE CASCADE ON UPDATE CASCADE,
  ADD CONSTRAINT `support_ads_user_id_foreign` FOREIGN KEY (`user_id`) REFERENCES `users` (`id`) ON DELETE CASCADE ON UPDATE CASCADE;

--
-- Constraints for table `time_slots`
--
ALTER TABLE `time_slots`
  ADD CONSTRAINT `time_slots_object_week_days_id_foreign` FOREIGN KEY (`object_week_days_id`) REFERENCES `object_week_days` (`id`) ON DELETE CASCADE ON UPDATE CASCADE;

--
-- Constraints for table `user_bookings`
--
ALTER TABLE `user_bookings`
  ADD CONSTRAINT `user_bookings_user_id_foreign` FOREIGN KEY (`user_id`) REFERENCES `users` (`id`) ON DELETE CASCADE ON UPDATE CASCADE;

--
-- Constraints for table `user_chats`
--
ALTER TABLE `user_chats`
  ADD CONSTRAINT `user_chats_room_id_foreign` FOREIGN KEY (`room_id`) REFERENCES `rooms` (`id`) ON DELETE CASCADE ON UPDATE CASCADE,
  ADD CONSTRAINT `user_chats_user_id_foreign` FOREIGN KEY (`user_id`) REFERENCES `users` (`id`) ON DELETE CASCADE ON UPDATE CASCADE;

--
-- Constraints for table `user_custom_consultations`
--
ALTER TABLE `user_custom_consultations`
  ADD CONSTRAINT `user_custom_consultations_custom_consultation_id_foreign` FOREIGN KEY (`custom_consultation_id`) REFERENCES `custom_consultations` (`id`) ON DELETE CASCADE ON UPDATE CASCADE,
  ADD CONSTRAINT `user_custom_consultations_room_id_foreign` FOREIGN KEY (`room_id`) REFERENCES `rooms` (`id`) ON DELETE CASCADE ON UPDATE CASCADE,
  ADD CONSTRAINT `user_custom_consultations_user_id_foreign` FOREIGN KEY (`user_id`) REFERENCES `users` (`id`) ON DELETE CASCADE ON UPDATE CASCADE;

--
-- Constraints for table `user_device_tokens`
--
ALTER TABLE `user_device_tokens`
  ADD CONSTRAINT `user_device_tokens_user_id_foreign` FOREIGN KEY (`user_id`) REFERENCES `users` (`id`) ON DELETE CASCADE ON UPDATE CASCADE;

--
-- Constraints for table `user_list_consultant_spesialists`
--
ALTER TABLE `user_list_consultant_spesialists`
  ADD CONSTRAINT `user_list_consultant_spesialists_consultant_id_foreign` FOREIGN KEY (`consultant_id`) REFERENCES `users` (`id`) ON DELETE CASCADE ON UPDATE CASCADE,
  ADD CONSTRAINT `user_list_consultant_spesialists_room_id_foreign` FOREIGN KEY (`room_id`) REFERENCES `rooms` (`id`) ON DELETE CASCADE ON UPDATE CASCADE,
  ADD CONSTRAINT `user_list_consultant_spesialists_user_id_foreign` FOREIGN KEY (`user_id`) REFERENCES `users` (`id`) ON DELETE CASCADE ON UPDATE CASCADE;

--
-- Constraints for table `uses_promo_codes`
--
ALTER TABLE `uses_promo_codes`
  ADD CONSTRAINT `uses_promo_codes_promo_code_id_foreign` FOREIGN KEY (`promo_code_id`) REFERENCES `promo_codes` (`id`) ON DELETE CASCADE ON UPDATE CASCADE,
  ADD CONSTRAINT `uses_promo_codes_user_id_foreign` FOREIGN KEY (`user_id`) REFERENCES `users` (`id`) ON DELETE CASCADE ON UPDATE CASCADE;

--
-- Constraints for table `vip_chats`
--
ALTER TABLE `vip_chats`
  ADD CONSTRAINT `vip_chats_chat_id_foreign` FOREIGN KEY (`chat_id`) REFERENCES `user_chats` (`id`) ON DELETE CASCADE ON UPDATE CASCADE;
COMMIT;

