-- https://www.phpmyadmin.net/
--

START TRANSACTION;



-- --------------------------------------------------------

--
-- Table structure for table `admin_permissions`
--

CREATE TABLE `admin_permissions` (
  `id` bigint(20) UNSIGNED NOT NULL,
  `name` varchar(255) COLLATE utf8mb4_unicode_ci NOT NULL,
  `name_ar` varchar(100) COLLATE utf8mb4_unicode_ci DEFAULT NULL,
  `slug` varchar(255) COLLATE utf8mb4_unicode_ci NOT NULL
) ENGINE=InnoDB DEFAULT CHARSET=utf8mb4 COLLATE=utf8mb4_unicode_ci;

--
-- Dumping data for table `admin_permissions`
--

INSERT INTO `admin_permissions` (`id`, `name`, `name_ar`, `slug`) VALUES
(121, 'View Dashboard', 'عرض لوحة العدادت', 'view-dashboard'),
(122, 'View Uesrs', 'عرض المستخدمين', 'view-uesrs'),
(123, 'View Admin Control', 'عرض  الادارة', 'view-admin-control'),
(127, 'View Messages', 'عرض الرسائل', 'view-messages'),
(129, 'View Ads', 'عرض الاعلانات', 'view-ads'),
(131, 'View Promos Code', 'عرض  كود العروض', 'view-promos-code'),
(133, 'View Consultations', 'عرض الاستشارات', 'view-consultations'),
(135, 'View sliders', 'عرض أشرطة التمرير', 'view-sliders'),
(137, 'View notifications', 'عرض الاشعارات', 'view-notifications'),
(160, 'Welcome Message', 'الرسال الترحيبية', 'welcome-message'),
(161, 'View App Settings', 'التحكم بالتطبيق', 'view-app-settings'),
(162, 'social media', 'وسائل التواصل الاجتماعي', 'social-media'),
(163, 'Admin Role', 'الصلاحيات', 'admin-role'),
(164, 'View Specialization', 'عرض الاختصاصات', 'view-specialization'),
(165, 'View Doctor', 'عرض الأطباء', 'view-doctor');

-- --------------------------------------------------------

--
-- Table structure for table `admin_roles`
--

CREATE TABLE `admin_roles` (
  `id` bigint(20) UNSIGNED NOT NULL,
  `name` varchar(255) COLLATE utf8mb4_unicode_ci NOT NULL
) ENGINE=InnoDB DEFAULT CHARSET=utf8mb4 COLLATE=utf8mb4_unicode_ci;

--
-- Dumping data for table `admin_roles`
--

INSERT INTO `admin_roles` (`id`, `name`) VALUES
(11, 'dash'),
(12, 'sup-admin'),
(13, 'DASh-users'),
(14, 'amman'),
(15, 'FirstRow'),
(16, 'secoundrow'),
(17, 'therdRow'),
(18, '4row'),
(19, 'dash-appsetting'),
(20, 'users'),
(21, 'data enrt'),
(22, 'data enrty'),
(23, 'test message'),
(24, 'عdata enrt');

-- --------------------------------------------------------

--
-- Table structure for table `admin_role_permission`
--

CREATE TABLE `admin_role_permission` (
  `id` bigint(20) UNSIGNED NOT NULL,
  `role_id` bigint(20) UNSIGNED NOT NULL,
  `permission_id` bigint(20) UNSIGNED NOT NULL
) ENGINE=InnoDB DEFAULT CHARSET=utf8mb4 COLLATE=utf8mb4_unicode_ci;

--
-- Dumping data for table `admin_role_permission`
--

INSERT INTO `admin_role_permission` (`id`, `role_id`, `permission_id`) VALUES
(6, 12, 121),
(7, 12, 122),
(8, 12, 123),
(9, 12, 127),
(10, 12, 129),
(11, 13, 121),
(12, 13, 122),
(13, 14, 122),
(14, 14, 123),
(21, 11, 135),
(41, 15, 121),
(42, 15, 122),
(43, 15, 123),
(44, 16, 127),
(45, 16, 129),
(46, 16, 131),
(47, 17, 133),
(48, 17, 135),
(49, 17, 137),
(50, 18, 160),
(51, 18, 161),
(52, 19, 121),
(53, 19, 161),
(54, 20, 122),
(55, 21, 129),
(56, 21, 135),
(57, 21, 161),
(58, 21, 162),
(59, 22, 129),
(60, 22, 135),
(61, 22, 161),
(62, 22, 162),
(63, 23, 121),
(64, 23, 122),
(65, 23, 123),
(66, 23, 127),
(67, 23, 129),
(68, 23, 131);

-- --------------------------------------------------------

--
-- Table structure for table `ads`
--

CREATE TABLE `ads` (
  `id` bigint(20) UNSIGNED NOT NULL,
  `status` tinyint(1) NOT NULL,
  `type` int(11) NOT NULL COMMENT '1-text 2-image 3-video',
  `created_at` timestamp NOT NULL DEFAULT CURRENT_TIMESTAMP,
  `updated_at` timestamp NOT NULL DEFAULT CURRENT_TIMESTAMP ON UPDATE CURRENT_TIMESTAMP
) ENGINE=InnoDB DEFAULT CHARSET=utf8mb4 COLLATE=utf8mb4_unicode_ci;

--
-- Dumping data for table `ads`
--

INSERT INTO `ads` (`id`, `status`, `type`, `created_at`, `updated_at`) VALUES
(2, 0, 1, '2022-09-10 10:02:31', '2022-09-11 10:22:55');

-- --------------------------------------------------------

--
-- Table structure for table `ads_texts`
--

CREATE TABLE `ads_texts` (
  `id` bigint(20) UNSIGNED NOT NULL,
  `Data` varchar(255) COLLATE utf8mb4_unicode_ci NOT NULL,
  `background_color` varchar(10) COLLATE utf8mb4_unicode_ci NOT NULL DEFAULT '#FFFFFF',
  `ads_id` bigint(20) UNSIGNED NOT NULL,
  `created_at` timestamp NULL DEFAULT NULL,
  `updated_at` timestamp NULL DEFAULT NULL
) ENGINE=InnoDB DEFAULT CHARSET=utf8mb4 COLLATE=utf8mb4_unicode_ci;

--
-- Dumping data for table `ads_texts`
--

INSERT INTO `ads_texts` (`id`, `Data`, `background_color`, `ads_id`, `created_at`, `updated_at`) VALUES
(1, 'hello', '74c7d0', 2, '2022-09-10 10:02:31', '2022-09-10 10:02:31');

-- --------------------------------------------------------

--
-- Table structure for table `app_settings`
--

CREATE TABLE `app_settings` (
  `id` bigint(20) UNSIGNED NOT NULL,
  `Terms_And_Conditions` text COLLATE utf8mb4_unicode_ci NOT NULL,
  `contest` tinyint(1) NOT NULL DEFAULT '1',
  `created_at` timestamp NULL DEFAULT NULL,
  `updated_at` timestamp NULL DEFAULT NULL
) ENGINE=InnoDB DEFAULT CHARSET=utf8mb4 COLLATE=utf8mb4_unicode_ci;

--
-- Dumping data for table `app_settings`
--

INSERT INTO `app_settings` (`id`, `Terms_And_Conditions`, `contest`, `created_at`, `updated_at`) VALUES
(1, 'istishara free', 0, '2022-03-30 08:20:59', '2022-06-10 03:18:35');

-- --------------------------------------------------------

--
-- Table structure for table `blocked_users`
--

CREATE TABLE `blocked_users` (
  `id` bigint(20) UNSIGNED NOT NULL,
  `user_id` bigint(20) UNSIGNED NOT NULL,
  `block_id` bigint(20) UNSIGNED NOT NULL,
  `type` int(11) NOT NULL COMMENT '1-inclusive',
  `created_at` timestamp NULL DEFAULT NULL,
  `updated_at` timestamp NULL DEFAULT NULL
) ENGINE=InnoDB DEFAULT CHARSET=utf8mb4 COLLATE=utf8mb4_unicode_ci;

-- --------------------------------------------------------

--
-- Table structure for table `block_consultant_consultations`
--

CREATE TABLE `block_consultant_consultations` (
  `id` bigint(20) UNSIGNED NOT NULL,
  `consultation_id` bigint(20) UNSIGNED NOT NULL,
  `admin_id` bigint(20) UNSIGNED NOT NULL,
  `type` varchar(255) COLLATE utf8mb4_unicode_ci NOT NULL COMMENT '1-normal 2-referred consultation 3-other consultation',
  `created_at` timestamp NULL DEFAULT NULL,
  `updated_at` timestamp NULL DEFAULT NULL
) ENGINE=InnoDB DEFAULT CHARSET=utf8mb4 COLLATE=utf8mb4_unicode_ci;

-- --------------------------------------------------------

--
-- Table structure for table `booking_messages`
--

CREATE TABLE `booking_messages` (
  `id` bigint(20) UNSIGNED NOT NULL,
  `remark` int(11) NOT NULL,
  `lang` varchar(10) COLLATE utf8mb4_unicode_ci NOT NULL,
  `msg` text COLLATE utf8mb4_unicode_ci NOT NULL
) ENGINE=InnoDB DEFAULT CHARSET=utf8mb4 COLLATE=utf8mb4_unicode_ci;

--
-- Dumping data for table `booking_messages`
--

INSERT INTO `booking_messages` (`id`, `remark`, `lang`, `msg`) VALUES
(1, 1, 'en', 'This object doesn\'t has time slots on this day'),
(2, 1, 'ar', 'لا يوجد مواعيد لهذا العنصر في هذا اليوم'),
(3, 2, 'en', 'This object not available on this date'),
(4, 2, 'ar', 'العنصر غير متاح في هذا التاريخ'),
(5, 3, 'en', 'This slot is booked'),
(6, 3, 'ar', 'هذا الموعد محجوز'),
(7, 4, 'en', 'Booking added successfully'),
(8, 4, 'ar', 'تم إضافة الحجز بنجاح');

-- --------------------------------------------------------

--
-- Table structure for table `booking_notification_reminders`
--

CREATE TABLE `booking_notification_reminders` (
  `id` bigint(20) UNSIGNED NOT NULL,
  `duration_number` tinyint(4) NOT NULL,
  `duration_type` varchar(255) COLLATE utf8mb4_unicode_ci NOT NULL,
  `duration_in_minutes` varchar(255) COLLATE utf8mb4_unicode_ci NOT NULL,
  `created_at` timestamp NULL DEFAULT NULL,
  `updated_at` timestamp NULL DEFAULT NULL
) ENGINE=InnoDB DEFAULT CHARSET=utf8mb4 COLLATE=utf8mb4_unicode_ci;

-- --------------------------------------------------------

--
-- Table structure for table `button_settings`
--

CREATE TABLE `button_settings` (
  `id` bigint(20) UNSIGNED NOT NULL,
  `type` int(1) NOT NULL DEFAULT '1' COMMENT '1-consultation button 2-chat history button',
  `status` tinyint(1) NOT NULL DEFAULT '1' COMMENT '1 -active 2- inactive ',
  `title_en` varchar(255) COLLATE utf8mb4_unicode_ci NOT NULL,
  `title_ar` varchar(255) COLLATE utf8mb4_unicode_ci NOT NULL,
  `description_en` varchar(255) COLLATE utf8mb4_unicode_ci NOT NULL,
  `description_ar` varchar(255) COLLATE utf8mb4_unicode_ci NOT NULL,
  `created_at` timestamp NULL DEFAULT NULL,
  `updated_at` timestamp NULL DEFAULT NULL
) ENGINE=InnoDB DEFAULT CHARSET=utf8mb4 COLLATE=utf8mb4_unicode_ci;

--
-- Dumping data for table `button_settings`
--

INSERT INTO `button_settings` (`id`, `type`, `status`, `title_en`, `title_ar`, `description_en`, `description_ar`, `created_at`, `updated_at`) VALUES
(1, 1, 1, 'other consultation 3', 'مستشار التطبيق 3', 'to request a consultation 3', 'لطلب استشارة 3', '2022-03-29 14:25:13', '2022-06-10 03:19:47'),
(2, 1, 1, 'other consultation 3', 'استشارة اخرى 3', 'to request a consultation 3', 'لطلب استشارة 3', '2022-03-29 14:25:15', '2022-06-10 03:21:29'),
(3, 2, 1, 'chat history', 'محادثات التطبيق', '', '', '2022-05-16 08:31:38', '2022-06-14 21:26:49'),
(4, 3, 1, 'Application advis  3or 1', 'مستشار التطبيق 3', '', '', NULL, '2022-06-10 03:25:05'),
(5, 3, 1, 'specialist 3', 'متخصص 3', '', '', NULL, '2022-06-10 03:26:11'),
(6, 3, 1, 'custom consult 3', 'متخصص 3', '', '', NULL, '2022-06-10 03:26:45');

-- --------------------------------------------------------

--
-- Table structure for table `chat_notifications`
--

CREATE TABLE `chat_notifications` (
  `id` bigint(20) UNSIGNED NOT NULL,
  `chat_id` bigint(20) UNSIGNED NOT NULL,
  `status` int(11) NOT NULL DEFAULT '1' COMMENT '0-send 1-not send',
  `created_at` timestamp NULL DEFAULT NULL,
  `updated_at` timestamp NULL DEFAULT NULL
) ENGINE=InnoDB DEFAULT CHARSET=utf8mb4 COLLATE=utf8mb4_unicode_ci;

-- --------------------------------------------------------

--
-- Table structure for table `consultant_admin_chats`
--

CREATE TABLE `consultant_admin_chats` (
  `id` bigint(20) UNSIGNED NOT NULL,
  `consultant_id` bigint(20) UNSIGNED NOT NULL,
  `admin_id` bigint(20) UNSIGNED NOT NULL,
  `room_id` bigint(20) UNSIGNED NOT NULL,
  `created_at` timestamp NULL DEFAULT NULL,
  `updated_at` timestamp NULL DEFAULT NULL
) ENGINE=InnoDB DEFAULT CHARSET=utf8mb4 COLLATE=utf8mb4_unicode_ci;

--
-- Dumping data for table `consultant_admin_chats`
--

INSERT INTO `consultant_admin_chats` (`id`, `consultant_id`, `admin_id`, `room_id`, `created_at`, `updated_at`) VALUES
(1, 161, 159, 1966, '2023-02-01 10:19:04', '2023-02-01 10:19:04');

-- --------------------------------------------------------

--
-- Table structure for table `consultations`
--

CREATE TABLE `consultations` (
  `id` bigint(20) UNSIGNED NOT NULL,
  `user_id` bigint(20) UNSIGNED NOT NULL,
  `consultant_id` bigint(20) UNSIGNED NOT NULL,
  `room_id` bigint(20) UNSIGNED NOT NULL,
  `status` tinyint(1) NOT NULL DEFAULT '1' COMMENT '1 - booked up 2-available 3-block',
  `consultations_status` tinyint(1) NOT NULL DEFAULT '0' COMMENT '1-not read 2 -readable  3-follow up  4-not important 5-completed 6-vip',
  `created_at` timestamp NULL DEFAULT NULL,
  `updated_at` timestamp NULL DEFAULT NULL
) ENGINE=InnoDB DEFAULT CHARSET=utf8mb4 COLLATE=utf8mb4_unicode_ci;

--
-- Dumping data for table `consultations`
--

INSERT INTO `consultations` (`id`, `user_id`, `consultant_id`, `room_id`, `status`, `consultations_status`, `created_at`, `updated_at`) VALUES
(1, 157, 159, 1967, 2, 2, '2023-02-01 08:20:56', '2023-02-01 09:30:36'),
(2, 157, 161, 1967, 2, 2, '2023-02-01 09:02:57', '2023-02-01 09:30:36'),
(3, 157, 161, 1967, 2, 2, '2023-02-01 09:03:10', '2023-02-01 09:30:36'),
(4, 157, 161, 1967, 2, 2, '2023-02-01 09:03:12', '2023-02-01 09:30:36'),
(5, 157, 161, 1967, 2, 2, '2023-02-01 09:03:48', '2023-02-01 09:30:36'),
(6, 157, 161, 1967, 2, 2, '2023-02-01 09:03:49', '2023-02-01 09:30:36'),
(7, 157, 161, 1973, 2, 4, '2023-02-01 09:23:46', '2023-02-01 09:28:32'),
(8, 157, 161, 1967, 2, 2, '2023-02-01 09:25:43', '2023-02-01 09:30:36'),
(9, 157, 161, 1973, 2, 4, '2023-02-01 09:27:08', '2023-02-01 09:28:32'),
(10, 157, 161, 1973, 2, 2, '2023-02-01 09:28:49', '2023-02-01 09:28:49'),
(11, 157, 161, 1967, 2, 2, '2023-02-01 09:30:11', '2023-02-01 09:30:36'),
(13, 159, 161, 1974, 2, 2, '2023-02-05 10:53:57', '2023-02-05 10:53:57');

-- --------------------------------------------------------

--
-- Table structure for table `consultation_locations`
--

CREATE TABLE `consultation_locations` (
  `id` bigint(20) UNSIGNED NOT NULL,
  `room_id` bigint(20) UNSIGNED NOT NULL,
  `type` int(3) NOT NULL DEFAULT '1' COMMENT '1-normal 2-specialist 3-custom',
  `country` varchar(255) COLLATE utf8mb4_unicode_ci NOT NULL,
  `location` int(11) NOT NULL COMMENT '1-inside 2-outSide',
  `created_at` timestamp NULL DEFAULT NULL,
  `updated_at` timestamp NULL DEFAULT NULL
) ENGINE=InnoDB DEFAULT CHARSET=utf8mb4 COLLATE=utf8mb4_unicode_ci;

--
-- Dumping data for table `consultation_locations`
--

INSERT INTO `consultation_locations` (`id`, `room_id`, `type`, `country`, `location`, `created_at`, `updated_at`) VALUES
(7, 495, 1, 'Jordan', 1, '2022-03-15 13:26:42', '2022-03-15 13:26:42'),
(8, 1155, 1, 'Jordan', 1, '2022-03-15 13:28:05', '2022-03-15 13:28:05'),
(9, 1156, 1, 'Jordan', 1, '2022-03-16 08:39:32', '2022-03-16 08:39:32'),
(10, 1157, 1, 'Jordan', 1, '2022-03-16 10:47:28', '2022-03-16 10:47:28'),
(11, 1158, 1, 'Jordan', 1, '2022-03-16 10:53:37', '2022-03-16 10:53:37'),
(12, 1159, 1, 'Jordan', 1, '2022-03-16 10:54:05', '2022-03-16 10:54:05'),
(13, 1160, 1, 'Jordan', 1, '2022-03-16 11:00:38', '2022-03-16 11:00:38'),
(14, 1161, 1, 'Jordan', 1, '2022-03-16 11:01:10', '2022-03-16 11:01:10'),
(15, 1162, 1, 'Jordan', 1, '2022-03-19 08:53:32', '2022-03-19 08:53:32'),
(16, 1163, 1, 'Jordan', 1, '2022-03-19 08:55:27', '2022-03-19 08:55:27'),
(17, 1164, 1, 'Jordan', 1, '2022-03-19 09:00:39', '2022-03-19 09:00:39'),
(18, 1165, 1, 'Jordan', 1, '2022-03-19 09:01:11', '2022-03-19 09:01:11'),
(19, 1166, 1, 'Jordan', 1, '2022-03-19 09:09:18', '2022-03-19 09:09:18'),
(20, 1167, 1, 'Jordan', 1, '2022-03-19 09:09:36', '2022-03-19 09:09:36'),
(21, 1168, 1, 'Jordan', 1, '2022-03-19 09:14:34', '2022-03-19 09:14:34'),
(22, 1169, 1, 'Jordan', 1, '2022-03-19 09:15:05', '2022-03-19 09:15:05'),
(23, 1170, 1, 'Jordan', 1, '2022-03-19 09:16:33', '2022-03-19 09:16:33'),
(24, 1171, 1, 'Jordan', 1, '2022-03-19 09:16:54', '2022-03-19 09:16:54'),
(25, 1173, 1, 'Jordan', 1, '2022-03-19 09:29:08', '2022-03-19 09:29:08'),
(26, 1174, 1, 'Jordan', 1, '2022-03-19 09:29:56', '2022-03-19 09:29:56'),
(27, 1175, 1, 'Jordan', 1, '2022-03-19 10:10:15', '2022-03-19 10:10:15'),
(28, 1176, 1, 'Jordan', 1, '2022-03-19 10:12:41', '2022-03-19 10:12:41'),
(29, 1177, 1, 'Jordan', 1, '2022-03-19 10:13:07', '2022-03-19 10:13:07'),
(30, 1178, 1, 'Jordan', 1, '2022-03-19 10:15:50', '2022-03-19 10:15:50'),
(31, 1179, 1, 'Jordan', 1, '2022-03-19 10:16:10', '2022-03-19 10:16:10'),
(32, 1180, 1, 'Jordan', 1, '2022-03-19 10:17:17', '2022-03-19 10:17:17'),
(33, 1181, 1, 'Jordan', 1, '2022-03-19 10:18:44', '2022-03-19 10:18:44'),
(34, 1182, 1, 'Jordan', 1, '2022-03-19 10:19:04', '2022-03-19 10:19:04'),
(35, 1183, 1, 'Jordan', 1, '2022-03-19 10:20:45', '2022-03-19 10:20:45'),
(36, 1184, 1, 'Jordan', 1, '2022-03-19 10:21:50', '2022-03-19 10:21:50'),
(37, 1185, 1, 'Jordan', 1, '2022-03-19 10:22:23', '2022-03-19 10:22:23'),
(38, 1186, 1, 'Jordan', 1, '2022-03-19 10:23:52', '2022-03-19 10:23:52'),
(39, 1187, 1, 'Jordan', 1, '2022-03-19 10:24:48', '2022-03-19 10:24:48'),
(40, 1188, 1, 'Jordan', 1, '2022-03-19 10:27:32', '2022-03-19 10:27:32'),
(41, 1189, 1, 'Jordan', 1, '2022-03-19 10:28:03', '2022-03-19 10:28:03'),
(42, 1190, 1, 'Jordan', 1, '2022-03-19 10:31:29', '2022-03-19 10:31:29'),
(43, 1191, 1, 'Jordan', 1, '2022-03-19 10:31:47', '2022-03-19 10:31:47'),
(44, 1192, 1, 'Jordan', 1, '2022-03-19 10:33:14', '2022-03-19 10:33:14'),
(45, 1193, 1, 'Jordan', 1, '2022-03-19 10:34:36', '2022-03-19 10:34:36'),
(46, 1194, 1, 'Jordan', 1, '2022-03-19 10:37:55', '2022-03-19 10:37:55'),
(47, 1195, 1, 'Jordan', 1, '2022-03-19 10:46:01', '2022-03-19 10:46:01'),
(48, 1202, 1, 'Jordan', 1, '2022-03-20 10:08:36', '2022-03-20 10:08:36'),
(49, 1203, 1, 'Jordan', 1, '2022-03-20 10:15:18', '2022-03-20 10:15:18'),
(50, 1204, 1, 'Jordan', 1, '2022-03-20 10:18:11', '2022-03-20 10:18:11'),
(51, 1205, 1, 'Jordan', 1, '2022-03-20 10:19:52', '2022-03-20 10:19:52'),
(52, 1206, 1, 'Jordan', 1, '2022-03-20 10:26:00', '2022-03-20 10:26:00'),
(53, 1207, 1, 'Jordan', 1, '2022-03-20 10:55:18', '2022-03-20 10:55:18'),
(54, 1208, 1, 'Jordan', 1, '2022-03-20 10:58:45', '2022-03-20 10:58:45'),
(55, 1209, 1, 'Jordan', 1, '2022-03-20 10:59:49', '2022-03-20 10:59:49'),
(56, 1210, 1, 'Jordan', 1, '2022-03-20 11:06:35', '2022-03-20 11:06:35'),
(57, 1211, 1, 'Jordan', 1, '2022-03-20 11:08:32', '2022-03-20 11:08:32'),
(58, 1212, 1, 'Jordan', 1, '2022-03-20 11:09:11', '2022-03-20 11:09:11'),
(59, 1213, 1, 'Jordan', 1, '2022-03-20 11:11:05', '2022-03-20 11:11:05'),
(60, 1214, 1, 'Jordan', 1, '2022-03-20 11:13:41', '2022-03-20 11:13:41'),
(61, 1217, 1, 'Jordan', 1, '2022-03-20 11:24:48', '2022-03-20 11:24:48'),
(62, 1218, 1, 'Jordan', 1, '2022-03-20 11:26:03', '2022-03-20 11:26:03'),
(63, 1219, 1, 'Jordan', 1, '2022-03-20 11:27:13', '2022-03-20 11:27:13'),
(64, 1220, 1, 'Jordan', 1, '2022-03-20 11:27:39', '2022-03-20 11:27:39'),
(65, 1222, 1, 'Jordan', 1, '2022-03-20 11:29:56', '2022-03-20 11:29:56'),
(66, 1223, 1, 'Jordan', 1, '2022-03-20 11:31:51', '2022-03-20 11:31:51'),
(67, 1227, 1, 'Jordan', 1, '2022-03-20 13:17:45', '2022-03-20 13:17:45'),
(68, 1228, 1, 'Jordan', 1, '2022-03-20 13:20:44', '2022-03-20 13:20:44'),
(69, 1229, 1, 'Jordan', 1, '2022-03-20 13:22:19', '2022-03-20 13:22:19'),
(70, 1240, 1, 'Jordan', 1, '2022-03-21 09:44:18', '2022-03-21 09:44:18'),
(71, 1241, 1, 'Jordan', 1, '2022-03-21 09:53:51', '2022-03-21 09:53:51'),
(72, 1242, 1, 'Jordan', 1, '2022-03-21 09:56:26', '2022-03-21 09:56:26'),
(73, 1243, 1, 'Jordan', 1, '2022-03-21 09:57:41', '2022-03-21 09:57:41'),
(74, 1244, 1, 'Jordan', 1, '2022-03-21 09:58:02', '2022-03-21 09:58:02'),
(75, 1245, 1, 'Jordan', 1, '2022-03-21 10:07:19', '2022-03-21 10:07:19'),
(76, 1246, 1, 'Jordan', 1, '2022-03-21 10:09:25', '2022-03-21 10:09:25'),
(77, 1247, 1, 'Jordan', 1, '2022-03-21 10:10:29', '2022-03-21 10:10:29'),
(78, 1248, 1, 'Jordan', 1, '2022-03-21 10:14:17', '2022-03-21 10:14:17'),
(79, 1249, 1, 'Jordan', 1, '2022-03-21 10:47:33', '2022-03-21 10:47:33'),
(80, 1250, 1, 'Jordan', 1, '2022-03-21 10:48:00', '2022-03-21 10:48:00'),
(81, 1251, 1, 'Jordan', 1, '2022-03-21 11:31:41', '2022-03-21 11:31:41'),
(82, 1252, 1, 'Jordan', 1, '2022-03-21 11:35:40', '2022-03-21 11:35:40'),
(83, 1253, 1, 'Jordan', 1, '2022-03-21 11:40:57', '2022-03-21 11:40:57'),
(84, 1254, 1, 'Jordan', 1, '2022-03-21 12:00:17', '2022-03-21 12:00:17'),
(85, 1255, 1, 'Jordan', 1, '2022-03-21 13:23:16', '2022-03-21 13:23:16'),
(86, 1256, 1, 'Jordan', 1, '2022-03-21 13:29:47', '2022-03-21 13:29:47'),
(87, 1257, 1, 'Jordan', 1, '2022-03-21 13:33:49', '2022-03-21 13:33:49'),
(88, 1258, 1, 'Jordan', 1, '2022-03-21 13:39:05', '2022-03-21 13:39:05'),
(89, 1260, 1, 'Jordan', 1, '2022-03-21 13:42:41', '2022-03-21 13:42:41'),
(90, 1261, 1, 'Jordan', 1, '2022-03-21 13:46:40', '2022-03-21 13:46:40'),
(91, 1262, 1, 'Jordan', 1, '2022-03-21 13:50:47', '2022-03-21 13:50:47'),
(92, 1263, 1, 'Jordan', 1, '2022-03-21 13:51:05', '2022-03-21 13:51:05'),
(93, 1264, 1, 'Jordan', 1, '2022-03-21 13:57:34', '2022-03-21 13:57:34'),
(94, 1265, 1, 'Jordan', 1, '2022-03-21 13:58:24', '2022-03-21 13:58:24'),
(95, 1266, 1, 'Jordan', 1, '2022-03-23 06:16:12', '2022-03-23 06:16:12'),
(96, 1267, 1, 'Jordan', 1, '2022-03-23 06:22:01', '2022-03-23 06:22:01'),
(97, 1268, 1, 'Jordan', 1, '2022-03-23 06:48:34', '2022-03-23 06:48:34'),
(98, 1269, 1, 'Jordan', 1, '2022-03-23 06:50:24', '2022-03-23 06:50:24'),
(99, 1271, 1, 'Jordan', 1, '2022-03-23 06:58:57', '2022-03-23 06:58:57'),
(100, 1272, 1, 'Jordan', 1, '2022-03-23 07:01:13', '2022-03-23 07:01:13'),
(101, 1273, 1, 'Jordan', 1, '2022-03-23 07:05:30', '2022-03-23 07:05:30'),
(102, 1274, 1, 'Jordan', 1, '2022-03-23 07:06:15', '2022-03-23 07:06:15'),
(103, 1275, 1, 'Jordan', 1, '2022-03-23 07:36:07', '2022-03-23 07:36:07'),
(104, 1276, 1, 'Jordan', 1, '2022-03-23 07:38:26', '2022-03-23 07:38:26'),
(105, 1277, 1, 'Jordan', 1, '2022-03-23 08:13:31', '2022-03-23 08:13:31'),
(106, 1278, 1, 'Jordan', 1, '2022-03-23 08:15:41', '2022-03-23 08:15:41'),
(107, 1279, 1, 'Jordan', 1, '2022-03-23 08:18:56', '2022-03-23 08:18:56'),
(108, 1280, 1, 'Jordan', 1, '2022-03-23 08:20:17', '2022-03-23 08:20:17'),
(109, 1281, 1, 'Jordan', 1, '2022-03-23 08:28:04', '2022-03-23 08:28:04'),
(110, 1282, 1, 'Jordan', 1, '2022-03-23 08:29:54', '2022-03-23 08:29:54'),
(111, 1283, 1, 'Jordan', 1, '2022-03-23 08:40:49', '2022-03-23 08:40:49'),
(112, 1284, 1, 'Jordan', 1, '2022-03-23 08:44:39', '2022-03-23 08:44:39'),
(113, 1285, 1, 'Jordan', 1, '2022-03-23 08:46:43', '2022-03-23 08:46:43'),
(114, 1286, 1, 'Jordan', 1, '2022-03-23 08:49:15', '2022-03-23 08:49:15'),
(115, 1287, 1, 'Jordan', 1, '2022-03-23 08:50:08', '2022-03-23 08:50:08'),
(116, 1288, 1, 'Jordan', 1, '2022-03-23 08:52:03', '2022-03-23 08:52:03'),
(117, 1289, 1, 'Jordan', 1, '2022-03-23 08:53:29', '2022-03-23 08:53:29'),
(118, 1290, 1, 'Jordan', 1, '2022-03-23 09:14:47', '2022-03-23 09:14:47'),
(119, 1291, 1, 'Jordan', 1, '2022-03-23 09:15:05', '2022-03-23 09:15:05'),
(120, 1292, 1, 'Jordan', 1, '2022-03-23 09:17:07', '2022-03-23 09:17:07'),
(121, 1293, 1, 'Jordan', 1, '2022-03-23 09:17:38', '2022-03-23 09:17:38'),
(122, 1294, 1, 'Jordan', 1, '2022-03-24 08:39:43', '2022-03-24 08:39:43'),
(123, 1295, 1, 'Jordan', 1, '2022-03-24 08:40:13', '2022-03-24 08:40:13'),
(124, 1300, 1, 'Jordan', 1, '2022-03-26 13:43:39', '2022-03-26 13:43:39'),
(125, 1303, 1, 'Jordan', 1, '2022-03-29 13:30:12', '2022-03-29 13:30:12'),
(126, 1304, 1, 'Jordan', 1, '2022-03-29 13:31:49', '2022-03-29 13:31:49'),
(127, 1311, 1, 'JO', 1, '2022-04-05 07:47:58', '2022-04-05 07:47:58'),
(128, 1312, 1, 'JO', 1, '2022-04-05 07:49:02', '2022-04-05 07:49:02'),
(129, 1313, 1, 'JO', 1, '2022-04-05 07:51:03', '2022-04-05 07:51:03'),
(130, 1314, 1, 'JO', 1, '2022-04-05 07:52:31', '2022-04-05 07:52:31'),
(131, 1315, 1, 'JO', 1, '2022-04-05 07:53:44', '2022-04-05 07:53:44'),
(132, 1316, 1, 'JO', 1, '2022-04-05 07:55:00', '2022-04-05 07:55:00'),
(133, 1318, 1, 'JO', 1, '2022-04-05 08:30:20', '2022-04-05 08:30:20'),
(134, 1319, 1, 'JO', 1, '2022-04-05 08:36:02', '2022-04-05 08:36:02'),
(135, 1320, 1, 'JO', 1, '2022-04-05 08:40:20', '2022-04-05 08:40:20'),
(136, 1325, 1, 'JO', 1, '2022-04-07 10:05:17', '2022-04-07 10:05:17'),
(137, 1326, 1, 'JO', 1, '2022-04-07 10:09:44', '2022-04-07 10:09:44'),
(138, 1329, 1, 'JO', 1, '2022-04-07 11:59:55', '2022-04-07 11:59:55'),
(139, 1330, 1, 'JO', 1, '2022-04-07 12:16:56', '2022-04-07 12:16:56'),
(140, 1331, 1, 'JO', 1, '2022-04-07 12:41:25', '2022-04-07 12:41:25'),
(141, 1332, 1, 'JO', 1, '2022-04-07 12:45:47', '2022-04-07 12:45:47'),
(142, 1334, 1, 'JO', 1, '2022-04-09 07:27:39', '2022-04-09 07:27:39'),
(143, 1338, 1, 'JO', 1, '2022-04-09 07:55:23', '2022-04-09 07:55:23'),
(144, 1340, 1, 'JO', 1, '2022-04-09 08:03:54', '2022-04-09 08:03:54'),
(145, 1342, 1, 'JO', 1, '2022-04-09 08:38:49', '2022-04-09 08:38:49'),
(146, 1343, 1, 'JO', 1, '2022-04-09 08:39:34', '2022-04-09 08:39:34'),
(147, 1351, 1, 'JO', 1, '2022-04-09 10:25:40', '2022-04-09 10:25:40'),
(148, 1356, 1, 'JO', 1, '2022-04-09 19:53:52', '2022-04-09 19:53:52'),
(149, 1360, 1, 'JO', 1, '2022-04-10 12:10:42', '2022-04-10 12:10:42'),
(150, 1363, 1, 'JO', 1, '2022-04-10 17:56:39', '2022-04-10 17:56:39'),
(151, 1364, 1, 'JO', 1, '2022-04-10 21:49:51', '2022-04-10 21:49:51'),
(152, 1365, 1, 'JO', 1, '2022-04-10 21:53:05', '2022-04-10 21:53:05'),
(153, 1367, 1, 'JO', 1, '2022-04-10 22:09:44', '2022-04-10 22:09:44'),
(154, 1368, 1, 'JO', 1, '2022-04-10 22:15:47', '2022-04-10 22:15:47'),
(155, 1385, 1, 'JO', 1, '2022-04-11 09:50:08', '2022-04-11 09:50:08'),
(156, 1398, 1, 'JO', 1, '2022-04-14 12:20:15', '2022-04-14 12:20:15'),
(157, 1401, 1, 'JO', 1, '2022-04-14 12:22:16', '2022-04-14 12:22:16'),
(158, 1406, 1, 'JO', 1, '2022-04-15 11:12:09', '2022-04-15 11:12:09'),
(159, 1411, 1, 'JO', 1, '2022-04-15 18:51:45', '2022-04-15 18:51:45'),
(160, 1413, 1, 'JO', 1, '2022-04-15 19:09:22', '2022-04-15 19:09:22'),
(161, 1415, 1, 'JO', 1, '2022-04-16 08:50:55', '2022-04-16 08:50:55'),
(162, 1416, 1, 'JO', 1, '2022-04-16 10:44:21', '2022-04-16 10:44:21'),
(163, 1420, 1, 'JO', 1, '2022-04-16 11:18:33', '2022-04-16 11:18:33'),
(164, 1423, 1, 'JO', 1, '2022-04-17 12:32:47', '2022-04-17 12:32:47'),
(165, 1424, 1, 'JO', 1, '2022-04-17 12:35:38', '2022-04-17 12:35:38'),
(166, 1425, 1, 'JO', 1, '2022-04-17 12:44:44', '2022-04-17 12:44:44'),
(167, 1426, 1, 'JO', 1, '2022-04-17 12:51:30', '2022-04-17 12:51:30'),
(168, 1427, 1, 'JO', 1, '2022-04-17 20:56:20', '2022-04-17 20:56:20'),
(169, 1429, 1, 'JO', 1, '2022-04-17 21:07:18', '2022-04-17 21:07:18'),
(170, 1432, 1, 'JO', 1, '2022-04-17 21:28:16', '2022-04-17 21:28:16'),
(171, 1434, 1, 'JO', 1, '2022-04-17 21:28:37', '2022-04-17 21:28:37'),
(172, 1435, 1, 'JO', 1, '2022-04-17 21:28:47', '2022-04-17 21:28:47'),
(173, 1446, 1, 'JO', 1, '2022-04-18 10:11:38', '2022-04-18 10:11:38'),
(174, 1447, 1, 'JO', 1, '2022-04-18 10:20:55', '2022-04-18 10:20:55'),
(175, 1449, 1, 'JO', 1, '2022-04-18 10:34:10', '2022-04-18 10:34:10'),
(176, 1450, 1, 'JO', 1, '2022-04-18 10:34:46', '2022-04-18 10:34:46'),
(177, 1451, 1, 'JO', 1, '2022-04-18 10:48:40', '2022-04-18 10:48:40'),
(178, 1453, 1, 'JO', 1, '2022-04-18 10:52:01', '2022-04-18 10:52:01'),
(179, 1454, 1, 'JO', 1, '2022-04-18 10:56:49', '2022-04-18 10:56:49'),
(180, 1455, 1, 'JO', 1, '2022-04-18 11:06:55', '2022-04-18 11:06:55'),
(181, 1456, 1, 'JO', 1, '2022-04-18 11:07:37', '2022-04-18 11:07:37'),
(182, 1457, 1, 'JO', 1, '2022-04-18 11:08:47', '2022-04-18 11:08:47'),
(183, 1459, 1, 'JO', 1, '2022-04-18 11:16:02', '2022-04-18 11:16:02'),
(184, 1460, 1, 'JO', 1, '2022-04-18 11:16:23', '2022-04-18 11:16:23'),
(185, 1462, 1, 'JO', 1, '2022-04-18 11:38:50', '2022-04-18 11:38:50'),
(186, 1463, 1, 'JO', 1, '2022-04-18 11:39:09', '2022-04-18 11:39:09'),
(187, 1464, 1, 'JO', 1, '2022-04-18 11:41:08', '2022-04-18 11:41:08'),
(188, 1465, 1, 'JO', 1, '2022-04-18 11:41:22', '2022-04-18 11:41:22'),
(189, 1466, 1, 'JO', 1, '2022-04-18 11:47:14', '2022-04-18 11:47:14'),
(190, 1467, 1, 'JO', 1, '2022-04-18 11:47:30', '2022-04-18 11:47:30'),
(191, 1468, 1, 'JO', 1, '2022-04-18 12:15:40', '2022-04-18 12:15:40'),
(192, 1469, 1, 'JO', 1, '2022-04-18 12:23:49', '2022-04-18 12:23:49'),
(193, 1470, 1, 'JO', 1, '2022-04-18 12:33:30', '2022-04-18 12:33:30'),
(194, 1472, 1, 'JO', 1, '2022-04-18 12:58:11', '2022-04-18 12:58:11'),
(195, 1473, 1, 'JO', 1, '2022-04-18 12:58:34', '2022-04-18 12:58:34'),
(196, 1478, 1, 'JO', 1, '2022-04-18 22:35:56', '2022-04-18 22:35:56'),
(197, 1479, 1, 'JO', 1, '2022-04-19 09:33:01', '2022-04-19 09:33:01'),
(198, 1480, 1, 'JO', 1, '2022-04-19 10:06:48', '2022-04-19 10:06:48'),
(199, 1481, 1, 'JO', 1, '2022-04-19 10:08:12', '2022-04-19 10:08:12'),
(200, 1484, 1, 'JO', 1, '2022-04-19 18:19:38', '2022-04-19 18:19:38'),
(201, 1485, 1, 'JO', 1, '2022-04-19 18:21:41', '2022-04-19 18:21:41'),
(202, 1486, 1, 'JO', 1, '2022-04-19 18:40:32', '2022-04-19 18:40:32'),
(203, 1487, 1, 'JO', 1, '2022-04-19 19:16:04', '2022-04-19 19:16:04'),
(204, 1489, 1, 'JO', 1, '2022-04-19 20:24:44', '2022-04-19 20:24:44'),
(205, 1490, 1, 'JO', 1, '2022-04-19 20:35:11', '2022-04-19 20:35:11'),
(206, 1491, 1, 'JO', 1, '2022-04-19 20:35:21', '2022-04-19 20:35:21'),
(207, 1493, 1, 'JO', 1, '2022-04-19 20:35:56', '2022-04-19 20:35:56'),
(208, 1494, 1, 'JO', 1, '2022-04-19 20:36:21', '2022-04-19 20:36:21'),
(209, 1496, 1, 'JO', 1, '2022-04-19 20:43:09', '2022-04-19 20:43:09'),
(210, 1498, 1, 'JO', 1, '2022-04-20 09:15:46', '2022-04-20 09:15:46'),
(211, 1503, 1, 'JO', 1, '2022-04-22 19:54:54', '2022-04-22 19:54:54'),
(212, 1504, 1, 'JO', 1, '2022-04-22 19:55:08', '2022-04-22 19:55:08'),
(213, 1505, 1, 'JO', 1, '2022-04-22 19:59:30', '2022-04-22 19:59:30'),
(214, 1506, 1, 'JO', 1, '2022-04-22 20:00:37', '2022-04-22 20:00:37'),
(215, 1507, 1, 'JO', 1, '2022-04-22 20:36:36', '2022-04-22 20:36:36'),
(216, 1508, 1, 'JO', 1, '2022-04-22 20:46:42', '2022-04-22 20:46:42'),
(217, 1514, 1, 'JO', 1, '2022-04-22 20:59:42', '2022-04-22 20:59:42'),
(218, 1518, 1, 'JO', 1, '2022-04-22 21:01:35', '2022-04-22 21:01:35'),
(219, 1519, 1, 'JO', 1, '2022-04-22 22:01:06', '2022-04-22 22:01:06'),
(220, 1520, 1, 'JO', 1, '2022-04-22 22:08:01', '2022-04-22 22:08:01'),
(221, 1521, 1, 'JO', 1, '2022-04-24 12:02:02', '2022-04-24 12:02:02'),
(222, 1522, 1, 'JO', 1, '2022-04-24 12:27:48', '2022-04-24 12:27:48'),
(223, 1523, 1, 'JO', 1, '2022-04-24 12:33:08', '2022-04-24 12:33:08'),
(224, 1525, 1, 'JO', 1, '2022-04-25 07:37:51', '2022-04-25 07:37:51'),
(225, 1526, 1, 'JO', 1, '2022-04-25 07:46:27', '2022-04-25 07:46:27'),
(226, 1527, 1, 'JO', 1, '2022-04-25 07:52:36', '2022-04-25 07:52:36'),
(227, 1528, 1, 'JO', 1, '2022-04-25 08:34:21', '2022-04-25 08:34:21'),
(228, 1529, 1, 'JO', 1, '2022-04-25 08:48:11', '2022-04-25 08:48:11'),
(229, 1530, 1, 'JO', 1, '2022-04-25 08:51:05', '2022-04-25 08:51:05'),
(230, 1531, 1, 'JO', 1, '2022-04-25 08:51:47', '2022-04-25 08:51:47'),
(231, 1532, 1, 'JO', 1, '2022-04-25 08:52:37', '2022-04-25 08:52:37'),
(232, 1534, 1, 'JO', 1, '2022-04-25 08:54:06', '2022-04-25 08:54:06'),
(233, 1535, 1, 'JO', 1, '2022-04-25 08:55:33', '2022-04-25 08:55:33'),
(234, 1536, 1, 'JO', 1, '2022-04-25 09:01:27', '2022-04-25 09:01:27'),
(235, 1539, 1, 'JO', 1, '2022-04-25 10:21:48', '2022-04-25 10:21:48'),
(236, 1540, 1, 'JO', 1, '2022-04-25 10:23:42', '2022-04-25 10:23:42'),
(237, 1544, 1, 'JO', 1, '2022-04-25 18:24:12', '2022-04-25 18:24:12'),
(238, 1545, 1, 'JO', 1, '2022-04-25 18:24:31', '2022-04-25 18:24:31'),
(239, 1546, 1, 'JO', 1, '2022-04-25 18:30:12', '2022-04-25 18:30:12'),
(240, 1547, 1, 'JO', 1, '2022-04-25 18:36:08', '2022-04-25 18:36:08'),
(241, 1548, 1, 'JO', 1, '2022-04-25 18:57:00', '2022-04-25 18:57:00'),
(242, 1549, 1, 'JO', 1, '2022-04-25 18:58:37', '2022-04-25 18:58:37'),
(243, 1550, 1, 'JO', 1, '2022-04-25 19:01:41', '2022-04-25 19:01:41'),
(244, 1551, 1, 'JO', 1, '2022-04-25 19:07:21', '2022-04-25 19:07:21'),
(245, 1552, 1, 'JO', 1, '2022-04-25 19:36:00', '2022-04-25 19:36:00'),
(246, 1553, 1, 'JO', 1, '2022-04-25 19:36:34', '2022-04-25 19:36:34'),
(247, 1559, 1, 'JO', 1, '2022-04-28 07:23:17', '2022-04-28 07:23:17'),
(248, 1561, 1, 'JO', 1, '2022-04-28 11:37:47', '2022-04-28 11:37:47'),
(249, 1562, 1, 'JO', 1, '2022-04-28 12:14:50', '2022-04-28 12:14:50'),
(250, 1563, 1, 'JO', 1, '2022-04-28 12:55:28', '2022-04-28 12:55:28'),
(251, 1564, 1, 'JO', 1, '2022-04-28 12:58:22', '2022-04-28 12:58:22'),
(252, 1569, 1, 'JO', 1, '2022-04-30 12:50:04', '2022-04-30 12:50:04'),
(253, 1570, 1, 'JO', 1, '2022-05-07 07:08:54', '2022-05-07 07:08:54'),
(254, 1571, 1, 'JO', 1, '2022-05-07 07:10:22', '2022-05-07 07:10:22'),
(255, 1572, 1, 'JO', 1, '2022-05-07 08:26:50', '2022-05-07 08:26:50'),
(256, 1574, 1, 'JO', 1, '2022-05-07 08:29:40', '2022-05-07 08:29:40'),
(257, 1575, 1, 'JO', 1, '2022-05-07 08:29:45', '2022-05-07 08:29:45'),
(258, 1576, 1, 'JO', 1, '2022-05-07 08:56:23', '2022-05-07 08:56:23'),
(259, 1577, 1, 'JO', 1, '2022-05-07 09:51:50', '2022-05-07 09:51:50'),
(260, 1578, 1, 'JO', 1, '2022-05-07 09:58:25', '2022-05-07 09:58:25'),
(261, 1579, 1, 'JO', 1, '2022-05-07 10:49:14', '2022-05-07 10:49:14'),
(262, 1580, 1, 'JO', 1, '2022-05-07 11:20:59', '2022-05-07 11:20:59'),
(263, 1581, 1, 'JO', 1, '2022-05-07 12:18:16', '2022-05-07 12:18:16'),
(264, 1583, 1, 'JO', 1, '2022-05-10 09:43:30', '2022-05-10 09:43:30'),
(265, 1593, 1, 'JO', 1, '2022-05-14 06:41:24', '2022-05-14 06:41:24'),
(266, 1594, 1, 'JO', 1, '2022-05-14 10:34:30', '2022-05-14 10:34:30'),
(267, 1595, 1, 'JO', 1, '2022-05-14 11:15:55', '2022-05-14 11:15:55'),
(268, 1610, 1, 'JO', 1, '2022-05-15 13:31:14', '2022-05-15 13:31:14'),
(269, 1611, 1, 'JO', 1, '2022-05-15 13:36:06', '2022-05-15 13:36:06'),
(270, 1613, 1, 'JO', 1, '2022-05-16 09:42:11', '2022-05-16 09:42:11'),
(271, 1614, 1, 'JO', 1, '2022-05-16 09:45:11', '2022-05-16 09:45:11'),
(272, 1645, 1, 'JO', 1, '2022-05-16 20:58:37', '2022-05-16 20:58:37'),
(273, 1646, 1, 'JO', 1, '2022-05-16 21:02:44', '2022-05-16 21:02:44'),
(274, 1647, 1, 'JO', 1, '2022-05-17 17:16:01', '2022-05-17 17:16:01'),
(275, 1648, 1, 'JO', 1, '2022-05-17 17:48:14', '2022-05-17 17:48:14'),
(276, 1649, 1, 'JO', 1, '2022-05-17 17:53:41', '2022-05-17 17:53:41'),
(277, 1650, 1, 'JO', 1, '2022-05-17 18:01:17', '2022-05-17 18:01:17'),
(278, 1651, 1, 'JO', 1, '2022-05-17 18:27:32', '2022-05-17 18:27:32'),
(279, 1652, 1, 'JO', 1, '2022-05-17 18:27:44', '2022-05-17 18:27:44'),
(280, 1653, 1, 'JO', 1, '2022-05-17 18:29:42', '2022-05-17 18:29:42'),
(281, 1654, 1, 'JO', 1, '2022-05-17 18:40:36', '2022-05-17 18:40:36'),
(282, 1655, 1, 'JO', 1, '2022-05-17 18:44:39', '2022-05-17 18:44:39'),
(283, 1656, 1, 'JO', 1, '2022-05-17 18:58:46', '2022-05-17 18:58:46'),
(284, 1660, 1, 'JO', 1, '2022-05-17 20:25:37', '2022-05-17 20:25:37'),
(285, 1672, 1, 'JO', 1, '2022-05-23 05:35:37', '2022-05-23 05:35:37'),
(286, 1680, 1, 'JO', 1, '2022-05-25 08:46:26', '2022-05-25 08:46:26'),
(287, 1681, 1, 'JO', 1, '2022-05-25 08:56:50', '2022-05-25 08:56:50'),
(288, 1682, 1, 'JO', 1, '2022-05-25 09:06:39', '2022-05-25 09:06:39'),
(289, 1683, 1, 'JO', 1, '2022-05-25 10:25:09', '2022-05-25 10:25:09'),
(290, 1685, 1, 'JO', 1, '2022-05-28 12:54:44', '2022-05-28 12:54:44'),
(291, 1688, 1, 'JO', 1, '2022-05-29 12:26:04', '2022-05-29 12:26:04'),
(292, 1702, 1, 'JO', 1, '2022-05-30 08:18:08', '2022-05-30 08:18:08'),
(293, 1704, 2, 'JO', 1, '2022-05-30 08:24:06', '2022-05-30 08:24:06'),
(294, 1705, 1, 'JO', 1, '2022-06-01 08:21:03', '2022-06-01 08:21:03'),
(295, 1706, 2, 'JO', 1, '2022-06-01 08:22:11', '2022-06-01 08:22:11'),
(296, 1709, 2, 'JO', 1, '2022-06-01 12:11:54', '2022-06-01 12:11:54'),
(297, 1710, 2, 'JO', 1, '2022-06-01 12:17:18', '2022-06-01 12:17:18'),
(298, 1711, 2, 'JO', 1, '2022-06-01 12:26:12', '2022-06-01 12:26:12'),
(299, 1712, 2, 'JO', 1, '2022-06-01 12:44:18', '2022-06-01 12:44:18'),
(300, 1713, 1, 'JO', 1, '2022-06-01 12:52:17', '2022-06-01 12:52:17'),
(301, 1714, 2, 'JO', 1, '2022-06-01 12:52:31', '2022-06-01 12:52:31'),
(302, 1721, 3, 'JO', 1, '2022-06-01 13:48:12', '2022-06-01 13:48:12'),
(303, 1722, 1, 'JO', 1, '2022-06-02 09:42:58', '2022-06-02 09:42:58'),
(304, 1723, 1, 'JO', 1, '2022-06-02 09:43:05', '2022-06-02 09:43:05'),
(305, 1724, 2, 'JO', 1, '2022-06-02 09:44:27', '2022-06-02 09:44:27'),
(306, 1725, 2, 'JO', 1, '2022-06-02 10:13:46', '2022-06-02 10:13:46'),
(307, 1726, 2, 'JO', 1, '2022-06-02 10:13:47', '2022-06-02 10:13:47'),
(308, 1727, 2, 'JO', 1, '2022-06-02 10:17:14', '2022-06-02 10:17:14'),
(309, 1728, 2, 'JO', 1, '2022-06-02 10:17:15', '2022-06-02 10:17:15'),
(310, 1730, 1, 'JO', 1, '2022-06-02 10:23:43', '2022-06-02 10:23:43'),
(311, 1732, 1, 'JO', 1, '2022-06-02 10:51:30', '2022-06-02 10:51:30'),
(312, 1733, 1, 'JO', 1, '2022-06-02 10:52:21', '2022-06-02 10:52:21'),
(313, 1734, 1, 'JO', 1, '2022-06-02 12:40:02', '2022-06-02 12:40:02'),
(314, 1735, 2, 'JO', 1, '2022-06-02 12:40:49', '2022-06-02 12:40:49'),
(315, 1736, 2, 'JO', 1, '2022-06-02 20:35:51', '2022-06-02 20:35:51'),
(316, 1737, 1, 'JO', 1, '2022-06-04 07:01:42', '2022-06-04 07:01:42'),
(317, 1738, 2, 'JO', 1, '2022-06-04 07:02:11', '2022-06-04 07:02:11'),
(318, 1739, 1, 'JO', 1, '2022-06-04 19:54:26', '2022-06-04 19:54:26'),
(319, 1744, 1, 'JO', 1, '2022-06-05 13:05:46', '2022-06-05 13:05:46'),
(320, 1745, 1, 'JO', 1, '2022-06-05 13:13:22', '2022-06-05 13:13:22'),
(321, 1746, 1, 'JO', 1, '2022-06-05 13:17:00', '2022-06-05 13:17:00'),
(322, 1747, 1, 'JO', 1, '2022-06-05 13:25:14', '2022-06-05 13:25:14'),
(324, 1752, 1, 'JO', 1, '2022-06-06 07:36:08', '2022-06-06 07:36:08'),
(325, 1770, 1, 'JO', 1, '2022-06-08 21:33:59', '2022-06-08 21:33:59'),
(326, 1771, 1, 'JO', 1, '2022-06-08 21:42:38', '2022-06-08 21:42:38'),
(327, 1776, 1, 'JO', 1, '2022-06-08 22:00:52', '2022-06-08 22:00:52'),
(328, 1783, 1, 'JO', 1, '2022-06-09 05:22:50', '2022-06-09 05:22:50'),
(329, 1786, 1, 'JO', 1, '2022-06-10 01:37:37', '2022-06-10 01:37:37'),
(330, 1787, 1, 'JO', 1, '2022-06-10 01:38:42', '2022-06-10 01:38:42'),
(331, 1788, 1, 'JO', 1, '2022-06-10 01:39:52', '2022-06-10 01:39:52'),
(332, 1789, 1, 'JO', 1, '2022-06-10 01:41:24', '2022-06-10 01:41:24'),
(333, 1790, 1, 'JO', 1, '2022-06-10 01:42:27', '2022-06-10 01:42:27'),
(334, 1791, 1, 'JO', 1, '2022-06-10 01:42:47', '2022-06-10 01:42:47'),
(335, 1792, 1, 'JO', 1, '2022-06-10 01:43:35', '2022-06-10 01:43:35'),
(336, 1793, 1, 'JO', 1, '2022-06-10 01:44:16', '2022-06-10 01:44:16'),
(337, 1794, 1, 'JO', 1, '2022-06-10 01:45:19', '2022-06-10 01:45:19'),
(338, 1795, 1, 'JO', 1, '2022-06-10 01:46:03', '2022-06-10 01:46:03'),
(339, 1796, 3, 'JO', 1, '2022-06-10 01:46:18', '2022-06-10 01:46:18'),
(340, 1806, 1, 'JO', 1, '2022-06-10 19:12:13', '2022-06-10 19:12:13'),
(341, 1807, 1, 'JO', 1, '2022-06-10 19:24:47', '2022-06-10 19:24:47'),
(342, 1808, 1, 'JO', 1, '2022-06-10 19:33:57', '2022-06-10 19:33:57'),
(343, 1809, 1, 'JO', 1, '2022-06-10 19:35:57', '2022-06-10 19:35:57'),
(344, 1810, 2, 'JO', 1, '2022-06-10 19:38:26', '2022-06-10 19:38:26'),
(345, 1811, 2, 'JO', 1, '2022-06-10 19:44:50', '2022-06-10 19:44:50'),
(346, 1812, 1, 'JO', 1, '2022-06-10 19:49:37', '2022-06-10 19:49:37'),
(347, 1813, 2, 'JO', 1, '2022-06-10 19:50:02', '2022-06-10 19:50:02'),
(348, 1814, 1, 'JO', 1, '2022-06-10 19:56:22', '2022-06-10 19:56:22'),
(349, 1816, 2, 'JO', 1, '2022-06-10 20:01:25', '2022-06-10 20:01:25'),
(350, 1817, 2, 'JO', 1, '2022-06-10 20:01:32', '2022-06-10 20:01:32'),
(351, 1819, 3, 'JO', 1, '2022-06-10 20:03:15', '2022-06-10 20:03:15'),
(352, 1820, 3, 'JO', 1, '2022-06-11 07:28:44', '2022-06-11 07:28:44'),
(353, 1839, 3, 'JO', 1, '2022-06-12 06:37:16', '2022-06-12 06:37:16'),
(354, 1841, 1, 'JO', 1, '2022-06-14 18:44:30', '2022-06-14 18:44:30'),
(355, 1842, 3, 'JO', 1, '2022-06-14 20:32:16', '2022-06-14 20:32:16'),
(356, 1870, 1, 'JO', 1, '2022-06-21 17:43:40', '2022-06-21 17:43:40'),
(357, 1874, 1, 'JO', 1, '2022-07-02 12:24:53', '2022-07-02 12:24:53'),
(358, 1881, 3, 'JO', 1, '2022-07-02 12:27:16', '2022-07-02 12:27:16'),
(359, 1883, 2, 'JO', 1, '2022-07-07 08:30:50', '2022-07-07 08:30:50'),
(360, 1886, 3, 'JO', 1, '2022-07-07 09:34:49', '2022-07-07 09:34:49'),
(361, 1887, 2, 'JO', 1, '2022-07-07 12:07:21', '2022-07-07 12:07:21'),
(362, 1888, 1, 'JO', 1, '2022-07-07 12:43:24', '2022-07-07 12:43:24'),
(363, 1890, 3, 'JO', 1, '2022-07-13 09:08:02', '2022-07-13 09:08:02'),
(364, 1892, 1, 'JO', 1, '2022-07-13 12:01:25', '2022-07-13 12:01:25'),
(365, 1894, 1, 'JO', 1, '2022-07-14 08:33:40', '2022-07-14 08:33:40'),
(366, 1895, 1, 'JO', 1, '2022-07-14 08:36:09', '2022-07-14 08:36:09'),
(367, 1896, 1, 'JO', 1, '2022-07-14 08:48:31', '2022-07-14 08:48:31'),
(368, 1897, 1, 'JO', 1, '2022-07-14 08:58:50', '2022-07-14 08:58:50'),
(369, 1898, 1, 'JO', 1, '2022-07-14 08:59:54', '2022-07-14 08:59:54'),
(370, 1899, 1, 'JO', 1, '2022-07-14 09:02:47', '2022-07-14 09:02:47'),
(371, 1905, 1, 'JO', 1, '2022-07-17 14:20:57', '2022-07-17 14:20:57'),
(372, 1907, 1, 'JO', 1, '2022-07-19 04:19:50', '2022-07-19 04:19:50'),
(373, 1929, 1, 'JO', 1, '2022-09-10 08:44:09', '2022-09-10 08:44:09'),
(374, 1930, 2, 'JO', 1, '2022-09-10 08:50:08', '2022-09-10 08:50:08'),
(375, 1931, 2, 'JO', 1, '2022-09-10 08:50:19', '2022-09-10 08:50:19'),
(376, 1935, 1, 'JO', 1, '2022-09-10 09:03:19', '2022-09-10 09:03:19'),
(377, 1944, 2, 'JO', 1, '2022-09-10 10:15:45', '2022-09-10 10:15:45'),
(378, 1948, 2, 'JO', 1, '2022-09-10 12:33:22', '2022-09-10 12:33:22'),
(379, 1950, 1, 'JO', 1, '2022-09-11 08:19:00', '2022-09-11 08:19:00'),
(380, 1953, 2, 'JO', 1, '2022-09-11 08:43:40', '2022-09-11 08:43:40'),
(381, 1955, 1, 'JO', 1, '2022-11-01 09:53:11', '2022-11-01 09:53:11'),
(382, 1956, 1, 'JO', 1, '2022-11-29 11:13:12', '2022-11-29 11:13:12'),
(383, 1959, 1, 'JO', 1, '2022-12-14 10:36:57', '2022-12-14 10:36:57'),
(384, 1965, 1, 'JO', 1, '2023-01-09 07:44:16', '2023-01-09 07:44:16'),
(385, 1967, 1, 'JO', 1, '2023-02-01 08:19:53', '2023-02-01 08:19:53'),
(386, 1973, 1, 'JO', 1, '2023-02-01 09:23:17', '2023-02-01 09:23:17'),
(387, 1974, 1, 'JO', 1, '2023-02-01 09:33:36', '2023-02-01 09:33:36');

-- --------------------------------------------------------

--
-- Table structure for table `consultation_logs`
--

CREATE TABLE `consultation_logs` (
  `id` bigint(20) UNSIGNED NOT NULL,
  `consultation_id` bigint(20) UNSIGNED NOT NULL,
  `consultant_type` varchar(255) COLLATE utf8mb4_unicode_ci NOT NULL DEFAULT 'c',
  `action` int(11) NOT NULL COMMENT '1-read 2-follow up 3-reject 4-complete ',
  `created_at` timestamp NULL DEFAULT NULL,
  `updated_at` timestamp NULL DEFAULT NULL
) ENGINE=InnoDB DEFAULT CHARSET=utf8mb4 COLLATE=utf8mb4_unicode_ci;

-- --------------------------------------------------------

--
-- Table structure for table `country_codes`
--

CREATE TABLE `country_codes` (
  `id` bigint(20) UNSIGNED NOT NULL,
  `ContryName` varchar(255) COLLATE utf8mb4_unicode_ci NOT NULL,
  `CountryCode` varchar(255) COLLATE utf8mb4_unicode_ci NOT NULL,
  `created_at` timestamp NULL DEFAULT NULL,
  `updated_at` timestamp NULL DEFAULT NULL
) ENGINE=InnoDB DEFAULT CHARSET=utf8mb4 COLLATE=utf8mb4_unicode_ci;

--
-- Dumping data for table `country_codes`
--

INSERT INTO `country_codes` (`id`, `ContryName`, `CountryCode`, `created_at`, `updated_at`) VALUES
(1, 'Afghanistan', 'AF', NULL, NULL),
(2, 'Aland Islands', 'AX', NULL, NULL),
(3, 'Albania', 'AL', NULL, NULL),
(4, 'Algeria', 'DZ', NULL, NULL),
(5, 'American Samoa', 'AS', NULL, NULL),
(6, 'Andorra', 'AD', NULL, NULL),
(7, 'Angola', 'AO', NULL, NULL),
(8, 'Anguilla', 'AI', NULL, NULL),
(9, 'Antarctica', 'AQ', NULL, NULL),
(10, 'Antigua and Barbuda', 'AG', NULL, NULL),
(11, 'Argentina', 'AR', NULL, NULL),
(12, 'Armenia', 'AM', NULL, NULL),
(13, 'Aruba', 'AW', NULL, NULL),
(14, 'Australia', 'AU', NULL, NULL),
(15, 'Austria', 'AT', NULL, NULL),
(16, 'Azerbaijan', 'AZ', NULL, NULL),
(17, 'Bahamas', 'BS', NULL, NULL),
(18, 'Bahrain', 'BH', NULL, NULL),
(19, 'Bangladesh', 'BD', NULL, NULL),
(20, 'Barbados', 'BB', NULL, NULL),
(21, 'Belarus', 'BY', NULL, NULL),
(22, 'Belgium', 'BE', NULL, NULL),
(23, 'Belize', 'BZ', NULL, NULL),
(24, 'Benin', 'BJ', NULL, NULL),
(25, 'Bermuda', 'BM', NULL, NULL),
(26, 'Bhutan', 'BT', NULL, NULL),
(27, 'Bolivia', 'BO', NULL, NULL),
(28, 'Bonaire, Sint Eustatius and Saba', 'BQ', NULL, NULL),
(29, 'Bosnia and Herzegovina', 'BA', NULL, NULL),
(30, 'Botswana', 'BW', NULL, NULL),
(31, 'Bouvet Island', 'BV', NULL, NULL),
(32, 'Brazil', 'BR', NULL, NULL),
(33, 'British Indian Ocean Territory', 'IO', NULL, NULL),
(34, 'Brunei Darussalam', 'BN', NULL, NULL),
(35, 'Bulgaria', 'BG', NULL, NULL),
(36, 'Burkina Faso', 'BF', NULL, NULL),
(37, 'Burundi', 'BI', NULL, NULL),
(38, 'Cambodia', 'KH', NULL, NULL),
(39, 'Cameroon', 'CM', NULL, NULL),
(40, 'Canada', 'CA', NULL, NULL),
(41, 'Cape Verde', 'CV', NULL, NULL),
(42, 'Cayman Islands', 'KY', NULL, NULL),
(43, 'Central African Republic', 'CF', NULL, NULL),
(44, 'Chad', 'TD', NULL, NULL),
(45, 'Chile', 'CL', NULL, NULL),
(46, 'China', 'CN', NULL, NULL),
(47, 'Christmas Island', 'CX', NULL, NULL),
(48, 'Cocos (Keeling) Islands', 'CC', NULL, NULL),
(49, 'Colombia', 'CO', NULL, NULL),
(50, 'Comoros', 'KM', NULL, NULL),
(51, 'Congo', 'CG', NULL, NULL),
(52, 'Congo, the Democratic Republic of the', 'CD', NULL, NULL),
(53, 'Cook Islands', 'CK', NULL, NULL),
(54, 'Costa Rica', 'CR', NULL, NULL),
(55, 'Cote D\'Ivoire', 'CI', NULL, NULL),
(56, 'Croatia', 'HR', NULL, NULL),
(57, 'Cuba', 'CU', NULL, NULL),
(58, 'Curacao', 'CW', NULL, NULL),
(59, 'Cyprus', 'CY', NULL, NULL),
(60, 'Czech Republic', 'CZ', NULL, NULL),
(61, 'Denmark', 'DK', NULL, NULL),
(62, 'Djibouti', 'DJ', NULL, NULL),
(63, 'Dominica', 'DM', NULL, NULL),
(64, 'Dominican Republic', 'DO', NULL, NULL),
(65, 'Ecuador', 'EC', NULL, NULL),
(66, 'Egypt', 'EG', NULL, NULL),
(67, 'El Salvador', 'SV', NULL, NULL),
(68, 'Equatorial Guinea', 'GQ', NULL, NULL),
(69, 'Eritrea', 'ER', NULL, NULL),
(70, 'Estonia', 'EE', NULL, NULL),
(71, 'Ethiopia', 'ET', NULL, NULL),
(72, 'Falkland Islands (Malvinas)', 'FK', NULL, NULL),
(73, 'Faroe Islands', 'FO', NULL, NULL),
(74, 'Fiji', 'FJ', NULL, NULL),
(75, 'Finland', 'FI', NULL, NULL),
(76, 'France', 'FR', NULL, NULL),
(77, 'French Guiana', 'GF', NULL, NULL),
(78, 'French Polynesia', 'PF', NULL, NULL),
(79, 'French Southern Territories', 'TF', NULL, NULL),
(80, 'Gabon', 'GA', NULL, NULL),
(81, 'Gambia', 'GM', NULL, NULL),
(82, 'Georgia', 'GE', NULL, NULL),
(83, 'Germany', 'DE', NULL, NULL),
(84, 'Ghana', 'GH', NULL, NULL),
(85, 'Gibraltar', 'GI', NULL, NULL),
(86, 'Greece', 'GR', NULL, NULL),
(87, 'Greenland', 'GL', NULL, NULL),
(88, 'Grenada', 'GD', NULL, NULL),
(89, 'Guadeloupe', 'GP', NULL, NULL),
(90, 'Guam', 'GU', NULL, NULL),
(91, 'Guatemala', 'GT', NULL, NULL),
(92, 'Guernsey', 'GG', NULL, NULL),
(93, 'Guinea', 'GN', NULL, NULL),
(94, 'Guinea-Bissau', 'GW', NULL, NULL),
(95, 'Guyana', 'GY', NULL, NULL),
(96, 'Haiti', 'HT', NULL, NULL),
(97, 'Heard Island and Mcdonald Islands', 'HM', NULL, NULL),
(98, 'Holy See (Vatican City State)', 'VA', NULL, NULL),
(99, 'Honduras', 'HN', NULL, NULL),
(100, 'Hong Kong', 'HK', NULL, NULL),
(101, 'Hungary', 'HU', NULL, NULL),
(102, 'Iceland', 'IS', NULL, NULL),
(103, 'India', 'IN', NULL, NULL),
(104, 'Indonesia', 'ID', NULL, NULL),
(105, 'Iran, Islamic Republic of', 'IR', NULL, NULL),
(106, 'Iraq', 'IQ', NULL, NULL),
(107, 'Ireland', 'IE', NULL, NULL),
(108, 'Isle of Man', 'IM', NULL, NULL),
(109, 'Israel', 'IL', NULL, NULL),
(110, 'Italy', 'IT', NULL, NULL),
(111, 'Jamaica', 'JM', NULL, NULL),
(112, 'Japan', 'JP', NULL, NULL),
(113, 'Jersey', 'JE', NULL, NULL),
(114, 'Jordan', 'JO', NULL, NULL),
(115, 'Kazakhstan', 'KZ', NULL, NULL),
(116, 'Kenya', 'KE', NULL, NULL),
(117, 'Kiribati', 'KI', NULL, NULL),
(118, 'Korea, Democratic People\'s Republic of', 'KP', NULL, NULL),
(119, 'Korea, Republic of', 'KR', NULL, NULL),
(120, 'Kosovo', 'XK', NULL, NULL),
(121, 'Kuwait', 'KW', NULL, NULL),
(122, 'Kyrgyzstan', 'KG', NULL, NULL),
(123, 'Lao People\'s Democratic Republic', 'LA', NULL, NULL),
(124, 'Latvia', 'LV', NULL, NULL),
(125, 'Lebanon', 'LB', NULL, NULL),
(126, 'Lesotho', 'LS', NULL, NULL),
(127, 'Liberia', 'LR', NULL, NULL),
(128, 'Libyan Arab Jamahiriya', 'LY', NULL, NULL),
(129, 'Liechtenstein', 'LI', NULL, NULL),
(130, 'Lithuania', 'LT', NULL, NULL),
(131, 'Luxembourg', 'LU', NULL, NULL),
(132, 'Macao', 'MO', NULL, NULL),
(133, 'Macedonia, the Former Yugoslav Republic of', 'MK', NULL, NULL),
(134, 'Madagascar', 'MG', NULL, NULL),
(135, 'Malawi', 'MW', NULL, NULL),
(136, 'Malaysia', 'MY', NULL, NULL),
(137, 'Maldives', 'MV', NULL, NULL),
(138, 'Mali', 'ML', NULL, NULL),
(139, 'Malta', 'MT', NULL, NULL),
(140, 'Marshall Islands', 'MH', NULL, NULL),
(141, 'Martinique', 'MQ', NULL, NULL),
(142, 'Mauritania', 'MR', NULL, NULL),
(143, 'Mauritius', 'MU', NULL, NULL),
(144, 'Mayotte', 'YT', NULL, NULL),
(145, 'Mexico', 'MX', NULL, NULL),
(146, 'Micronesia, Federated States of', 'FM', NULL, NULL),
(147, 'Moldova, Republic of', 'MD', NULL, NULL),
(148, 'Monaco', 'MC', NULL, NULL),
(149, 'Mongolia', 'MN', NULL, NULL),
(150, 'Montenegro', 'ME', NULL, NULL),
(151, 'Montserrat', 'MS', NULL, NULL),
(152, 'Morocco', 'MA', NULL, NULL),
(153, 'Mozambique', 'MZ', NULL, NULL),
(154, 'Myanmar', 'MM', NULL, NULL),
(155, 'Namibia', 'NA', NULL, NULL),
(156, 'Nauru', 'NR', NULL, NULL),
(157, 'Nepal', 'NP', NULL, NULL),
(158, 'Netherlands', 'NL', NULL, NULL),
(159, 'Netherlands Antilles', 'AN', NULL, NULL),
(160, 'New Caledonia', 'NC', NULL, NULL),
(161, 'New Zealand', 'NZ', NULL, NULL),
(162, 'Nicaragua', 'NI', NULL, NULL),
(163, 'Niger', 'NE', NULL, NULL),
(164, 'Nigeria', 'NG', NULL, NULL),
(165, 'Niue', 'NU', NULL, NULL),
(166, 'Norfolk Island', 'NF', NULL, NULL),
(167, 'Northern Mariana Islands', 'MP', NULL, NULL),
(168, 'Norway', 'NO', NULL, NULL),
(169, 'Oman', 'OM', NULL, NULL),
(170, 'Pakistan', 'PK', NULL, NULL),
(171, 'Palau', 'PW', NULL, NULL),
(172, 'Palestinian Territory, Occupied', 'PS', NULL, NULL),
(173, 'Panama', 'PA', NULL, NULL),
(174, 'Papua New Guinea', 'PG', NULL, NULL),
(175, 'Paraguay', 'PY', NULL, NULL),
(176, 'Peru', 'PE', NULL, NULL),
(177, 'Philippines', 'PH', NULL, NULL),
(178, 'Pitcairn', 'PN', NULL, NULL),
(179, 'Poland', 'PL', NULL, NULL),
(180, 'Portugal', 'PT', NULL, NULL),
(181, 'Puerto Rico', 'PR', NULL, NULL),
(182, 'Qatar', 'QA', NULL, NULL),
(183, 'Reunion', 'RE', NULL, NULL),
(184, 'Romania', 'RO', NULL, NULL),
(185, 'Russian Federation', 'RU', NULL, NULL),
(186, 'Rwanda', 'RW', NULL, NULL),
(187, 'Saint Barthelemy', 'BL', NULL, NULL),
(188, 'Saint Helena', 'SH', NULL, NULL),
(189, 'Saint Kitts and Nevis', 'KN', NULL, NULL),
(190, 'Saint Lucia', 'LC', NULL, NULL),
(191, 'Saint Martin', 'MF', NULL, NULL),
(192, 'Saint Pierre and Miquelon', 'PM', NULL, NULL),
(193, 'Saint Vincent and the Grenadines', 'VC', NULL, NULL),
(194, 'Samoa', 'WS', NULL, NULL),
(195, 'San Marino', 'SM', NULL, NULL),
(196, 'Sao Tome and Principe', 'ST', NULL, NULL),
(197, 'Saudi Arabia', 'SA', NULL, NULL),
(198, 'Senegal', 'SN', NULL, NULL),
(199, 'Serbia', 'RS', NULL, NULL),
(200, 'Serbia and Montenegro', 'CS', NULL, NULL),
(201, 'Seychelles', 'SC', NULL, NULL),
(202, 'Sierra Leone', 'SL', NULL, NULL),
(203, 'Singapore', 'SG', NULL, NULL),
(204, 'Sint Maarten', 'SX', NULL, NULL),
(205, 'Slovakia', 'SK', NULL, NULL),
(206, 'Slovenia', 'SI', NULL, NULL),
(207, 'Solomon Islands', 'SB', NULL, NULL),
(208, 'Somalia', 'SO', NULL, NULL),
(209, 'South Africa', 'ZA', NULL, NULL),
(210, 'South Georgia and the South Sandwich Islands', 'GS', NULL, NULL),
(211, 'South Sudan', 'SS', NULL, NULL),
(212, 'Spain', 'ES', NULL, NULL),
(213, 'Sri Lanka', 'LK', NULL, NULL),
(214, 'Sudan', 'SD', NULL, NULL),
(215, 'Suriname', 'SR', NULL, NULL),
(216, 'Svalbard and Jan Mayen', 'SJ', NULL, NULL),
(217, 'Swaziland', 'SZ', NULL, NULL),
(218, 'Sweden', 'SE', NULL, NULL),
(219, 'Switzerland', 'CH', NULL, NULL),
(220, 'Syrian Arab Republic', 'SY', NULL, NULL),
(221, 'Taiwan, Province of China', 'TW', NULL, NULL),
(222, 'Tajikistan', 'TJ', NULL, NULL),
(223, 'Tanzania, United Republic of', 'TZ', NULL, NULL),
(224, 'Thailand', 'TH', NULL, NULL),
(225, 'Timor-Leste', 'TL', NULL, NULL),
(226, 'Togo', 'TG', NULL, NULL),
(227, 'Tokelau', 'TK', NULL, NULL),
(228, 'Tonga', 'TO', NULL, NULL),
(229, 'Trinidad and Tobago', 'TT', NULL, NULL),
(230, 'Tunisia', 'TN', NULL, NULL),
(231, 'Turkey', 'TR', NULL, NULL),
(232, 'Turkmenistan', 'TM', NULL, NULL),
(233, 'Turks and Caicos Islands', 'TC', NULL, NULL),
(234, 'Tuvalu', 'TV', NULL, NULL),
(235, 'Uganda', 'UG', NULL, NULL),
(236, 'Ukraine', 'UA', NULL, NULL),
(237, 'United Arab Emirates', 'AE', NULL, NULL),
(238, 'United Kingdom', 'GB', NULL, NULL),
(239, 'United States', 'US', NULL, NULL),
(240, 'United States Minor Outlying Islands', 'UM', NULL, NULL),
(241, 'Uruguay', 'UY', NULL, NULL),
(242, 'Uzbekistan', 'UZ', NULL, NULL),
(243, 'Vanuatu', 'VU', NULL, NULL),
(244, 'Venezuela', 'VE', NULL, NULL),
(245, 'Viet Nam', 'VN', NULL, NULL),
(246, 'Virgin Islands, British', 'VG', NULL, NULL),
(247, 'Virgin Islands, U.s.', 'VI', NULL, NULL),
(248, 'Wallis and Futuna', 'WF', NULL, NULL),
(249, 'Western Sahara', 'EH', NULL, NULL),
(250, 'Yemen', 'YE', NULL, NULL),
(251, 'Zambia', 'ZM', NULL, NULL),
(252, 'Zimbabwe', 'ZW', NULL, NULL);

-- --------------------------------------------------------

--
-- Table structure for table `custom_consultations`
--

CREATE TABLE `custom_consultations` (
  `id` bigint(20) UNSIGNED NOT NULL,
  `consultation_name_en` varchar(255) COLLATE utf8mb4_unicode_ci NOT NULL,
  `consultation_name_ar` varchar(255) COLLATE utf8mb4_unicode_ci DEFAULT NULL,
  `consultant_id` bigint(20) UNSIGNED NOT NULL,
  `status` tinyint(1) NOT NULL,
  `created_at` timestamp NULL DEFAULT NULL,
  `updated_at` timestamp NULL DEFAULT NULL
) ENGINE=InnoDB DEFAULT CHARSET=utf8mb4 COLLATE=utf8mb4_unicode_ci;

-- --------------------------------------------------------

--
-- Table structure for table `doctors`
--

CREATE TABLE `doctors` (
  `id` bigint(20) UNSIGNED NOT NULL,
  `full_name` varchar(255) COLLATE utf8mb4_unicode_ci NOT NULL,
  `phone_number` varchar(255) COLLATE utf8mb4_unicode_ci NOT NULL,
  `email` varchar(255) COLLATE utf8mb4_unicode_ci NOT NULL,
  `specialization_id` bigint(20) UNSIGNED NOT NULL,
  `user_id` bigint(20) UNSIGNED DEFAULT NULL,
  `has_zoom` tinyint(4) NOT NULL,
  `object_id` bigint(20) UNSIGNED DEFAULT NULL,
  `description` text COLLATE utf8mb4_unicode_ci,
  `created_at` timestamp NULL DEFAULT NULL,
  `updated_at` timestamp NULL DEFAULT NULL
) ENGINE=InnoDB DEFAULT CHARSET=utf8mb4 COLLATE=utf8mb4_unicode_ci;

--
-- Dumping data for table `doctors`
--

INSERT INTO `doctors` (`id`, `full_name`, `phone_number`, `email`, `specialization_id`, `user_id`, `has_zoom`, `object_id`, `description`, `created_at`, `updated_at`) VALUES
(1, 'Dr A', '+962799916679', 'rawan_almasri@digisolfze.com', 1, 161, 1, 4, 'Dr A Description', '2023-01-30 08:41:04', '2023-02-01 08:11:13');

-- --------------------------------------------------------

--
-- Table structure for table `failed_jobs`
--

CREATE TABLE `failed_jobs` (
  `id` bigint(20) UNSIGNED NOT NULL,
  `uuid` varchar(255) COLLATE utf8mb4_unicode_ci NOT NULL,
  `connection` text COLLATE utf8mb4_unicode_ci NOT NULL,
  `queue` text COLLATE utf8mb4_unicode_ci NOT NULL,
  `payload` longtext COLLATE utf8mb4_unicode_ci NOT NULL,
  `exception` longtext COLLATE utf8mb4_unicode_ci NOT NULL,
  `failed_at` timestamp NOT NULL DEFAULT CURRENT_TIMESTAMP
) ENGINE=InnoDB DEFAULT CHARSET=utf8mb4 COLLATE=utf8mb4_unicode_ci;

-- --------------------------------------------------------

--
-- Table structure for table `loading_ads`
--

CREATE TABLE `loading_ads` (
  `id` bigint(20) UNSIGNED NOT NULL,
  `Status` tinyint(1) NOT NULL COMMENT '1-active  2-inactive',
  `created_at` timestamp NULL DEFAULT NULL,
  `updated_at` timestamp NULL DEFAULT NULL
) ENGINE=InnoDB DEFAULT CHARSET=utf8mb4 COLLATE=utf8mb4_unicode_ci;

--
-- Dumping data for table `loading_ads`
--

INSERT INTO `loading_ads` (`id`, `Status`, `created_at`, `updated_at`) VALUES
(10, 1, '2022-06-11 10:16:23', '2022-06-11 10:16:23');

-- --------------------------------------------------------

--
-- Table structure for table `media`
--

CREATE TABLE `media` (
  `id` bigint(20) UNSIGNED NOT NULL,
  `filename` varchar(255) COLLATE utf8mb4_unicode_ci NOT NULL,
  `path` varchar(255) COLLATE utf8mb4_unicode_ci NOT NULL,
  `group` varchar(255) COLLATE utf8mb4_unicode_ci NOT NULL,
  `media_type` varchar(255) COLLATE utf8mb4_unicode_ci NOT NULL,
  `type_id` bigint(20) NOT NULL,
  `created_at` timestamp NULL DEFAULT NULL,
  `updated_at` timestamp NULL DEFAULT NULL
) ENGINE=InnoDB DEFAULT CHARSET=utf8mb4 COLLATE=utf8mb4_unicode_ci;

--
-- Dumping data for table `media`
--

INSERT INTO `media` (`id`, `filename`, `path`, `group`, `media_type`, `type_id`, `created_at`, `updated_at`) VALUES
(29, '1643029679280235992610.', 'uploads/Message/129', 'Message', 'App\\Models\\Message', 129, '2022-01-24 14:07:59', '2022-01-24 14:07:59'),
(30, '1643029741590687165880.', 'uploads/Message/130', 'Message', 'App\\Models\\Message', 130, '2022-01-24 14:09:01', '2022-01-24 14:09:01'),
(31, '1643029779102558724030.', 'uploads/Message/131', 'Message', 'App\\Models\\Message', 131, '2022-01-24 14:09:39', '2022-01-24 14:09:39'),
(32, '16430301641322496604450.', 'uploads/Message/134', 'Message', 'App\\Models\\Message', 134, '2022-01-24 14:16:04', '2022-01-24 14:16:04'),
(33, '16430315162395215387740.jpg', 'uploads/users/9', 'profile_photo', 'App\\Models\\User', 9, '2022-01-24 14:38:36', '2022-01-24 14:38:36'),
(34, '16430319431214182588675.', 'uploads/Message/144', 'Message', 'App\\Models\\Message', 144, '2022-01-24 14:45:43', '2022-01-24 14:45:43'),
(35, '16430319623433603892355.', 'uploads/Message/145', 'Message', 'App\\Models\\Message', 145, '2022-01-24 14:46:02', '2022-01-24 14:46:02'),
(36, '1643031988704889945340.', 'uploads/Message/146', 'Message', 'App\\Models\\Message', 146, '2022-01-24 14:46:28', '2022-01-24 14:46:28'),
(37, '1643032000146902997045.', 'uploads/Message/147', 'Message', 'App\\Models\\Message', 147, '2022-01-24 14:46:40', '2022-01-24 14:46:40'),
(38, '16430322392033799227635.', 'uploads/Message/148', 'Message', 'App\\Models\\Message', 148, '2022-01-24 14:50:39', '2022-01-24 14:50:39'),
(39, '16430322561201704024570.', 'uploads/Message/149', 'Message', 'App\\Models\\Message', 149, '2022-01-24 14:50:56', '2022-01-24 14:50:56'),
(40, '16430325972463319921020.jpg', 'uploads/users/10', 'profile_photo', 'App\\Models\\User', 10, '2022-01-24 14:56:37', '2022-01-24 14:56:37'),
(41, '16430326973397220481095.', 'uploads/Message/154', 'Message', 'App\\Models\\Message', 154, '2022-01-24 14:58:18', '2022-01-24 14:58:18'),
(42, '16430327181794263336985.', 'uploads/Message/156', 'Message', 'App\\Models\\Message', 156, '2022-01-24 14:58:38', '2022-01-24 14:58:38'),
(43, '16430329352016135234820.', 'uploads/Message/160', 'Message', 'App\\Models\\Message', 160, '2022-01-24 15:02:15', '2022-01-24 15:02:15'),
(44, '16430329592352558046685.', 'uploads/Message/161', 'Message', 'App\\Models\\Message', 161, '2022-01-24 15:02:39', '2022-01-24 15:02:39'),
(45, '16430329662961804038900.', 'uploads/Message/162', 'Message', 'App\\Models\\Message', 162, '2022-01-24 15:02:46', '2022-01-24 15:02:46'),
(46, '16430329931494269043610.', 'uploads/Message/163', 'Message', 'App\\Models\\Message', 163, '2022-01-24 15:03:13', '2022-01-24 15:03:13'),
(47, '16430330242541989245705.', 'uploads/Message/164', 'Message', 'App\\Models\\Message', 164, '2022-01-24 15:03:44', '2022-01-24 15:03:44'),
(48, '16430330243070827118065.', 'uploads/Message/164', 'Message', 'App\\Models\\Message', 164, '2022-01-24 15:03:44', '2022-01-24 15:03:44'),
(49, '16430330572720995627000.', 'uploads/Message/165', 'Message', 'App\\Models\\Message', 165, '2022-01-24 15:04:17', '2022-01-24 15:04:17'),
(50, '1643033115900817396080.', 'uploads/Message/166', 'Message', 'App\\Models\\Message', 166, '2022-01-24 15:05:15', '2022-01-24 15:05:15'),
(51, '1643033165399240466030.', 'uploads/Message/169', 'Message', 'App\\Models\\Message', 169, '2022-01-24 15:06:05', '2022-01-24 15:06:05'),
(52, '16430510712848378245440.jpg', 'uploads/users/11', 'profile_photo', 'App\\Models\\User', 11, '2022-01-24 20:04:31', '2022-01-24 20:04:31'),
(53, '1643051122880191826185.jpg', 'uploads/users/12', 'profile_photo', 'App\\Models\\User', 12, '2022-01-24 20:05:22', '2022-01-24 20:05:22'),
(54, '16430511881450268201305.', 'uploads/Message/176', 'Message', 'App\\Models\\Message', 176, '2022-01-24 20:06:28', '2022-01-24 20:06:28'),
(55, '16430511973135688413060.', 'uploads/Message/177', 'Message', 'App\\Models\\Message', 177, '2022-01-24 20:06:37', '2022-01-24 20:06:37'),
(56, '16430513941061208070475.', 'uploads/Message/183', 'Message', 'App\\Models\\Message', 183, '2022-01-24 20:09:54', '2022-01-24 20:09:54'),
(57, '16430514023496544064125.', 'uploads/Message/184', 'Message', 'App\\Models\\Message', 184, '2022-01-24 20:10:02', '2022-01-24 20:10:02'),
(58, '16430984023227359309125.jpg', 'uploads/users/13', 'profile_photo', 'App\\Models\\User', 13, '2022-01-25 09:13:22', '2022-01-25 09:13:22'),
(59, '16431090552690612646960.', 'uploads/Message/264', 'Message', 'App\\Models\\Message', 264, '2022-01-25 12:10:55', '2022-01-25 12:10:55'),
(60, '16431091422924388370540.', 'uploads/Message/265', 'Message', 'App\\Models\\Message', 265, '2022-01-25 12:12:22', '2022-01-25 12:12:22'),
(61, '1643109347658906290035.jpg', 'uploads/users/8', 'profile_photo', 'App\\Models\\User', 8, '2022-01-25 12:15:47', '2022-01-25 12:15:47'),
(62, '1643109347927023176065.jpg', 'uploads/users/8', 'profile_photo', 'App\\Models\\User', 8, '2022-01-25 12:15:47', '2022-01-25 12:15:47'),
(63, '1643124931998094120065.webp', 'uploads/users/16', 'profile_photo', 'App\\Models\\User', 16, '2022-01-25 16:35:31', '2022-01-25 16:35:31'),
(64, '16431249892159328683785.webp', 'uploads/users/17', 'profile_photo', 'App\\Models\\User', 17, '2022-01-25 16:36:29', '2022-01-25 16:36:29'),
(65, '1643126920997754629620.webp', 'uploads/users/18', 'profile_photo', 'App\\Models\\User', 18, '2022-01-25 17:08:40', '2022-01-25 17:08:40'),
(66, '16431841363047532437600.webp', 'uploads/users/20', 'profile_photo', 'App\\Models\\User', 20, '2022-01-26 09:02:16', '2022-01-26 09:02:16'),
(67, '1643312972122180189635.jpg', 'uploads/users/22', 'profile_photo', 'App\\Models\\User', 22, '2022-01-27 20:49:32', '2022-01-27 20:49:32'),
(68, '1643535192931937837495.jpg', 'uploads/users/25', 'profile_photo', 'App\\Models\\User', 25, '2022-01-30 10:33:12', '2022-01-30 10:33:12'),
(69, '16435497343332970185755.jpg', 'uploads/users/27', 'profile_photo', 'App\\Models\\User', 27, '2022-01-30 14:35:34', '2022-01-30 14:35:34'),
(70, '16436396981473737225940.jpg', 'uploads/users/30', 'profile_photo', 'App\\Models\\User', 30, '2022-01-31 15:34:58', '2022-01-31 15:34:58'),
(71, '16436401273350013677500.jpg', 'uploads/users/31', 'profile_photo', 'App\\Models\\User', 31, '2022-01-31 15:42:07', '2022-01-31 15:42:07'),
(72, '16436404181884070148975.', 'uploads/Message/61', 'Message', 'App\\Models\\Message', 61, '2022-01-31 15:46:58', '2022-01-31 15:46:58'),
(73, '16437216581738910780320.', 'uploads/Message/86', 'Message', 'App\\Models\\Message', 86, '2022-02-01 14:20:58', '2022-02-01 14:20:58'),
(74, '16437217881233774184580.', 'uploads/Message/88', 'Message', 'App\\Models\\Message', 88, '2022-02-01 14:23:08', '2022-02-01 14:23:08'),
(75, '16437218162760840995990.', 'uploads/Message/90', 'Message', 'App\\Models\\Message', 90, '2022-02-01 14:23:36', '2022-02-01 14:23:36'),
(76, '16437219611450649886770.', 'uploads/Message/92', 'Message', 'App\\Models\\Message', 92, '2022-02-01 14:26:01', '2022-02-01 14:26:01'),
(77, '16437220231300887633920.', 'uploads/Message/93', 'Message', 'App\\Models\\Message', 93, '2022-02-01 14:27:03', '2022-02-01 14:27:03'),
(78, '16437232811510593995785.', 'uploads/Message/95', 'Message', 'App\\Models\\Message', 95, '2022-02-01 14:48:01', '2022-02-01 14:48:01'),
(79, '1643723300359773727215.', 'uploads/Message/96', 'Message', 'App\\Models\\Message', 96, '2022-02-01 14:48:20', '2022-02-01 14:48:20'),
(80, '16437236351876727904485.', 'uploads/Message/97', 'Message', 'App\\Models\\Message', 97, '2022-02-01 14:53:55', '2022-02-01 14:53:55'),
(81, '16437236612210667427570.', 'uploads/Message/99', 'Message', 'App\\Models\\Message', 99, '2022-02-01 14:54:21', '2022-02-01 14:54:21'),
(82, '16437237173132054328445.', 'uploads/Message/100', 'Message', 'App\\Models\\Message', 100, '2022-02-01 14:55:17', '2022-02-01 14:55:17'),
(83, '16437240281202494038795.', 'uploads/Message/104', 'Message', 'App\\Models\\Message', 104, '2022-02-01 15:00:28', '2022-02-01 15:00:28'),
(84, '16437240422921105866665.', 'uploads/Message/105', 'Message', 'App\\Models\\Message', 105, '2022-02-01 15:00:42', '2022-02-01 15:00:42'),
(85, '16437242891319585033970.', 'uploads/Message/111', 'Message', 'App\\Models\\Message', 111, '2022-02-01 15:04:49', '2022-02-01 15:04:49'),
(86, '16437962042597099591590.jpg', 'uploads/users/34', 'profile_photo', 'App\\Models\\User', 34, '2022-02-02 11:03:24', '2022-02-02 11:03:24'),
(87, '16437962412282207004280.jpg', 'uploads/users/35', 'profile_photo', 'App\\Models\\User', 35, '2022-02-02 11:04:01', '2022-02-02 11:04:01'),
(88, '16437988682705067645140.jpg', 'uploads/users/38', 'profile_photo', 'App\\Models\\User', 38, '2022-02-02 11:47:48', '2022-02-02 11:47:48'),
(89, '16437989571775616948665.jpg', 'uploads/users/39', 'profile_photo', 'App\\Models\\User', 39, '2022-02-02 11:49:17', '2022-02-02 11:49:17'),
(90, '16438059891371368218045.', 'uploads/Message/136', 'Message', 'App\\Models\\Message', 136, '2022-02-02 13:46:29', '2022-02-02 13:46:29'),
(91, '1643806017393284671045.', 'uploads/Message/137', 'Message', 'App\\Models\\Message', 137, '2022-02-02 13:46:57', '2022-02-02 13:46:57'),
(92, '1643806138232655357025.', 'uploads/Message/138', 'Message', 'App\\Models\\Message', 138, '2022-02-02 13:48:58', '2022-02-02 13:48:58'),
(93, '16438062491153174502165.', 'uploads/Message/139', 'Message', 'App\\Models\\Message', 139, '2022-02-02 13:50:49', '2022-02-02 13:50:49'),
(94, '1643806363104204025205.', 'uploads/Message/141', 'Message', 'App\\Models\\Message', 141, '2022-02-02 13:52:43', '2022-02-02 13:52:43'),
(95, '16438072521990500004675.jpg', 'uploads/users/41', 'profile_photo', 'App\\Models\\User', 41, '2022-02-02 14:07:32', '2022-02-02 14:07:32'),
(96, '16438178731404939191425.', 'uploads/Message/256', 'Message', 'App\\Models\\Message', 256, '2022-02-02 17:04:33', '2022-02-02 17:04:33'),
(97, '16438179273198749638070.', 'uploads/Message/260', 'Message', 'App\\Models\\Message', 260, '2022-02-02 17:05:27', '2022-02-02 17:05:27'),
(98, '16438185271486848861120.', 'uploads/Message/266', 'Message', 'App\\Models\\Message', 266, '2022-02-02 17:15:27', '2022-02-02 17:15:27'),
(99, '16438185392527177841020.', 'uploads/Message/268', 'Message', 'App\\Models\\Message', 268, '2022-02-02 17:15:39', '2022-02-02 17:15:39'),
(100, '16438186422573336753610.', 'uploads/Message/275', 'Message', 'App\\Models\\Message', 275, '2022-02-02 17:17:22', '2022-02-02 17:17:22'),
(101, '16438187112408167487670.', 'uploads/Message/280', 'Message', 'App\\Models\\Message', 280, '2022-02-02 17:18:31', '2022-02-02 17:18:31'),
(102, '16438191041167175280950.', 'uploads/Message/284', 'Message', 'App\\Models\\Message', 284, '2022-02-02 17:25:04', '2022-02-02 17:25:04'),
(103, '16438191091143051677600.', 'uploads/Message/285', 'Message', 'App\\Models\\Message', 285, '2022-02-02 17:25:09', '2022-02-02 17:25:09'),
(104, '16438191983340507676660.', 'uploads/Message/289', 'Message', 'App\\Models\\Message', 289, '2022-02-02 17:26:38', '2022-02-02 17:26:38'),
(105, '16438740121462006328825.jpg', 'uploads/users/44', 'profile_photo', 'App\\Models\\User', 44, '2022-02-03 08:40:12', '2022-02-03 08:40:12'),
(106, '16438742303322600386455.jpg', 'uploads/users/45', 'profile_photo', 'App\\Models\\User', 45, '2022-02-03 08:43:50', '2022-02-03 08:43:50'),
(107, '16438743701178735719945.', 'uploads/Message/321', 'Message', 'App\\Models\\Message', 321, '2022-02-03 08:46:10', '2022-02-03 08:46:10'),
(108, '164387453680261256215.webp', 'uploads/users/46', 'profile_photo', 'App\\Models\\User', 46, '2022-02-03 08:48:56', '2022-02-03 08:48:56'),
(109, '16438746922377847340015.', 'uploads/Message/323', 'Message', 'App\\Models\\Message', 323, '2022-02-03 08:51:32', '2022-02-03 08:51:32'),
(110, '16438747231736641423020.', 'uploads/Message/325', 'Message', 'App\\Models\\Message', 325, '2022-02-03 08:52:03', '2022-02-03 08:52:03'),
(111, '16438747351104924112775.', 'uploads/Message/326', 'Message', 'App\\Models\\Message', 326, '2022-02-03 08:52:15', '2022-02-03 08:52:15'),
(112, '1643874745398101757725.', 'uploads/Message/327', 'Message', 'App\\Models\\Message', 327, '2022-02-03 08:52:25', '2022-02-03 08:52:25'),
(113, '16438747701270237410435.', 'uploads/Message/329', 'Message', 'App\\Models\\Message', 329, '2022-02-03 08:52:50', '2022-02-03 08:52:50'),
(114, '16438750381425929508045.', 'uploads/Message/337', 'Message', 'App\\Models\\Message', 337, '2022-02-03 08:57:18', '2022-02-03 08:57:18'),
(115, '1643875052574803171495.', 'uploads/Message/338', 'Message', 'App\\Models\\Message', 338, '2022-02-03 08:57:32', '2022-02-03 08:57:32'),
(116, '16438807221819362530790.', 'uploads/Message/373', 'Message', 'App\\Models\\Message', 373, '2022-02-03 10:32:02', '2022-02-03 10:32:02'),
(117, '16438808613000049886785.', 'uploads/Message/375', 'Message', 'App\\Models\\Message', 375, '2022-02-03 10:34:21', '2022-02-03 10:34:21'),
(118, '1643880874808621626085.', 'uploads/Message/376', 'Message', 'App\\Models\\Message', 376, '2022-02-03 10:34:34', '2022-02-03 10:34:34'),
(119, '16438809171617147175980.', 'uploads/Message/380', 'Message', 'App\\Models\\Message', 380, '2022-02-03 10:35:17', '2022-02-03 10:35:17'),
(120, '16438811311465704355430.jpg', 'uploads/users/50', 'profile_photo', 'App\\Models\\User', 50, '2022-02-03 10:38:51', '2022-02-03 10:38:51'),
(121, '16438813591427795962600.', 'uploads/Message/388', 'Message', 'App\\Models\\Message', 388, '2022-02-03 10:42:39', '2022-02-03 10:42:39'),
(122, '16438813742201002752760.', 'uploads/Message/389', 'Message', 'App\\Models\\Message', 389, '2022-02-03 10:42:54', '2022-02-03 10:42:54'),
(123, '16438839371693129259640.', 'uploads/Message/452', 'Message', 'App\\Models\\Message', 452, '2022-02-03 11:25:37', '2022-02-03 11:25:37'),
(124, '16438852171649740473010.', 'uploads/Message/466', 'Message', 'App\\Models\\Message', 466, '2022-02-03 11:46:57', '2022-02-03 11:46:57'),
(125, '164388746249117470640.', 'uploads/Message/471', 'Message', 'App\\Models\\Message', 471, '2022-02-03 12:24:22', '2022-02-03 12:24:22'),
(126, '16441359833036651972235.', 'uploads/Message/490', 'Message', 'App\\Models\\Message', 490, '2022-02-06 09:26:23', '2022-02-06 09:26:23'),
(127, '16441370242888437349175.', 'uploads/Message/505', 'Message', 'App\\Models\\Message', 505, '2022-02-06 09:43:44', '2022-02-06 09:43:44'),
(128, '16441370322368901037930.', 'uploads/Message/506', 'Message', 'App\\Models\\Message', 506, '2022-02-06 09:43:52', '2022-02-06 09:43:52'),
(129, '16443105913387259331120.jpg', 'uploads/users/53', 'profile_photo', 'App\\Models\\User', 53, '2022-02-08 09:56:31', '2022-02-08 09:56:31'),
(130, '16443110261809835944245.jpg', 'uploads/users/54', 'profile_photo', 'App\\Models\\User', 54, '2022-02-08 10:03:46', '2022-02-08 10:03:46'),
(131, '16443118601383633276200.jpg', 'uploads/users/55', 'profile_photo', 'App\\Models\\User', 55, '2022-02-08 10:17:40', '2022-02-08 10:17:40'),
(132, '16443131131763587452480.jpg', 'uploads/users/56', 'profile_photo', 'App\\Models\\User', 56, '2022-02-08 10:38:33', '2022-02-08 10:38:33'),
(133, '16443133261452879956395.jpg', 'uploads/users/57', 'profile_photo', 'App\\Models\\User', 57, '2022-02-08 10:42:06', '2022-02-08 10:42:06'),
(134, '164440253971557653125.', 'uploads/Message/674', 'Message', 'App\\Models\\Message', 674, '2022-02-09 11:28:59', '2022-02-09 11:28:59'),
(135, '16444025522813309187045.', 'uploads/Message/675', 'Message', 'App\\Models\\Message', 675, '2022-02-09 11:29:12', '2022-02-09 11:29:12'),
(137, '16446689722107155308545.jpg', 'uploads/users/59', 'profile_photo', 'App\\Models\\User', 59, '2022-02-12 13:29:32', '2022-02-12 13:29:32'),
(144, '1645357733764600181275.jpg', 'uploads/users/64', 'profile_photo', 'App\\Models\\User', 64, '2022-02-20 12:48:53', '2022-02-20 12:48:53'),
(145, '1645435551184745044890.jpg', 'uploads/users/66', 'profile_photo', 'App\\Models\\User', 66, '2022-02-21 10:25:51', '2022-02-21 10:25:51'),
(146, '16455206839624588295.jpg', 'uploads/users/67', 'profile_photo', 'App\\Models\\User', 67, '2022-02-22 10:04:43', '2022-02-22 10:04:43'),
(147, '16456083133374403604880.jpg', 'uploads/users/68', 'profile_photo', 'App\\Models\\User', 68, '2022-02-23 10:25:13', '2022-02-23 10:25:13'),
(159, '16456928022833692165640.jpg', 'uploads/users/58', 'profile_photo', 'App\\Models\\User', 58, '2022-02-24 09:53:22', '2022-02-24 09:53:22'),
(160, '16457032602655584828330.jpg', 'uploads/users/70', 'profile_photo', 'App\\Models\\User', 70, '2022-02-24 12:47:40', '2022-02-24 12:47:40'),
(162, '16460878363084937731470.jpg', 'uploads/users/72', 'profile_photo', 'App\\Models\\User', 72, '2022-03-01 00:37:16', '2022-03-01 00:37:16'),
(163, '16461344712592552317495.jpg', 'uploads/users/48', 'profile_photo', 'App\\Models\\User', 48, '2022-03-01 13:34:31', '2022-03-01 13:34:31'),
(164, '16461344711246068317480.jpg', 'uploads/users/48', 'profile_photo', 'App\\Models\\User', 48, '2022-03-01 13:34:31', '2022-03-01 13:34:31'),
(165, '16419836071912935115420.jpg', 'uploads/users/11', 'profile_photo', 'App\\Models\\User', 71, '2022-03-05 10:19:36', '2022-03-05 10:19:36'),
(166, '16468912962323161135120.', 'uploads/Message/1538', 'Message', 'App\\Models\\Message', 1538, '2022-03-10 07:48:16', '2022-03-10 07:48:16'),
(167, '1646902229321973019935.', 'uploads/Message/1597', 'Message', 'App\\Models\\Message', 1597, '2022-03-10 10:50:29', '2022-03-10 10:50:29'),
(168, '16469022521484024070550.', 'uploads/Message/1598', 'Message', 'App\\Models\\Message', 1598, '2022-03-10 10:50:52', '2022-03-10 10:50:52'),
(169, '16472520462312780578220.', 'uploads/Message/2186', 'Message', 'App\\Models\\Message', 2186, '2022-03-14 12:00:46', '2022-03-14 12:00:46'),
(170, '16472520633385593648605.', 'uploads/Message/2187', 'Message', 'App\\Models\\Message', 2187, '2022-03-14 12:01:03', '2022-03-14 12:01:03'),
(173, '16477621321687823416825.jpg', 'uploads/sliders/3', 'slider_photo', 'App\\Models\\Slider', 3, '2022-03-20 09:42:12', '2022-03-20 09:42:12'),
(179, '1647776224382570541920.jpg', 'uploads/users/48', 'profile_photo', 'App\\Models\\User', 48, '2022-03-20 13:37:04', '2022-03-20 13:37:04'),
(180, '1647776224449965745845.jpg', 'uploads/users/48', 'profile_photo', 'App\\Models\\User', 48, '2022-03-20 13:37:04', '2022-03-20 13:37:04'),
(181, '1647777400709709664020.jpg', 'uploads/users/48', 'profile_photo', 'App\\Models\\User', 48, '2022-03-20 13:56:40', '2022-03-20 13:56:40'),
(182, '1647777400462269361645.jpg', 'uploads/users/48', 'profile_photo', 'App\\Models\\User', 48, '2022-03-20 13:56:40', '2022-03-20 13:56:40'),
(185, '1647780903200143084330.jpg', 'uploads/SocialMedia/7', 'SocialMedia', 'App\\Models\\SocialMedia', 7, '2022-03-20 14:55:03', '2022-03-20 14:55:03'),
(187, '1647781220241545923605.jpg', 'uploads/SocialMedia/9', 'SocialMedia', 'App\\Models\\SocialMedia', 9, '2022-03-20 15:00:20', '2022-03-20 15:00:20'),
(188, '16477815542628209011925.jpeg', 'uploads/SocialMedia/11', 'SocialMedia', 'App\\Models\\SocialMedia', 11, '2022-03-20 15:05:54', '2022-03-20 15:05:54'),
(194, '1647782546884343458530.jpg', 'uploads/users/65', 'profile_photo', 'App\\Models\\User', 65, '2022-03-20 15:22:26', '2022-03-20 15:22:26'),
(198, '164802232528192119515.jpeg', 'uploads/Ads/11', 'Ads', 'App\\Models\\Ads', 11, '2022-03-23 09:58:45', '2022-03-23 09:58:45'),
(199, '16480223373384632763715.jpg', 'uploads/Ads/12', 'Ads', 'App\\Models\\Ads', 12, '2022-03-23 09:58:57', '2022-03-23 09:58:57'),
(200, '16481164801630427391880.jpg', 'uploads/Ads/13', 'Ads', 'App\\Models\\Ads', 13, '2022-03-24 12:08:00', '2022-03-24 12:08:00'),
(201, '16481174201169119223685.jpg', 'uploads/users/48', 'profile_photo', 'App\\Models\\User', 48, '2022-03-24 12:23:40', '2022-03-24 12:23:40'),
(202, '16481174201672356085470.jpg', 'uploads/users/48', 'profile_photo', 'App\\Models\\User', 48, '2022-03-24 12:23:40', '2022-03-24 12:23:40'),
(203, '1648119903848783448240.png', 'uploads/Ads/15', 'Ads', 'App\\Models\\Ads', 15, '2022-03-24 13:05:03', '2022-03-24 13:05:03'),
(205, '16481207301921072768335.jpg', 'uploads/sliders/4', 'slider_photo', 'App\\Models\\Slider', 4, '2022-03-24 13:18:50', '2022-03-24 13:18:50'),
(206, '16481208141875505954000.jpg', 'uploads/sliders/5', 'slider_photo', 'App\\Models\\Slider', 5, '2022-03-24 13:20:14', '2022-03-24 13:20:14'),
(207, '16481208152760663573640.jpg', 'uploads/sliders/6', 'slider_photo', 'App\\Models\\Slider', 6, '2022-03-24 13:20:15', '2022-03-24 13:20:15'),
(208, '16481208322895978278130.jpeg', 'uploads/sliders/7', 'slider_photo', 'App\\Models\\Slider', 7, '2022-03-24 13:20:32', '2022-03-24 13:20:32'),
(209, '16482935191583787731085.jpg', 'uploads/Ads/17', 'Ads', 'App\\Models\\Ads', 17, '2022-03-26 13:18:39', '2022-03-26 13:18:39'),
(210, '16482935291542420849585.jpeg', 'uploads/Ads/18', 'Ads', 'App\\Models\\Ads', 18, '2022-03-26 13:18:49', '2022-03-26 13:18:49'),
(212, '1648293548694183938910.jpg', 'uploads/Ads/20', 'Ads', 'App\\Models\\Ads', 20, '2022-03-26 13:19:08', '2022-03-26 13:19:08'),
(218, '1648365644251134470790.png', 'uploads/sliders/2', 'slider_photo', 'App\\Models\\Slider', 2, '2022-03-27 08:20:44', '2022-03-27 08:20:44'),
(219, '16483711201392948032350.jpg', 'uploads/users/80', 'profile_photo', 'App\\Models\\User', 80, '2022-03-27 09:52:00', '2022-03-27 09:52:00'),
(220, '16485510952218972614285.jfif', 'uploads/sliders/8', 'slider_photo', 'App\\Models\\Slider', 8, '2022-03-29 11:51:35', '2022-03-29 11:51:35'),
(221, '1648625669391581919085.png', 'uploads/Ads/24', 'Ads', 'App\\Models\\Ads', 24, '2022-03-30 08:34:29', '2022-03-30 08:34:29'),
(222, '1648625669260449964810.jpg', 'uploads/Ads/24', 'Ads', 'App\\Models\\Ads', 24, '2022-03-30 08:34:29', '2022-03-30 08:34:29'),
(223, '16486256692757868800505.png', 'uploads/Ads/24', 'Ads', 'App\\Models\\Ads', 24, '2022-03-30 08:34:29', '2022-03-30 08:34:29'),
(224, '1649327585882440008065.', 'uploads/Message/2744', 'Message', 'App\\Models\\Message', 2744, '2022-04-07 11:33:05', '2022-04-07 11:33:05'),
(225, '16493275933348525916505.', 'uploads/Message/2745', 'Message', 'App\\Models\\Message', 2745, '2022-04-07 11:33:13', '2022-04-07 11:33:13'),
(226, '1649329059291006473065.', 'uploads/Message/2747', 'Message', 'App\\Models\\Message', 2747, '2022-04-07 11:57:39', '2022-04-07 11:57:39'),
(227, '16493291843020585797600.', 'uploads/Message/2748', 'Message', 'App\\Models\\Message', 2748, '2022-04-07 11:59:44', '2022-04-07 11:59:44'),
(228, '16493304271731487887815.', 'uploads/Message/2750', 'Message', 'App\\Models\\Message', 2750, '2022-04-07 12:20:27', '2022-04-07 12:20:27'),
(229, '164933273958885272950.', 'uploads/Message/2751', 'Message', 'App\\Models\\Message', 2751, '2022-04-07 12:58:59', '2022-04-07 12:58:59'),
(230, '16494916682375694122620.', 'uploads/Message/2779', 'Message', 'App\\Models\\Message', 2779, '2022-04-09 09:07:48', '2022-04-09 09:07:48'),
(231, '16494918321502773722870.', 'uploads/Message/2787', 'Message', 'App\\Models\\Message', 2787, '2022-04-09 09:10:32', '2022-04-09 09:10:32'),
(232, '16494923472700876400740.', 'uploads/Message/2792', 'Message', 'App\\Models\\Message', 2792, '2022-04-09 09:19:07', '2022-04-09 09:19:07'),
(233, '16494928123277141117075.', 'uploads/Message/2794', 'Message', 'App\\Models\\Message', 2794, '2022-04-09 09:26:52', '2022-04-09 09:26:52'),
(234, '16494929422226515733435.', 'uploads/Message/2795', 'Message', 'App\\Models\\Message', 2795, '2022-04-09 09:29:02', '2022-04-09 09:29:02'),
(235, '1649492947631991604160.', 'uploads/Message/2796', 'Message', 'App\\Models\\Message', 2796, '2022-04-09 09:29:07', '2022-04-09 09:29:07'),
(236, '16494930423157910354620.', 'uploads/Message/2797', 'Message', 'App\\Models\\Message', 2797, '2022-04-09 09:30:42', '2022-04-09 09:30:42'),
(237, '16494932002558888101140.', 'uploads/Message/2808', 'Message', 'App\\Models\\Message', 2808, '2022-04-09 09:33:20', '2022-04-09 09:33:20'),
(238, '16494932252002419519135.', 'uploads/Message/2810', 'Message', 'App\\Models\\Message', 2810, '2022-04-09 09:33:45', '2022-04-09 09:33:45'),
(239, '164949830968067720.', 'uploads/Message/2815', 'Message', 'App\\Models\\Message', 2815, '2022-04-09 10:58:29', '2022-04-09 10:58:29'),
(240, '16494983601367704772245.', 'uploads/Message/2816', 'Message', 'App\\Models\\Message', 2816, '2022-04-09 10:59:20', '2022-04-09 10:59:20'),
(241, '16494985312722652270205.', 'uploads/Message/2817', 'Message', 'App\\Models\\Message', 2817, '2022-04-09 11:02:11', '2022-04-09 11:02:11'),
(242, '1649498542201733665630.', 'uploads/Message/2818', 'Message', 'App\\Models\\Message', 2818, '2022-04-09 11:02:22', '2022-04-09 11:02:22'),
(243, '16494986752951910089975.', 'uploads/Message/2819', 'Message', 'App\\Models\\Message', 2819, '2022-04-09 11:04:35', '2022-04-09 11:04:35'),
(244, '1649502793775622066205.', 'uploads/Message/2848', 'Message', 'App\\Models\\Message', 2848, '2022-04-09 12:13:13', '2022-04-09 12:13:13'),
(245, '16495027962087788751055.', 'uploads/Message/2849', 'Message', 'App\\Models\\Message', 2849, '2022-04-09 12:13:16', '2022-04-09 12:13:16'),
(246, '16495027972419161249260.', 'uploads/Message/2850', 'Message', 'App\\Models\\Message', 2850, '2022-04-09 12:13:17', '2022-04-09 12:13:17'),
(247, '16495027972013936027740.', 'uploads/Message/2851', 'Message', 'App\\Models\\Message', 2851, '2022-04-09 12:13:17', '2022-04-09 12:13:17'),
(248, '16495029413184135435845.', 'uploads/Message/2853', 'Message', 'App\\Models\\Message', 2853, '2022-04-09 12:15:41', '2022-04-09 12:15:41'),
(249, '16495029452376221719480.', 'uploads/Message/2854', 'Message', 'App\\Models\\Message', 2854, '2022-04-09 12:15:45', '2022-04-09 12:15:45'),
(253, '16495879232340382009735.jpg', 'uploads/users/90', 'profile_photo', 'App\\Models\\User', 90, '2022-04-10 11:52:03', '2022-04-10 11:52:03'),
(254, '16495879233062510725715.jpg', 'uploads/users/90', 'profile_photo', 'App\\Models\\User', 90, '2022-04-10 11:52:03', '2022-04-10 11:52:03'),
(255, '16495931983170590458420.', 'uploads/Message/2883', 'Message', 'App\\Models\\Message', 2883, '2022-04-10 13:19:58', '2022-04-10 13:19:58'),
(256, '16495932023042232943680.', 'uploads/Message/2884', 'Message', 'App\\Models\\Message', 2884, '2022-04-10 13:20:02', '2022-04-10 13:20:02'),
(257, '16495932043074860532835.', 'uploads/Message/2885', 'Message', 'App\\Models\\Message', 2885, '2022-04-10 13:20:04', '2022-04-10 13:20:04'),
(258, '1649593207521100145405.', 'uploads/Message/2886', 'Message', 'App\\Models\\Message', 2886, '2022-04-10 13:20:07', '2022-04-10 13:20:07'),
(259, '16495932092608881069725.', 'uploads/Message/2887', 'Message', 'App\\Models\\Message', 2887, '2022-04-10 13:20:09', '2022-04-10 13:20:09'),
(260, '16495932101819157254495.', 'uploads/Message/2888', 'Message', 'App\\Models\\Message', 2888, '2022-04-10 13:20:10', '2022-04-10 13:20:10'),
(261, '16495932102141766676595.', 'uploads/Message/2889', 'Message', 'App\\Models\\Message', 2889, '2022-04-10 13:20:10', '2022-04-10 13:20:10'),
(262, '16495932212303127844080.', 'uploads/Message/2890', 'Message', 'App\\Models\\Message', 2890, '2022-04-10 13:20:21', '2022-04-10 13:20:21'),
(263, '16495932213439700082280.', 'uploads/Message/2891', 'Message', 'App\\Models\\Message', 2891, '2022-04-10 13:20:21', '2022-04-10 13:20:21'),
(264, '1649593221937531547260.', 'uploads/Message/2892', 'Message', 'App\\Models\\Message', 2892, '2022-04-10 13:20:21', '2022-04-10 13:20:21'),
(265, '16495936001794136713320.', 'uploads/Message/2893', 'Message', 'App\\Models\\Message', 2893, '2022-04-10 13:26:40', '2022-04-10 13:26:40'),
(266, '16495938701966211327325.', 'uploads/Message/2894', 'Message', 'App\\Models\\Message', 2894, '2022-04-10 13:31:10', '2022-04-10 13:31:10'),
(267, '16495939573110753666615.', 'uploads/Message/2895', 'Message', 'App\\Models\\Message', 2895, '2022-04-10 13:32:37', '2022-04-10 13:32:37'),
(268, '1649594001358764450520.', 'uploads/Message/2896', 'Message', 'App\\Models\\Message', 2896, '2022-04-10 13:33:21', '2022-04-10 13:33:21'),
(269, '1649594742258104699125.', 'uploads/Message/2901', 'Message', 'App\\Models\\Message', 2901, '2022-04-10 13:45:42', '2022-04-10 13:45:42'),
(270, '1649594941430913031570.', 'uploads/Message/2904', 'Message', 'App\\Models\\Message', 2904, '2022-04-10 13:49:01', '2022-04-10 13:49:01'),
(271, '16496118513396510797610.', 'uploads/Message/2912', 'Message', 'App\\Models\\Message', 2912, '2022-04-10 18:30:51', '2022-04-10 18:30:51'),
(272, '16496125151908835146540.jpg', 'uploads/users/109', 'profile_photo', 'App\\Models\\User', 109, '2022-04-10 18:41:55', '2022-04-10 18:41:55'),
(273, '16496126923380949993855.jpg', 'uploads/users/107', 'profile_photo', 'App\\Models\\User', 107, '2022-04-10 18:44:52', '2022-04-10 18:44:52'),
(276, '1649666648317395625610.jpg', 'uploads/users/102', 'profile_photo', 'App\\Models\\User', 102, '2022-04-11 09:44:08', '2022-04-11 09:44:08'),
(278, '16496769152040540482925.mp4', 'uploads/Ads/27', 'Ads', 'App\\Models\\Ads', 27, '2022-04-11 12:35:15', '2022-04-11 12:35:15'),
(279, '1649677963185809795255.', 'uploads/Message/2952', 'Message', 'App\\Models\\Message', 2952, '2022-04-11 12:52:43', '2022-04-11 12:52:43'),
(280, '16496808781648732977570.gif', 'uploads/Ads/30', 'Logo', 'App\\Models\\Ads', 30, '2022-04-11 13:41:18', '2022-04-11 13:41:18'),
(281, '16496808782942868912270.jpg', 'uploads/Ads/30', 'Ads', 'App\\Models\\Ads', 30, '2022-04-11 13:41:18', '2022-04-11 13:41:18'),
(283, '16496811152420066938205.png', 'uploads/Ads/32', 'Logo', 'App\\Models\\Ads', 32, '2022-04-11 13:45:15', '2022-04-11 13:45:15'),
(284, '16496811151980324103380.gif', 'uploads/Ads/32', 'Ads', 'App\\Models\\Ads', 32, '2022-04-11 13:45:15', '2022-04-11 13:45:15'),
(285, '1649757569379110121845.', 'uploads/Message/2954', 'Message', 'App\\Models\\Message', 2954, '2022-04-12 10:59:29', '2022-04-12 10:59:29'),
(286, '1649757585541396619435.', 'uploads/Message/2955', 'Message', 'App\\Models\\Message', 2955, '2022-04-12 10:59:45', '2022-04-12 10:59:45'),
(287, '16497575852594137347095.', 'uploads/Message/2955', 'Message', 'App\\Models\\Message', 2955, '2022-04-12 10:59:45', '2022-04-12 10:59:45'),
(288, '16497575992470990838365.', 'uploads/Message/2956', 'Message', 'App\\Models\\Message', 2956, '2022-04-12 10:59:59', '2022-04-12 10:59:59'),
(289, '1649757599585070569370.', 'uploads/Message/2957', 'Message', 'App\\Models\\Message', 2957, '2022-04-12 10:59:59', '2022-04-12 10:59:59'),
(290, '16497575992577270027920.', 'uploads/Message/2958', 'Message', 'App\\Models\\Message', 2958, '2022-04-12 10:59:59', '2022-04-12 10:59:59'),
(291, '16497575991710910386045.', 'uploads/Message/2959', 'Message', 'App\\Models\\Message', 2959, '2022-04-12 10:59:59', '2022-04-12 10:59:59'),
(292, '16497575992405420529785.', 'uploads/Message/2960', 'Message', 'App\\Models\\Message', 2960, '2022-04-12 10:59:59', '2022-04-12 10:59:59'),
(293, '16497606372774896672030.jpg', 'uploads/users/90', 'profile_photo', 'App\\Models\\User', 90, '2022-04-12 11:50:37', '2022-04-12 11:50:37'),
(294, '16497606372270441512045.jpg', 'uploads/users/90', 'profile_photo', 'App\\Models\\User', 90, '2022-04-12 11:50:37', '2022-04-12 11:50:37'),
(295, '16497659523114520915520.', 'uploads/Message/2963', 'Message', 'App\\Models\\Message', 2963, '2022-04-12 13:19:12', '2022-04-12 13:19:12'),
(296, '16497659531386491354395.', 'uploads/Message/2964', 'Message', 'App\\Models\\Message', 2964, '2022-04-12 13:19:13', '2022-04-12 13:19:13'),
(297, '16497659532034700178630.', 'uploads/Message/2965', 'Message', 'App\\Models\\Message', 2965, '2022-04-12 13:19:13', '2022-04-12 13:19:13'),
(298, '1649765953386985466840.', 'uploads/Message/2966', 'Message', 'App\\Models\\Message', 2966, '2022-04-12 13:19:13', '2022-04-12 13:19:13'),
(299, '1649765954928775055215.', 'uploads/Message/2967', 'Message', 'App\\Models\\Message', 2967, '2022-04-12 13:19:14', '2022-04-12 13:19:14'),
(300, '16497659542324424242735.', 'uploads/Message/2968', 'Message', 'App\\Models\\Message', 2968, '2022-04-12 13:19:14', '2022-04-12 13:19:14'),
(301, '16497659541895498047835.', 'uploads/Message/2969', 'Message', 'App\\Models\\Message', 2969, '2022-04-12 13:19:14', '2022-04-12 13:19:14'),
(302, '16497668481629513021990.', 'uploads/Message/2970', 'Message', 'App\\Models\\Message', 2970, '2022-04-12 13:34:08', '2022-04-12 13:34:08'),
(303, '16497669523192769276445.', 'uploads/Message/2971', 'Message', 'App\\Models\\Message', 2971, '2022-04-12 13:35:52', '2022-04-12 13:35:52'),
(304, '16497669631226465488710.', 'uploads/Message/2972', 'Message', 'App\\Models\\Message', 2972, '2022-04-12 13:36:03', '2022-04-12 13:36:03'),
(305, '16497669641312103789780.', 'uploads/Message/2973', 'Message', 'App\\Models\\Message', 2973, '2022-04-12 13:36:04', '2022-04-12 13:36:04'),
(306, '1649766964617368813320.', 'uploads/Message/2974', 'Message', 'App\\Models\\Message', 2974, '2022-04-12 13:36:04', '2022-04-12 13:36:04'),
(307, '1649766964134551113060.', 'uploads/Message/2975', 'Message', 'App\\Models\\Message', 2975, '2022-04-12 13:36:04', '2022-04-12 13:36:04'),
(308, '16498371522590975743720.', 'uploads/Message/2976', 'Message', 'App\\Models\\Message', 2976, '2022-04-13 09:05:52', '2022-04-13 09:05:52'),
(309, '16498371681630819123885.', 'uploads/Message/2977', 'Message', 'App\\Models\\Message', 2977, '2022-04-13 09:06:08', '2022-04-13 09:06:08'),
(310, '16498371692702526604120.', 'uploads/Message/2978', 'Message', 'App\\Models\\Message', 2978, '2022-04-13 09:06:09', '2022-04-13 09:06:09'),
(311, '16498371692405688896625.', 'uploads/Message/2979', 'Message', 'App\\Models\\Message', 2979, '2022-04-13 09:06:09', '2022-04-13 09:06:09'),
(312, '16498371691657904336025.', 'uploads/Message/2980', 'Message', 'App\\Models\\Message', 2980, '2022-04-13 09:06:09', '2022-04-13 09:06:09'),
(313, '16498377671009270048815.', 'uploads/Message/2983', 'Message', 'App\\Models\\Message', 2983, '2022-04-13 09:16:07', '2022-04-13 09:16:07'),
(314, '16498382041705890630080.', 'uploads/Message/2984', 'Message', 'App\\Models\\Message', 2984, '2022-04-13 09:23:24', '2022-04-13 09:23:24'),
(315, '16498383101462325586085.', 'uploads/Message/2985', 'Message', 'App\\Models\\Message', 2985, '2022-04-13 09:25:10', '2022-04-13 09:25:10'),
(316, '16498386511322870973060.', 'uploads/Message/2986', 'Message', 'App\\Models\\Message', 2986, '2022-04-13 09:30:51', '2022-04-13 09:30:51'),
(317, '16498387581673930026020.', 'uploads/Message/2987', 'Message', 'App\\Models\\Message', 2987, '2022-04-13 09:32:38', '2022-04-13 09:32:38'),
(318, '16498392322734936668450.', 'uploads/Message/2988', 'Message', 'App\\Models\\Message', 2988, '2022-04-13 09:40:32', '2022-04-13 09:40:32'),
(319, '16498392463372123792275.', 'uploads/Message/2989', 'Message', 'App\\Models\\Message', 2989, '2022-04-13 09:40:46', '2022-04-13 09:40:46'),
(320, '16498392611937429945465.', 'uploads/Message/2990', 'Message', 'App\\Models\\Message', 2990, '2022-04-13 09:41:01', '2022-04-13 09:41:01'),
(321, '16498392681408599371130.', 'uploads/Message/2991', 'Message', 'App\\Models\\Message', 2991, '2022-04-13 09:41:08', '2022-04-13 09:41:08'),
(322, '16498393591267685324395.', 'uploads/Message/2992', 'Message', 'App\\Models\\Message', 2992, '2022-04-13 09:42:39', '2022-04-13 09:42:39'),
(323, '1649839366510847916705.', 'uploads/Message/2993', 'Message', 'App\\Models\\Message', 2993, '2022-04-13 09:42:46', '2022-04-13 09:42:46'),
(324, '16498393752959582039050.', 'uploads/Message/2994', 'Message', 'App\\Models\\Message', 2994, '2022-04-13 09:42:55', '2022-04-13 09:42:55'),
(325, '16498501143443778069060.', 'uploads/Message/2998', 'Message', 'App\\Models\\Message', 2998, '2022-04-13 12:41:54', '2022-04-13 12:41:54'),
(326, '16499245902348946668250.jpg', 'uploads/users/90', 'profile_photo', 'App\\Models\\User', 90, '2022-04-14 09:23:10', '2022-04-14 09:23:10'),
(327, '16499245902238469698080.jpg', 'uploads/users/90', 'profile_photo', 'App\\Models\\User', 90, '2022-04-14 09:23:10', '2022-04-14 09:23:10'),
(328, '16499263293272439656990.jpg', 'uploads/users/90', 'profile_photo', 'App\\Models\\User', 90, '2022-04-14 09:52:09', '2022-04-14 09:52:09'),
(329, '16499263291747479002780.jpg', 'uploads/users/90', 'profile_photo', 'App\\Models\\User', 90, '2022-04-14 09:52:09', '2022-04-14 09:52:09'),
(330, '164992884664429916635.png', 'uploads/Ads/25', 'Ads', 'App\\Models\\Ads', 25, '2022-04-14 10:34:06', '2022-04-14 10:34:06'),
(331, '16499289011828379893515.png', 'uploads/Ads/33', 'Logo', 'App\\Models\\Ads', 33, '2022-04-14 10:35:01', '2022-04-14 10:35:01'),
(332, '16499292791979706852655.', 'uploads/Message/3009', 'Message', 'App\\Models\\Message', 3009, '2022-04-14 10:41:19', '2022-04-14 10:41:19'),
(333, '1649929737710037444690.jpg', 'uploads/users/90', 'profile_photo', 'App\\Models\\User', 90, '2022-04-14 10:48:57', '2022-04-14 10:48:57'),
(334, '16499297371105992403600.jpg', 'uploads/users/90', 'profile_photo', 'App\\Models\\User', 90, '2022-04-14 10:48:57', '2022-04-14 10:48:57'),
(335, '1649931807468174523250.jpg', 'uploads/users/90', 'profile_photo', 'App\\Models\\User', 90, '2022-04-14 11:23:27', '2022-04-14 11:23:27'),
(336, '1649931807876775488715.jpg', 'uploads/users/90', 'profile_photo', 'App\\Models\\User', 90, '2022-04-14 11:23:27', '2022-04-14 11:23:27'),
(337, '16499321111204019142865.jpg', 'uploads/users/90', 'profile_photo', 'App\\Models\\User', 90, '2022-04-14 11:28:31', '2022-04-14 11:28:31'),
(338, '1649932111110841762990.jpg', 'uploads/users/90', 'profile_photo', 'App\\Models\\User', 90, '2022-04-14 11:28:31', '2022-04-14 11:28:31'),
(339, '16499323403217006388015.jpg', 'uploads/users/90', 'profile_photo', 'App\\Models\\User', 90, '2022-04-14 11:32:20', '2022-04-14 11:32:20'),
(340, '1649932340711110652595.jpg', 'uploads/users/90', 'profile_photo', 'App\\Models\\User', 90, '2022-04-14 11:32:20', '2022-04-14 11:32:20'),
(341, '16499330122545894615565.jpg', 'uploads/users/90', 'profile_photo', 'App\\Models\\User', 90, '2022-04-14 11:43:32', '2022-04-14 11:43:32'),
(342, '1649933012982351055175.jpg', 'uploads/users/90', 'profile_photo', 'App\\Models\\User', 90, '2022-04-14 11:43:32', '2022-04-14 11:43:32'),
(343, '1649933294746049370710.jpg', 'uploads/users/90', 'profile_photo', 'App\\Models\\User', 90, '2022-04-14 11:48:14', '2022-04-14 11:48:14'),
(344, '1649933294711359963370.jpg', 'uploads/users/90', 'profile_photo', 'App\\Models\\User', 90, '2022-04-14 11:48:14', '2022-04-14 11:48:14'),
(345, '16499333782574389379065.jpg', 'uploads/users/90', 'profile_photo', 'App\\Models\\User', 90, '2022-04-14 11:49:38', '2022-04-14 11:49:38'),
(346, '16499333783239409563320.jpg', 'uploads/users/90', 'profile_photo', 'App\\Models\\User', 90, '2022-04-14 11:49:38', '2022-04-14 11:49:38'),
(347, '1649933749981643908735.jpg', 'uploads/users/90', 'profile_photo', 'App\\Models\\User', 90, '2022-04-14 11:55:49', '2022-04-14 11:55:49'),
(348, '16499337493045528459400.jpg', 'uploads/users/90', 'profile_photo', 'App\\Models\\User', 90, '2022-04-14 11:55:49', '2022-04-14 11:55:49'),
(349, '16499345371464031461760.jpg', 'uploads/users/90', 'profile_photo', 'App\\Models\\User', 90, '2022-04-14 12:08:57', '2022-04-14 12:08:57'),
(350, '16499345372980704871235.jpg', 'uploads/users/90', 'profile_photo', 'App\\Models\\User', 90, '2022-04-14 12:08:57', '2022-04-14 12:08:57'),
(351, '1649934549791308861875.jpg', 'uploads/users/90', 'profile_photo', 'App\\Models\\User', 90, '2022-04-14 12:09:09', '2022-04-14 12:09:09'),
(352, '1649934549115211764955.jpg', 'uploads/users/90', 'profile_photo', 'App\\Models\\User', 90, '2022-04-14 12:09:09', '2022-04-14 12:09:09'),
(353, '1649934607166308128945.jpg', 'uploads/users/90', 'profile_photo', 'App\\Models\\User', 90, '2022-04-14 12:10:07', '2022-04-14 12:10:07'),
(354, '16499346072491514490255.jpg', 'uploads/users/90', 'profile_photo', 'App\\Models\\User', 90, '2022-04-14 12:10:07', '2022-04-14 12:10:07'),
(355, '16499347211330842444645.jpg', 'uploads/users/90', 'profile_photo', 'App\\Models\\User', 90, '2022-04-14 12:12:01', '2022-04-14 12:12:01'),
(356, '1649934721185092768105.jpg', 'uploads/users/90', 'profile_photo', 'App\\Models\\User', 90, '2022-04-14 12:12:01', '2022-04-14 12:12:01'),
(357, '16499358772657715796190.jpg', 'uploads/users/90', 'profile_photo', 'App\\Models\\User', 90, '2022-04-14 12:31:17', '2022-04-14 12:31:17'),
(358, '16499358772722880462400.jpg', 'uploads/users/90', 'profile_photo', 'App\\Models\\User', 90, '2022-04-14 12:31:17', '2022-04-14 12:31:17'),
(359, '1649937199565635935690.jpg', 'uploads/users/90', 'profile_photo', 'App\\Models\\User', 90, '2022-04-14 12:53:19', '2022-04-14 12:53:19'),
(360, '1649937199458041421285.jpg', 'uploads/users/90', 'profile_photo', 'App\\Models\\User', 90, '2022-04-14 12:53:19', '2022-04-14 12:53:19'),
(361, '16499376691888968705925.jpg', 'uploads/users/90', 'profile_photo', 'App\\Models\\User', 90, '2022-04-14 13:01:09', '2022-04-14 13:01:09'),
(362, '16499376691107093054025.jpg', 'uploads/users/90', 'profile_photo', 'App\\Models\\User', 90, '2022-04-14 13:01:09', '2022-04-14 13:01:09'),
(363, '16499413601960904391215.', 'uploads/Message/3025', 'Message', 'App\\Models\\Message', 3025, '2022-04-14 14:02:40', '2022-04-14 14:02:40'),
(364, '164994136691753486370.', 'uploads/Message/3026', 'Message', 'App\\Models\\Message', 3026, '2022-04-14 14:02:46', '2022-04-14 14:02:46'),
(365, '16499418923413238585960.jpg', 'uploads/users/99', 'profile_photo', 'App\\Models\\User', 99, '2022-04-14 14:11:32', '2022-04-14 14:11:32'),
(366, '16499418922188355130640.jpg', 'uploads/users/99', 'profile_photo', 'App\\Models\\User', 99, '2022-04-14 14:11:32', '2022-04-14 14:11:32'),
(367, '1650021130662402477555.', 'uploads/Message/3028', 'Message', 'App\\Models\\Message', 3028, '2022-04-15 12:12:10', '2022-04-15 12:12:10'),
(368, '16500211303458675934840.', 'uploads/Message/3028', 'Message', 'App\\Models\\Message', 3028, '2022-04-15 12:12:10', '2022-04-15 12:12:10'),
(369, '1650021130756334148360.', 'uploads/Message/3028', 'Message', 'App\\Models\\Message', 3028, '2022-04-15 12:12:10', '2022-04-15 12:12:10'),
(370, '16500211302577237029045.', 'uploads/Message/3028', 'Message', 'App\\Models\\Message', 3028, '2022-04-15 12:12:10', '2022-04-15 12:12:10'),
(371, '16500211303380045052545.', 'uploads/Message/3028', 'Message', 'App\\Models\\Message', 3028, '2022-04-15 12:12:10', '2022-04-15 12:12:10'),
(372, '16500211302033786995065.', 'uploads/Message/3028', 'Message', 'App\\Models\\Message', 3028, '2022-04-15 12:12:10', '2022-04-15 12:12:10'),
(373, '16500211302638810553155.', 'uploads/Message/3028', 'Message', 'App\\Models\\Message', 3028, '2022-04-15 12:12:10', '2022-04-15 12:12:10'),
(374, '1650044885772599637740.', 'uploads/Message/3034', 'Message', 'App\\Models\\Message', 3034, '2022-04-15 18:48:05', '2022-04-15 18:48:05'),
(375, '16500448851802770559030.', 'uploads/Message/3034', 'Message', 'App\\Models\\Message', 3034, '2022-04-15 18:48:05', '2022-04-15 18:48:05'),
(376, '1650045088634591569045.', 'uploads/Message/3041', 'Message', 'App\\Models\\Message', 3041, '2022-04-15 18:51:28', '2022-04-15 18:51:28'),
(377, '1650094781435545084240.', 'uploads/Message/3050', 'Message', 'App\\Models\\Message', 3050, '2022-04-16 08:39:41', '2022-04-16 08:39:41'),
(378, '16500947812873762230640.', 'uploads/Message/3050', 'Message', 'App\\Models\\Message', 3050, '2022-04-16 08:39:41', '2022-04-16 08:39:41'),
(379, '16500947811419284411335.', 'uploads/Message/3050', 'Message', 'App\\Models\\Message', 3050, '2022-04-16 08:39:41', '2022-04-16 08:39:41'),
(380, '16501002131833933957730.', 'uploads/Message/3054', 'Message', 'App\\Models\\Message', 3054, '2022-04-16 10:10:13', '2022-04-16 10:10:13'),
(381, '16501002132001246642395.', 'uploads/Message/3054', 'Message', 'App\\Models\\Message', 3054, '2022-04-16 10:10:13', '2022-04-16 10:10:13'),
(382, '16501002133149149775205.', 'uploads/Message/3054', 'Message', 'App\\Models\\Message', 3054, '2022-04-16 10:10:13', '2022-04-16 10:10:13'),
(383, '1650107944333224723650.', 'uploads/Message/3058', 'Message', 'App\\Models\\Message', 3058, '2022-04-16 12:19:04', '2022-04-16 12:19:04'),
(384, '16501942372133597796715.jpg', 'uploads/users/118', 'profile_photo', 'App\\Models\\User', 118, '2022-04-17 12:17:17', '2022-04-17 12:17:17'),
(385, '1650194346215259638615.jpg', 'uploads/users/117', 'profile_photo', 'App\\Models\\User', 117, '2022-04-17 12:19:06', '2022-04-17 12:19:06'),
(416, '16502867422830831465070.', 'uploads/Message/3176', 'Message', 'App\\Models\\Message', 3176, '2022-04-18 13:59:02', '2022-04-18 13:59:02'),
(417, '16502867492307787265875.', 'uploads/Message/3177', 'Message', 'App\\Models\\Message', 3177, '2022-04-18 13:59:09', '2022-04-18 13:59:09'),
(418, '1650321444225769363540.', 'uploads/Message/3182', 'Message', 'App\\Models\\Message', 3182, '2022-04-18 23:37:24', '2022-04-18 23:37:24'),
(419, '16503607053452835970465.', 'uploads/Message/3225', 'Message', 'App\\Models\\Message', 3225, '2022-04-19 10:31:45', '2022-04-19 10:31:45'),
(420, '16503607231466839766770.', 'uploads/Message/3226', 'Message', 'App\\Models\\Message', 3226, '2022-04-19 10:32:03', '2022-04-19 10:32:03'),
(421, '16503609391030575407400.', 'uploads/Message/3240', 'Message', 'App\\Models\\Message', 3240, '2022-04-19 10:35:39', '2022-04-19 10:35:39'),
(422, '1650372500231797662880.', 'uploads/Message/3283', 'Message', 'App\\Models\\Message', 3283, '2022-04-19 13:48:20', '2022-04-19 13:48:20'),
(423, '16503884563296443759175.', 'uploads/Message/3295', 'Message', 'App\\Models\\Message', 3295, '2022-04-19 18:14:16', '2022-04-19 18:14:16'),
(424, '1650388478746780521515.', 'uploads/Message/3296', 'Message', 'App\\Models\\Message', 3296, '2022-04-19 18:14:38', '2022-04-19 18:14:38'),
(425, '16503884781849396129805.', 'uploads/Message/3296', 'Message', 'App\\Models\\Message', 3296, '2022-04-19 18:14:38', '2022-04-19 18:14:38'),
(426, '16503888842081765129500.', 'uploads/Message/3297', 'Message', 'App\\Models\\Message', 3297, '2022-04-19 18:21:24', '2022-04-19 18:21:24'),
(427, '16503889541184865583195.', 'uploads/Message/3299', 'Message', 'App\\Models\\Message', 3299, '2022-04-19 18:22:34', '2022-04-19 18:22:34'),
(428, '1650390275356070406580.jpg', 'uploads/users/99', 'profile_photo', 'App\\Models\\User', 99, '2022-04-19 18:44:35', '2022-04-19 18:44:35'),
(429, '1650390275119481707310.jpg', 'uploads/users/99', 'profile_photo', 'App\\Models\\User', 99, '2022-04-19 18:44:35', '2022-04-19 18:44:35'),
(430, '16503905962626958328995.jpg', 'uploads/users/110', 'profile_photo', 'App\\Models\\User', 110, '2022-04-19 18:49:56', '2022-04-19 18:49:56'),
(431, '16503925012968848470105.', 'uploads/Message/3301', 'Message', 'App\\Models\\Message', 3301, '2022-04-19 19:21:41', '2022-04-19 19:21:41'),
(432, '1650392720306144128430.', 'uploads/Message/3307', 'Message', 'App\\Models\\Message', 3307, '2022-04-19 19:25:20', '2022-04-19 19:25:20'),
(433, '16504529111761374113870.', 'uploads/Message/3354', 'Message', 'App\\Models\\Message', 3354, '2022-04-20 12:08:31', '2022-04-20 12:08:31'),
(434, '165045325452124771125.', 'uploads/Message/3355', 'Message', 'App\\Models\\Message', 3355, '2022-04-20 12:14:14', '2022-04-20 12:14:14'),
(435, '1650453328598098814180.', 'uploads/Message/3356', 'Message', 'App\\Models\\Message', 3356, '2022-04-20 12:15:28', '2022-04-20 12:15:28'),
(436, '16504533281530666384765.', 'uploads/Message/3356', 'Message', 'App\\Models\\Message', 3356, '2022-04-20 12:15:28', '2022-04-20 12:15:28'),
(437, '16505279201103135208525.', 'uploads/Message/3374', 'Message', 'App\\Models\\Message', 3374, '2022-04-21 08:58:40', '2022-04-21 08:58:40'),
(438, '1650528107256368492695.', 'uploads/Message/3375', 'Message', 'App\\Models\\Message', 3375, '2022-04-21 09:01:47', '2022-04-21 09:01:47'),
(439, '16505281521385116201280.', 'uploads/Message/3376', 'Message', 'App\\Models\\Message', 3376, '2022-04-21 09:02:32', '2022-04-21 09:02:32'),
(440, '1650528367659254095290.', 'uploads/Message/3377', 'Message', 'App\\Models\\Message', 3377, '2022-04-21 09:06:07', '2022-04-21 09:06:07'),
(441, '16505296402089595061470.', 'uploads/Message/3378', 'Message', 'App\\Models\\Message', 3378, '2022-04-21 09:27:20', '2022-04-21 09:27:20'),
(442, '16505297391482477404940.', 'uploads/Message/3379', 'Message', 'App\\Models\\Message', 3379, '2022-04-21 09:28:59', '2022-04-21 09:28:59'),
(443, '1650530363724363721935.', 'uploads/Message/3382', 'Message', 'App\\Models\\Message', 3382, '2022-04-21 09:39:23', '2022-04-21 09:39:23'),
(444, '16505309893476272525005.', 'uploads/Message/3383', 'Message', 'App\\Models\\Message', 3383, '2022-04-21 09:49:49', '2022-04-21 09:49:49'),
(445, '16505314311018379972085.', 'uploads/Message/3384', 'Message', 'App\\Models\\Message', 3384, '2022-04-21 09:57:11', '2022-04-21 09:57:11'),
(446, '16505314621365299501755.', 'uploads/Message/3385', 'Message', 'App\\Models\\Message', 3385, '2022-04-21 09:57:42', '2022-04-21 09:57:42'),
(447, '1650531889587450979185.', 'uploads/Message/3386', 'Message', 'App\\Models\\Message', 3386, '2022-04-21 10:04:49', '2022-04-21 10:04:49'),
(448, '16505371582660158802665.', 'uploads/Message/3387', 'Message', 'App\\Models\\Message', 3387, '2022-04-21 11:32:38', '2022-04-21 11:32:38'),
(449, '16505374303143402012170.', 'uploads/Message/3388', 'Message', 'App\\Models\\Message', 3388, '2022-04-21 11:37:10', '2022-04-21 11:37:10'),
(450, '16505374511582445290510.', 'uploads/Message/3390', 'Message', 'App\\Models\\Message', 3390, '2022-04-21 11:37:31', '2022-04-21 11:37:31'),
(451, '16505386291663089699250.', 'uploads/Message/3391', 'Message', 'App\\Models\\Message', 3391, '2022-04-21 11:57:09', '2022-04-21 11:57:09'),
(452, '16505402201465311848140.', 'uploads/Message/3392', 'Message', 'App\\Models\\Message', 3392, '2022-04-21 12:23:40', '2022-04-21 12:23:40'),
(453, '1650540254699172114480.', 'uploads/Message/3393', 'Message', 'App\\Models\\Message', 3393, '2022-04-21 12:24:14', '2022-04-21 12:24:14'),
(454, '1650543846142867415285.', 'uploads/Message/3394', 'Message', 'App\\Models\\Message', 3394, '2022-04-21 13:24:06', '2022-04-21 13:24:06'),
(455, '16505440972349777622360.', 'uploads/Message/3395', 'Message', 'App\\Models\\Message', 3395, '2022-04-21 13:28:17', '2022-04-21 13:28:17'),
(456, '16505444761615092044755.', 'uploads/Message/3396', 'Message', 'App\\Models\\Message', 3396, '2022-04-21 13:34:36', '2022-04-21 13:34:36'),
(458, '16505921961813953315475.jpg', 'uploads/sliders/10', 'slider_photo', 'App\\Models\\Slider', 10, '2022-04-22 02:49:56', '2022-04-22 02:49:56'),
(477, '16506113881573512439450.jpg', 'uploads/users/99', 'profile_photo', 'App\\Models\\User', 99, '2022-04-22 08:09:48', '2022-04-22 08:09:48'),
(478, '16506113882007341333410.jpg', 'uploads/users/99', 'profile_photo', 'App\\Models\\User', 99, '2022-04-22 08:09:48', '2022-04-22 08:09:48');
INSERT INTO `media` (`id`, `filename`, `path`, `group`, `media_type`, `type_id`, `created_at`, `updated_at`) VALUES
(479, '16506367402499192421390.', 'uploads/Message/3397', 'Message', 'App\\Models\\Message', 3397, '2022-04-22 15:12:20', '2022-04-22 15:12:20'),
(480, '16506367402200604030975.', 'uploads/Message/3397', 'Message', 'App\\Models\\Message', 3397, '2022-04-22 15:12:20', '2022-04-22 15:12:20'),
(481, '1650636740727669062750.', 'uploads/Message/3397', 'Message', 'App\\Models\\Message', 3397, '2022-04-22 15:12:20', '2022-04-22 15:12:20'),
(482, '16506367402807387743090.', 'uploads/Message/3397', 'Message', 'App\\Models\\Message', 3397, '2022-04-22 15:12:20', '2022-04-22 15:12:20'),
(483, '16506368202459504911780.', 'uploads/Message/3398', 'Message', 'App\\Models\\Message', 3398, '2022-04-22 15:13:40', '2022-04-22 15:13:40'),
(491, '16507900201991450393380.', 'uploads/Message/3479', 'Message', 'App\\Models\\Message', 3479, '2022-04-24 09:47:00', '2022-04-24 09:47:00'),
(511, '16507950313098775239000.', 'uploads/Message/3484', 'Message', 'App\\Models\\Message', 3484, '2022-04-24 11:10:31', '2022-04-24 11:10:31'),
(512, '16507951413297717192420.', 'uploads/Message/3485', 'Message', 'App\\Models\\Message', 3485, '2022-04-24 11:12:21', '2022-04-24 11:12:21'),
(513, '1650798658803557844775.', 'uploads/Message/3495', 'Message', 'App\\Models\\Message', 3495, '2022-04-24 12:10:58', '2022-04-24 12:10:58'),
(514, '16507988241652327281850.', 'uploads/Message/3496', 'Message', 'App\\Models\\Message', 3496, '2022-04-24 12:13:44', '2022-04-24 12:13:44'),
(515, '1650872089879930439430.jpg', 'uploads/users/99', 'profile_photo', 'App\\Models\\User', 99, '2022-04-25 08:34:49', '2022-04-25 08:34:49'),
(516, '16508720891923696088825.jpg', 'uploads/users/99', 'profile_photo', 'App\\Models\\User', 99, '2022-04-25 08:34:49', '2022-04-25 08:34:49'),
(518, '16508722512657040669745.jpg', 'uploads/users/120', 'profile_photo', 'App\\Models\\User', 120, '2022-04-25 08:37:31', '2022-04-25 08:37:31'),
(521, '16508747083288282932445.gif', 'uploads/Ads/65', 'Logo', 'App\\Models\\Ads', 65, '2022-04-25 09:18:28', '2022-04-25 09:18:28'),
(523, '16508774551696706346790.', 'uploads/Message/3528', 'Message', 'App\\Models\\Message', 3528, '2022-04-25 10:04:15', '2022-04-25 10:04:15'),
(524, '1650877920340406516765.', 'uploads/Message/3529', 'Message', 'App\\Models\\Message', 3529, '2022-04-25 10:12:00', '2022-04-25 10:12:00'),
(525, '16508779253461030860910.', 'uploads/Message/3530', 'Message', 'App\\Models\\Message', 3530, '2022-04-25 10:12:05', '2022-04-25 10:12:05'),
(526, '16508780833204250324905.', 'uploads/Message/3531', 'Message', 'App\\Models\\Message', 3531, '2022-04-25 10:14:43', '2022-04-25 10:14:43'),
(527, '16508780831562141255290.', 'uploads/Message/3531', 'Message', 'App\\Models\\Message', 3531, '2022-04-25 10:14:43', '2022-04-25 10:14:43'),
(528, '16508785542022204179695.', 'uploads/Message/3533', 'Message', 'App\\Models\\Message', 3533, '2022-04-25 10:22:34', '2022-04-25 10:22:34'),
(529, '16508785621884192121210.', 'uploads/Message/3534', 'Message', 'App\\Models\\Message', 3534, '2022-04-25 10:22:42', '2022-04-25 10:22:42'),
(532, '1650885255412820475025.png', 'uploads/Ads/37', 'Logo', 'App\\Models\\Ads', 37, '2022-04-25 12:14:15', '2022-04-25 12:14:15'),
(548, '1650887168133127205680.png', 'uploads/Ads/41', 'Ads', 'App\\Models\\Ads', 41, '2022-04-25 12:46:08', '2022-04-25 12:46:08'),
(552, '16508872312161169659180.gif', 'uploads/Ads/41', 'Logo', 'App\\Models\\Ads', 41, '2022-04-25 12:47:11', '2022-04-25 12:47:11'),
(554, '1650887345954168525870.mp4', 'uploads/Ads/44', 'Ads', 'App\\Models\\Ads', 44, '2022-04-25 12:49:05', '2022-04-25 12:49:05'),
(555, '16508873581575433110160.jpeg', 'uploads/Ads/44', 'Logo', 'App\\Models\\Ads', 44, '2022-04-25 12:49:18', '2022-04-25 12:49:18'),
(558, '1650887416627262131650.mp3', 'uploads/Ads/65', 'Ads', 'App\\Models\\Ads', 65, '2022-04-25 12:50:16', '2022-04-25 12:50:16'),
(559, '16508932902048891453210.', 'uploads/Message/3538', 'Message', 'App\\Models\\Message', 3538, '2022-04-25 14:28:10', '2022-04-25 14:28:10'),
(560, '16509098862531102315280.', 'uploads/Message/3547', 'Message', 'App\\Models\\Message', 3547, '2022-04-25 19:04:46', '2022-04-25 19:04:46'),
(561, '16509099011008514859205.', 'uploads/Message/3548', 'Message', 'App\\Models\\Message', 3548, '2022-04-25 19:05:01', '2022-04-25 19:05:01'),
(562, '16509100873497311115585.', 'uploads/Message/3549', 'Message', 'App\\Models\\Message', 3549, '2022-04-25 19:08:07', '2022-04-25 19:08:07'),
(563, '1650910087627318572615.', 'uploads/Message/3549', 'Message', 'App\\Models\\Message', 3549, '2022-04-25 19:08:07', '2022-04-25 19:08:07'),
(564, '16509100871510999333025.', 'uploads/Message/3549', 'Message', 'App\\Models\\Message', 3549, '2022-04-25 19:08:07', '2022-04-25 19:08:07'),
(565, '16509115227531287995.', 'uploads/Message/3566', 'Message', 'App\\Models\\Message', 3566, '2022-04-25 19:32:02', '2022-04-25 19:32:02'),
(566, '1650913251508494443450.', 'uploads/Message/3575', 'Message', 'App\\Models\\Message', 3575, '2022-04-25 20:00:51', '2022-04-25 20:00:51'),
(567, '16509133421745746161320.', 'uploads/Message/3578', 'Message', 'App\\Models\\Message', 3578, '2022-04-25 20:02:22', '2022-04-25 20:02:22'),
(568, '16509614483068124214785.', 'uploads/Message/3601', 'Message', 'App\\Models\\Message', 3601, '2022-04-26 09:24:08', '2022-04-26 09:24:08'),
(569, '16509633241870875407310.', 'uploads/Message/3607', 'Message', 'App\\Models\\Message', 3607, '2022-04-26 09:55:24', '2022-04-26 09:55:24'),
(570, '16509652041733885713070.', 'uploads/Message/3617', 'Message', 'App\\Models\\Message', 3617, '2022-04-26 10:26:44', '2022-04-26 10:26:44'),
(571, '16509655483423085328285.', 'uploads/Message/3619', 'Message', 'App\\Models\\Message', 3619, '2022-04-26 10:32:28', '2022-04-26 10:32:28'),
(572, '16509700692466151408665.', 'uploads/Message/3620', 'Message', 'App\\Models\\Message', 3620, '2022-04-26 11:47:49', '2022-04-26 11:47:49'),
(573, '1650970069146644694525.', 'uploads/Message/3620', 'Message', 'App\\Models\\Message', 3620, '2022-04-26 11:47:49', '2022-04-26 11:47:49'),
(574, '16510590042344028642655.', 'uploads/Message/3627', 'Message', 'App\\Models\\Message', 3627, '2022-04-27 12:30:04', '2022-04-27 12:30:04'),
(575, '1651059119605857283500.', 'uploads/Message/3628', 'Message', 'App\\Models\\Message', 3628, '2022-04-27 12:31:59', '2022-04-27 12:31:59'),
(576, '16510593991539646194030.', 'uploads/Message/3629', 'Message', 'App\\Models\\Message', 3629, '2022-04-27 12:36:39', '2022-04-27 12:36:39'),
(577, '16510595721298736726280.', 'uploads/Message/3630', 'Message', 'App\\Models\\Message', 3630, '2022-04-27 12:39:32', '2022-04-27 12:39:32'),
(578, '16510604632428717922050.', 'uploads/Message/3631', 'Message', 'App\\Models\\Message', 3631, '2022-04-27 12:54:23', '2022-04-27 12:54:23'),
(579, '16510606011876711643030.', 'uploads/Message/3632', 'Message', 'App\\Models\\Message', 3632, '2022-04-27 12:56:41', '2022-04-27 12:56:41'),
(580, '16510607111964508478135.', 'uploads/Message/3633', 'Message', 'App\\Models\\Message', 3633, '2022-04-27 12:58:31', '2022-04-27 12:58:31'),
(581, '1651060814511713728855.', 'uploads/Message/3635', 'Message', 'App\\Models\\Message', 3635, '2022-04-27 13:00:14', '2022-04-27 13:00:14'),
(582, '16510611502071324499090.', 'uploads/Message/3636', 'Message', 'App\\Models\\Message', 3636, '2022-04-27 13:05:50', '2022-04-27 13:05:50'),
(583, '16510618092478689903760.', 'uploads/Message/3637', 'Message', 'App\\Models\\Message', 3637, '2022-04-27 13:16:49', '2022-04-27 13:16:49'),
(584, '1651061928720855957115.', 'uploads/Message/3638', 'Message', 'App\\Models\\Message', 3638, '2022-04-27 13:18:48', '2022-04-27 13:18:48'),
(585, '1651062016109194597190.', 'uploads/Message/3639', 'Message', 'App\\Models\\Message', 3639, '2022-04-27 13:20:16', '2022-04-27 13:20:16'),
(586, '165106247282646099795.', 'uploads/Message/3640', 'Message', 'App\\Models\\Message', 3640, '2022-04-27 13:27:52', '2022-04-27 13:27:52'),
(587, '1651062575907116853335.', 'uploads/Message/3641', 'Message', 'App\\Models\\Message', 3641, '2022-04-27 13:29:35', '2022-04-27 13:29:35'),
(588, '16510626953301809296625.', 'uploads/Message/3642', 'Message', 'App\\Models\\Message', 3642, '2022-04-27 13:31:35', '2022-04-27 13:31:35'),
(589, '16511418753009702584455.', 'uploads/Message/3653', 'Message', 'App\\Models\\Message', 3653, '2022-04-28 11:31:15', '2022-04-28 11:31:15'),
(590, '16511421601470490484260.', 'uploads/Message/3654', 'Message', 'App\\Models\\Message', 3654, '2022-04-28 11:36:00', '2022-04-28 11:36:00'),
(591, '16511430442158667410620.', 'uploads/Message/3662', 'Message', 'App\\Models\\Message', 3662, '2022-04-28 11:50:44', '2022-04-28 11:50:44'),
(592, '1651143068543885718145.', 'uploads/Message/3663', 'Message', 'App\\Models\\Message', 3663, '2022-04-28 11:51:08', '2022-04-28 11:51:08'),
(593, '16511431393042195682120.', 'uploads/Message/3664', 'Message', 'App\\Models\\Message', 3664, '2022-04-28 11:52:19', '2022-04-28 11:52:19'),
(594, '16511435773416930431460.', 'uploads/Message/3665', 'Message', 'App\\Models\\Message', 3665, '2022-04-28 11:59:37', '2022-04-28 11:59:37'),
(595, '16511438163080748896295.', 'uploads/Message/3669', 'Message', 'App\\Models\\Message', 3669, '2022-04-28 12:03:36', '2022-04-28 12:03:36'),
(596, '16511439712306510804115.', 'uploads/Message/3670', 'Message', 'App\\Models\\Message', 3670, '2022-04-28 12:06:11', '2022-04-28 12:06:11'),
(597, '16511445901780951388160.', 'uploads/Message/3672', 'Message', 'App\\Models\\Message', 3672, '2022-04-28 12:16:30', '2022-04-28 12:16:30'),
(598, '16511446751656250235220.', 'uploads/Message/3673', 'Message', 'App\\Models\\Message', 3673, '2022-04-28 12:17:55', '2022-04-28 12:17:55'),
(599, '16511449132275855217825.', 'uploads/Message/3674', 'Message', 'App\\Models\\Message', 3674, '2022-04-28 12:21:53', '2022-04-28 12:21:53'),
(600, '16511449772382460602375.', 'uploads/Message/3675', 'Message', 'App\\Models\\Message', 3675, '2022-04-28 12:22:57', '2022-04-28 12:22:57'),
(601, '16511450931378104491785.', 'uploads/Message/3681', 'Message', 'App\\Models\\Message', 3681, '2022-04-28 12:24:53', '2022-04-28 12:24:53'),
(602, '16511451123483165400610.', 'uploads/Message/3682', 'Message', 'App\\Models\\Message', 3682, '2022-04-28 12:25:12', '2022-04-28 12:25:12'),
(603, '1651153565279948735535.', 'uploads/Message/3701', 'Message', 'App\\Models\\Message', 3701, '2022-04-28 14:46:05', '2022-04-28 14:46:05'),
(604, '16511604982420470388980.', 'uploads/Message/3702', 'Message', 'App\\Models\\Message', 3702, '2022-04-28 16:41:38', '2022-04-28 16:41:38'),
(605, '1651165608313729887625.', 'uploads/Message/3704', 'Message', 'App\\Models\\Message', 3704, '2022-04-28 18:06:48', '2022-04-28 18:06:48'),
(606, '16513045021671496899625.jpg', 'uploads/users/122', 'profile_photo', 'App\\Models\\User', 122, '2022-04-30 08:41:42', '2022-04-30 08:41:42'),
(607, '1651307608869424855285.', 'uploads/Message/3707', 'Message', 'App\\Models\\Message', 3707, '2022-04-30 09:33:28', '2022-04-30 09:33:28'),
(608, '16513137942539296401705.png', 'uploads/SocialMedia/12', 'SocialMedia', 'App\\Models\\SocialMedia', 12, '2022-04-30 11:16:34', '2022-04-30 11:16:34'),
(609, '16513138072884710313835.png', 'uploads/SocialMedia/13', 'SocialMedia', 'App\\Models\\SocialMedia', 13, '2022-04-30 11:16:47', '2022-04-30 11:16:47'),
(610, '16513138141371556884775.png', 'uploads/SocialMedia/14', 'SocialMedia', 'App\\Models\\SocialMedia', 14, '2022-04-30 11:16:54', '2022-04-30 11:16:54'),
(617, '1651925648212626631315.png', 'uploads/users/123', 'profile_photo', 'App\\Models\\User', 123, '2022-05-07 13:14:08', '2022-05-07 13:14:08'),
(620, '16519270982074419110190.jpg', 'uploads/users/99', 'attach_photo', 'App\\Models\\User', 99, '2022-05-07 13:38:18', '2022-05-07 13:38:18'),
(621, '16519270983314527316730.jpeg', 'uploads/users/99', 'attach_photo', 'App\\Models\\User', 99, '2022-05-07 13:38:18', '2022-05-07 13:38:18'),
(624, '16519298392947698678225.jpg', 'uploads/users/123', 'attach_photo', 'App\\Models\\User', 123, '2022-05-07 14:23:59', '2022-05-07 14:23:59'),
(625, '16519298392474516041655.jpeg', 'uploads/users/123', 'attach_photo', 'App\\Models\\User', 123, '2022-05-07 14:23:59', '2022-05-07 14:23:59'),
(626, '165200082027728056265.', 'uploads/Message/3761', 'Message', 'App\\Models\\Message', 3761, '2022-05-08 10:07:00', '2022-05-08 10:07:00'),
(627, '16520828672842185329025.png', 'uploads/Ads/66', 'Logo', 'App\\Models\\Ads', 66, '2022-05-09 08:54:27', '2022-05-09 08:54:27'),
(628, '16520828671885854345375.svg', 'uploads/Ads/66', 'Ads', 'App\\Models\\Ads', 66, '2022-05-09 08:54:27', '2022-05-09 08:54:27'),
(629, '16520828992099191990595.gif', 'uploads/Ads/67', 'Logo', 'App\\Models\\Ads', 67, '2022-05-09 08:54:59', '2022-05-09 08:54:59'),
(630, '16520828992177077939015.png', 'uploads/Ads/67', 'Ads', 'App\\Models\\Ads', 67, '2022-05-09 08:54:59', '2022-05-09 08:54:59'),
(633, '16520829931320754859340.png', 'uploads/sliders/10', 'slider_photo', 'App\\Models\\Slider', 10, '2022-05-09 08:56:33', '2022-05-09 08:56:33'),
(634, '16520830162941553178095.png', 'uploads/sliders/11', 'slider_photo', 'App\\Models\\Slider', 11, '2022-05-09 08:56:56', '2022-05-09 08:56:56'),
(635, '16520832231777846246085.png', 'uploads/sliders/12', 'slider_photo', 'App\\Models\\Slider', 12, '2022-05-09 09:00:23', '2022-05-09 09:00:23'),
(636, '1652083273509559404270.jpeg', 'uploads/Ads/69', 'Logo', 'App\\Models\\Ads', 69, '2022-05-09 09:01:13', '2022-05-09 09:01:13'),
(637, '16520852812723176822520.jpg', 'uploads/sliders/13', 'slider_photo', 'App\\Models\\Slider', 13, '2022-05-09 09:34:41', '2022-05-09 09:34:41'),
(638, '16520853232250556746795.png', 'uploads/sliders/14', 'slider_photo', 'App\\Models\\Slider', 14, '2022-05-09 09:35:23', '2022-05-09 09:35:23'),
(639, '16520853402523196904165.png', 'uploads/sliders/15', 'slider_photo', 'App\\Models\\Slider', 15, '2022-05-09 09:35:40', '2022-05-09 09:35:40'),
(640, '16520855471711091278680.png', 'uploads/sliders/16', 'slider_photo', 'App\\Models\\Slider', 16, '2022-05-09 09:39:07', '2022-05-09 09:39:07'),
(641, '1652085569580976073160.jpg', 'uploads/sliders/17', 'slider_photo', 'App\\Models\\Slider', 17, '2022-05-09 09:39:29', '2022-05-09 09:39:29'),
(642, '16520856523296611588795.png', 'uploads/sliders/18', 'slider_photo', 'App\\Models\\Slider', 18, '2022-05-09 09:40:52', '2022-05-09 09:40:52'),
(643, '16520857092861994553740.png', 'uploads/sliders/19', 'slider_photo', 'App\\Models\\Slider', 19, '2022-05-09 09:41:49', '2022-05-09 09:41:49'),
(644, '1652085724807692002390.jpeg', 'uploads/sliders/20', 'slider_photo', 'App\\Models\\Slider', 20, '2022-05-09 09:42:04', '2022-05-09 09:42:04'),
(645, '16520857732618680398145.png', 'uploads/sliders/21', 'slider_photo', 'App\\Models\\Slider', 21, '2022-05-09 09:42:53', '2022-05-09 09:42:53'),
(646, '16520857731935778400045.jpeg', 'uploads/sliders/22', 'slider_photo', 'App\\Models\\Slider', 22, '2022-05-09 09:42:53', '2022-05-09 09:42:53'),
(647, '16520857732965575594135.jpg', 'uploads/sliders/23', 'slider_photo', 'App\\Models\\Slider', 23, '2022-05-09 09:42:53', '2022-05-09 09:42:53'),
(649, '1652087386664501596500.png', 'uploads/Ads/71', 'Logo', 'App\\Models\\Ads', 71, '2022-05-09 10:09:46', '2022-05-09 10:09:46'),
(650, '1652087423101778386675.png', 'uploads/Ads/72', 'Logo', 'App\\Models\\Ads', 72, '2022-05-09 10:10:23', '2022-05-09 10:10:23'),
(651, '16520874611501672749045.png', 'uploads/Ads/73', 'Logo', 'App\\Models\\Ads', 73, '2022-05-09 10:11:01', '2022-05-09 10:11:01'),
(652, '16520874831823549505785.jpg', 'uploads/Ads/74', 'Logo', 'App\\Models\\Ads', 74, '2022-05-09 10:11:23', '2022-05-09 10:11:23'),
(653, '16520874832343360315905.jpeg', 'uploads/Ads/74', 'Ads', 'App\\Models\\Ads', 74, '2022-05-09 10:11:23', '2022-05-09 10:11:23'),
(654, '16520875022131534378225.png', 'uploads/Ads/75', 'Logo', 'App\\Models\\Ads', 75, '2022-05-09 10:11:42', '2022-05-09 10:11:42'),
(655, '16520875021824349923480.mp4', 'uploads/Ads/75', 'Ads', 'App\\Models\\Ads', 75, '2022-05-09 10:11:43', '2022-05-09 10:11:43'),
(656, '16520913511553038857160.jfif', 'uploads/sliders/24', 'slider_photo', 'App\\Models\\Slider', 24, '2022-05-09 11:15:51', '2022-05-09 11:15:51'),
(657, '1652091367710617135935.jfif', 'uploads/sliders/25', 'slider_photo', 'App\\Models\\Slider', 25, '2022-05-09 11:16:07', '2022-05-09 11:16:07'),
(658, '16520913732279684167635.jfif', 'uploads/sliders/26', 'slider_photo', 'App\\Models\\Slider', 26, '2022-05-09 11:16:13', '2022-05-09 11:16:13'),
(659, '16520913952226901106955.jfif', 'uploads/sliders/27', 'slider_photo', 'App\\Models\\Slider', 27, '2022-05-09 11:16:35', '2022-05-09 11:16:35'),
(660, '16520914362688315074480.gif', 'uploads/Ads/76', 'Logo', 'App\\Models\\Ads', 76, '2022-05-09 11:17:16', '2022-05-09 11:17:16'),
(661, '16521634543061039740570.jpeg', 'uploads/Ads/77', 'Logo', 'App\\Models\\Ads', 77, '2022-05-10 07:17:34', '2022-05-10 07:17:34'),
(662, '16521634542544960196485.jpeg', 'uploads/Ads/77', 'Ads', 'App\\Models\\Ads', 77, '2022-05-10 07:17:34', '2022-05-10 07:17:34'),
(665, '1652164475607363777090.png', 'uploads/sliders/28', 'slider_photo', 'App\\Models\\Slider', 28, '2022-05-10 07:34:35', '2022-05-10 07:34:35'),
(667, '16521659913279201635010.gif', 'uploads/Ads/80', 'Logo', 'App\\Models\\Ads', 80, '2022-05-10 07:59:51', '2022-05-10 07:59:51'),
(668, '165216614654561201555.png', 'uploads/Ads/81', 'Logo', 'App\\Models\\Ads', 81, '2022-05-10 08:02:26', '2022-05-10 08:02:26'),
(669, '16521661461486253026020.png', 'uploads/Ads/81', 'Ads', 'App\\Models\\Ads', 81, '2022-05-10 08:02:26', '2022-05-10 08:02:26'),
(670, '1652166242277415713225.jpg', 'uploads/sliders/29', 'slider_photo', 'App\\Models\\Slider', 29, '2022-05-10 08:04:02', '2022-05-10 08:04:02'),
(671, '16521678132276887630115.jpg', 'uploads/sliders/30', 'slider_photo', 'App\\Models\\Slider', 30, '2022-05-10 08:30:13', '2022-05-10 08:30:13'),
(672, '16522626053365910264150.', 'uploads/Message/3810', 'Message', 'App\\Models\\Message', 3810, '2022-05-11 10:50:05', '2022-05-11 10:50:05'),
(673, '16523418071681899473275.', 'uploads/Message/3842', 'Message', 'App\\Models\\Message', 3842, '2022-05-12 08:50:07', '2022-05-12 08:50:07'),
(674, '16523418072848110030710.', 'uploads/Message/3842', 'Message', 'App\\Models\\Message', 3842, '2022-05-12 08:50:07', '2022-05-12 08:50:07'),
(675, '16523426761070504902495.', 'uploads/Message/3843', 'Message', 'App\\Models\\Message', 3843, '2022-05-12 09:04:36', '2022-05-12 09:04:36'),
(676, '16523506452425048945655.', 'uploads/Message/3848', 'Message', 'App\\Models\\Message', 3848, '2022-05-12 11:17:25', '2022-05-12 11:17:25'),
(677, '16523536442219200638795.', 'uploads/Message/3856', 'Message', 'App\\Models\\Message', 3856, '2022-05-12 12:07:24', '2022-05-12 12:07:24'),
(678, '1652353656550318538700.', 'uploads/Message/3857', 'Message', 'App\\Models\\Message', 3857, '2022-05-12 12:07:36', '2022-05-12 12:07:36'),
(679, '16523537562054727640280.', 'uploads/Message/3858', 'Message', 'App\\Models\\Message', 3858, '2022-05-12 12:09:16', '2022-05-12 12:09:16'),
(680, '16523538193478758870860.', 'uploads/Message/3861', 'Message', 'App\\Models\\Message', 3861, '2022-05-12 12:10:19', '2022-05-12 12:10:19'),
(681, '1652510485260327899860.', 'uploads/Message/3925', 'Message', 'App\\Models\\Message', 3925, '2022-05-14 07:41:25', '2022-05-14 07:41:25'),
(682, '16525105293152547137565.', 'uploads/Message/3926', 'Message', 'App\\Models\\Message', 3926, '2022-05-14 07:42:09', '2022-05-14 07:42:09'),
(683, '16525117821075206149045.', 'uploads/Message/3928', 'Message', 'App\\Models\\Message', 3928, '2022-05-14 08:03:02', '2022-05-14 08:03:02'),
(684, '16525258783273557435155.', 'uploads/Message/3953', 'Message', 'App\\Models\\Message', 3953, '2022-05-14 11:57:58', '2022-05-14 11:57:58'),
(685, '16525994062683609047490.', 'uploads/Message/3975', 'Message', 'App\\Models\\Message', 3975, '2022-05-15 08:23:26', '2022-05-15 08:23:26'),
(686, '16525994833121700207185.', 'uploads/Message/3976', 'Message', 'App\\Models\\Message', 3976, '2022-05-15 08:24:43', '2022-05-15 08:24:43'),
(687, '1652599534324612999515.', 'uploads/Message/3977', 'Message', 'App\\Models\\Message', 3977, '2022-05-15 08:25:34', '2022-05-15 08:25:34'),
(688, '16525999663263819694450.', 'uploads/Message/3978', 'Message', 'App\\Models\\Message', 3978, '2022-05-15 08:32:46', '2022-05-15 08:32:46'),
(689, '16526004902802056166945.', 'uploads/Message/3979', 'Message', 'App\\Models\\Message', 3979, '2022-05-15 08:41:30', '2022-05-15 08:41:30'),
(690, '16526007481395924778115.', 'uploads/Message/3980', 'Message', 'App\\Models\\Message', 3980, '2022-05-15 08:45:48', '2022-05-15 08:45:48'),
(691, '16526007703325400615950.', 'uploads/Message/3981', 'Message', 'App\\Models\\Message', 3981, '2022-05-15 08:46:10', '2022-05-15 08:46:10'),
(692, '1652600800394494389450.', 'uploads/Message/3982', 'Message', 'App\\Models\\Message', 3982, '2022-05-15 08:46:40', '2022-05-15 08:46:40'),
(693, '1652603712563834794180.', 'uploads/Message/4000', 'Message', 'App\\Models\\Message', 4000, '2022-05-15 09:35:12', '2022-05-15 09:35:12'),
(694, '1652723072409959703475.', 'uploads/Message/4070', 'Message', 'App\\Models\\Message', 4070, '2022-05-16 18:44:32', '2022-05-16 18:44:32'),
(695, '16527231512935491902735.', 'uploads/Message/4071', 'Message', 'App\\Models\\Message', 4071, '2022-05-16 18:45:51', '2022-05-16 18:45:51'),
(696, '16527231513123929399780.', 'uploads/Message/4071', 'Message', 'App\\Models\\Message', 4071, '2022-05-16 18:45:51', '2022-05-16 18:45:51'),
(697, '1652724523990877876835.', 'uploads/Message/4092', 'Message', 'App\\Models\\Message', 4092, '2022-05-16 19:08:43', '2022-05-16 19:08:43'),
(698, '1652724523545683552050.', 'uploads/Message/4092', 'Message', 'App\\Models\\Message', 4092, '2022-05-16 19:08:43', '2022-05-16 19:08:43'),
(699, '16527245231826466078185.', 'uploads/Message/4092', 'Message', 'App\\Models\\Message', 4092, '2022-05-16 19:08:43', '2022-05-16 19:08:43'),
(700, '16527245242175214802635.', 'uploads/Message/4092', 'Message', 'App\\Models\\Message', 4092, '2022-05-16 19:08:44', '2022-05-16 19:08:44'),
(701, '1652724600649512389190.', 'uploads/Message/4093', 'Message', 'App\\Models\\Message', 4093, '2022-05-16 19:10:00', '2022-05-16 19:10:00'),
(702, '16527246002385491549910.', 'uploads/Message/4093', 'Message', 'App\\Models\\Message', 4093, '2022-05-16 19:10:00', '2022-05-16 19:10:00'),
(703, '1652724600523598271315.', 'uploads/Message/4093', 'Message', 'App\\Models\\Message', 4093, '2022-05-16 19:10:00', '2022-05-16 19:10:00'),
(704, '16527246003236595150810.', 'uploads/Message/4093', 'Message', 'App\\Models\\Message', 4093, '2022-05-16 19:10:00', '2022-05-16 19:10:00'),
(705, '16527246001274066085005.', 'uploads/Message/4093', 'Message', 'App\\Models\\Message', 4093, '2022-05-16 19:10:00', '2022-05-16 19:10:00'),
(706, '16527247312242511552470.', 'uploads/Message/4094', 'Message', 'App\\Models\\Message', 4094, '2022-05-16 19:12:11', '2022-05-16 19:12:11'),
(707, '16527249191619177510160.', 'uploads/Message/4097', 'Message', 'App\\Models\\Message', 4097, '2022-05-16 19:15:19', '2022-05-16 19:15:19'),
(708, '16527253013267393422965.', 'uploads/Message/4098', 'Message', 'App\\Models\\Message', 4098, '2022-05-16 19:21:41', '2022-05-16 19:21:41'),
(709, '16527254201526151566520.', 'uploads/Message/4099', 'Message', 'App\\Models\\Message', 4099, '2022-05-16 19:23:40', '2022-05-16 19:23:40'),
(710, '16527265463134629198050.jpg', 'uploads/users/110', 'attach_photo', 'App\\Models\\User', 110, '2022-05-16 19:42:26', '2022-05-16 19:42:26'),
(711, '16527265462470367870495.jpg', 'uploads/users/110', 'attach_photo', 'App\\Models\\User', 110, '2022-05-16 19:42:26', '2022-05-16 19:42:26'),
(712, '1652726654970878767740.', 'uploads/Message/4111', 'Message', 'App\\Models\\Message', 4111, '2022-05-16 19:44:14', '2022-05-16 19:44:14'),
(713, '1652726654548539713365.', 'uploads/Message/4111', 'Message', 'App\\Models\\Message', 4111, '2022-05-16 19:44:14', '2022-05-16 19:44:14'),
(714, '16527267142315305605830.', 'uploads/Message/4112', 'Message', 'App\\Models\\Message', 4112, '2022-05-16 19:45:14', '2022-05-16 19:45:14'),
(715, '16527334431803256460950.', 'uploads/Message/4115', 'Message', 'App\\Models\\Message', 4115, '2022-05-16 21:37:23', '2022-05-16 21:37:23'),
(716, '1652734378632215314885.gif', 'uploads/users/106', 'profile_photo', 'App\\Models\\User', 106, '2022-05-16 21:52:58', '2022-05-16 21:52:58'),
(717, '16527968361201478162885.', 'uploads/Message/4257', 'Message', 'App\\Models\\Message', 4257, '2022-05-17 15:13:56', '2022-05-17 15:13:56'),
(718, '16528105591670673006310.', 'uploads/Message/4278', 'Message', 'App\\Models\\Message', 4278, '2022-05-17 19:02:39', '2022-05-17 19:02:39'),
(719, '16528105752538560300465.', 'uploads/Message/4279', 'Message', 'App\\Models\\Message', 4279, '2022-05-17 19:02:55', '2022-05-17 19:02:55'),
(720, '1652810586481905112745.', 'uploads/Message/4280', 'Message', 'App\\Models\\Message', 4280, '2022-05-17 19:03:06', '2022-05-17 19:03:06'),
(721, '1652810886534113475980.', 'uploads/Message/4281', 'Message', 'App\\Models\\Message', 4281, '2022-05-17 19:08:06', '2022-05-17 19:08:06'),
(722, '1652810919432678422820.', 'uploads/Message/4282', 'Message', 'App\\Models\\Message', 4282, '2022-05-17 19:08:39', '2022-05-17 19:08:39'),
(723, '16528112231196158457550.', 'uploads/Message/4286', 'Message', 'App\\Models\\Message', 4286, '2022-05-17 19:13:43', '2022-05-17 19:13:43'),
(724, '16528137202401769098330.', 'uploads/Message/4316', 'Message', 'App\\Models\\Message', 4316, '2022-05-17 19:55:20', '2022-05-17 19:55:20'),
(725, '16529546781589478375450.jpg', 'uploads/users/106', 'attach_photo', 'App\\Models\\User', 106, '2022-05-19 11:04:38', '2022-05-19 11:04:38'),
(726, '16529546781983804912950.jpg', 'uploads/users/106', 'attach_photo', 'App\\Models\\User', 106, '2022-05-19 11:04:38', '2022-05-19 11:04:38'),
(727, '16531281471246021007455.jpg', 'uploads/users/106', 'attach_photo', 'App\\Models\\User', 106, '2022-05-21 11:15:47', '2022-05-21 11:15:47'),
(728, '16531281472691454358565.jpg', 'uploads/users/106', 'attach_photo', 'App\\Models\\User', 106, '2022-05-21 11:15:47', '2022-05-21 11:15:47'),
(729, '16531281651680077773850.jpg', 'uploads/users/116', 'attach_photo', 'App\\Models\\User', 116, '2022-05-21 11:16:05', '2022-05-21 11:16:05'),
(730, '16531281653272089770495.jpg', 'uploads/users/116', 'attach_photo', 'App\\Models\\User', 116, '2022-05-21 11:16:05', '2022-05-21 11:16:05'),
(731, '16533038222402898528835.', 'uploads/Message/4368', 'Message', 'App\\Models\\Message', 4368, '2022-05-23 12:03:42', '2022-05-23 12:03:42'),
(732, '16533089851939808201065.jpg', 'uploads/users/109', 'attach_photo', 'App\\Models\\User', 109, '2022-05-23 13:29:45', '2022-05-23 13:29:45'),
(733, '16533089852570219452955.jpeg', 'uploads/users/109', 'attach_photo', 'App\\Models\\User', 109, '2022-05-23 13:29:45', '2022-05-23 13:29:45'),
(734, '16533824753329310264280.', 'uploads/Message/4369', 'Message', 'App\\Models\\Message', 4369, '2022-05-24 09:54:35', '2022-05-24 09:54:35'),
(735, '1653398721664537116250.', 'uploads/Message/4404', 'Message', 'App\\Models\\Message', 4404, '2022-05-24 14:25:21', '2022-05-24 14:25:21'),
(736, '16533989971528843961995.', 'uploads/Message/4405', 'Message', 'App\\Models\\Message', 4405, '2022-05-24 14:29:57', '2022-05-24 14:29:57'),
(737, '16534639812629902500470.', 'uploads/Message/4408', 'Message', 'App\\Models\\Message', 4408, '2022-05-25 08:33:01', '2022-05-25 08:33:01'),
(738, '16534649821540092933645.', 'uploads/Message/4409', 'Message', 'App\\Models\\Message', 4409, '2022-05-25 08:49:42', '2022-05-25 08:49:42'),
(739, '1653721806550041234190.', 'uploads/Message/4450', 'Message', 'App\\Models\\Message', 4450, '2022-05-28 08:10:06', '2022-05-28 08:10:06'),
(740, '16537277781150808348900.', 'uploads/Message/4451', 'Message', 'App\\Models\\Message', 4451, '2022-05-28 09:49:38', '2022-05-28 09:49:38'),
(741, '1653728821437309999420.', 'uploads/Message/4452', 'Message', 'App\\Models\\Message', 4452, '2022-05-28 10:07:01', '2022-05-28 10:07:01'),
(742, '16537288823449610067645.', 'uploads/Message/4453', 'Message', 'App\\Models\\Message', 4453, '2022-05-28 10:08:02', '2022-05-28 10:08:02'),
(743, '16537289802687222305635.', 'uploads/Message/4454', 'Message', 'App\\Models\\Message', 4454, '2022-05-28 10:09:40', '2022-05-28 10:09:40'),
(744, '16537290861699805509220.', 'uploads/Message/4455', 'Message', 'App\\Models\\Message', 4455, '2022-05-28 10:11:26', '2022-05-28 10:11:26'),
(745, '16537291432530423310485.', 'uploads/Message/4456', 'Message', 'App\\Models\\Message', 4456, '2022-05-28 10:12:23', '2022-05-28 10:12:23'),
(746, '16537292821892452986060.', 'uploads/Message/4457', 'Message', 'App\\Models\\Message', 4457, '2022-05-28 10:14:42', '2022-05-28 10:14:42'),
(747, '16537311081105229396810.', 'uploads/Message/4458', 'Message', 'App\\Models\\Message', 4458, '2022-05-28 10:45:08', '2022-05-28 10:45:08'),
(748, '165373116637751130060.', 'uploads/Message/4459', 'Message', 'App\\Models\\Message', 4459, '2022-05-28 10:46:06', '2022-05-28 10:46:06'),
(749, '16537311872711458682275.', 'uploads/Message/4460', 'Message', 'App\\Models\\Message', 4460, '2022-05-28 10:46:27', '2022-05-28 10:46:27'),
(750, '16537312111681013191620.', 'uploads/Message/4461', 'Message', 'App\\Models\\Message', 4461, '2022-05-28 10:46:51', '2022-05-28 10:46:51'),
(751, '16537312731221403667085.', 'uploads/Message/4462', 'Message', 'App\\Models\\Message', 4462, '2022-05-28 10:47:53', '2022-05-28 10:47:53'),
(752, '16537312801925305534285.', 'uploads/Message/4463', 'Message', 'App\\Models\\Message', 4463, '2022-05-28 10:48:00', '2022-05-28 10:48:00'),
(753, '16537428881941011780120.', 'uploads/Message/4480', 'Message', 'App\\Models\\Message', 4480, '2022-05-28 14:01:28', '2022-05-28 14:01:28'),
(754, '16537429611294683206005.', 'uploads/Message/4482', 'Message', 'App\\Models\\Message', 4482, '2022-05-28 14:02:41', '2022-05-28 14:02:41'),
(755, '16537434481920006589235.', 'uploads/Message/4483', 'Message', 'App\\Models\\Message', 4483, '2022-05-28 14:10:48', '2022-05-28 14:10:48'),
(756, '1653743462879937618560.', 'uploads/Message/4484', 'Message', 'App\\Models\\Message', 4484, '2022-05-28 14:11:02', '2022-05-28 14:11:02'),
(757, '16538103192520201009375.', 'uploads/Message/4505', 'Message', 'App\\Models\\Message', 4505, '2022-05-29 08:45:19', '2022-05-29 08:45:19'),
(758, '16538103362817483703020.', 'uploads/Message/4506', 'Message', 'App\\Models\\Message', 4506, '2022-05-29 08:45:36', '2022-05-29 08:45:36'),
(759, '1653810337552048460810.', 'uploads/Message/4507', 'Message', 'App\\Models\\Message', 4507, '2022-05-29 08:45:37', '2022-05-29 08:45:37'),
(760, '16538103371597333107370.', 'uploads/Message/4508', 'Message', 'App\\Models\\Message', 4508, '2022-05-29 08:45:37', '2022-05-29 08:45:37'),
(761, '1653810354662753156450.', 'uploads/Message/4509', 'Message', 'App\\Models\\Message', 4509, '2022-05-29 08:45:54', '2022-05-29 08:45:54'),
(762, '16538103591059375264360.', 'uploads/Message/4510', 'Message', 'App\\Models\\Message', 4510, '2022-05-29 08:45:59', '2022-05-29 08:45:59'),
(763, '16538104711951239376345.', 'uploads/Message/4511', 'Message', 'App\\Models\\Message', 4511, '2022-05-29 08:47:51', '2022-05-29 08:47:51'),
(764, '16538104923460632290045.', 'uploads/Message/4512', 'Message', 'App\\Models\\Message', 4512, '2022-05-29 08:48:12', '2022-05-29 08:48:12'),
(765, '16538330572212683334225.', 'uploads/Message/4571', 'Message', 'App\\Models\\Message', 4571, '2022-05-29 15:04:17', '2022-05-29 15:04:17'),
(766, '16538330923248911154720.', 'uploads/Message/4572', 'Message', 'App\\Models\\Message', 4572, '2022-05-29 15:04:52', '2022-05-29 15:04:52'),
(767, '16538330921428055369090.', 'uploads/Message/4572', 'Message', 'App\\Models\\Message', 4572, '2022-05-29 15:04:52', '2022-05-29 15:04:52'),
(768, '16539224123066107861985.', 'uploads/Message/4626', 'Message', 'App\\Models\\Message', 4626, '2022-05-30 15:53:32', '2022-05-30 15:53:32'),
(771, '1654070605963796444450.', 'uploads/Message/4633', 'Message', 'App\\Models\\Message', 4633, '2022-06-01 09:03:25', '2022-06-01 09:03:25'),
(772, '16540706222531192681605.', 'uploads/Message/4634', 'Message', 'App\\Models\\Message', 4634, '2022-06-01 09:03:42', '2022-06-01 09:03:42'),
(773, '16540706221190625947175.', 'uploads/Message/4634', 'Message', 'App\\Models\\Message', 4634, '2022-06-01 09:03:42', '2022-06-01 09:03:42'),
(774, '16540706423055954798295.', 'uploads/Message/4635', 'Message', 'App\\Models\\Message', 4635, '2022-06-01 09:04:02', '2022-06-01 09:04:02'),
(775, '16540706421846648661025.', 'uploads/Message/4635', 'Message', 'App\\Models\\Message', 4635, '2022-06-01 09:04:02', '2022-06-01 09:04:02'),
(776, '16540708041810654423900.', 'uploads/Message/4636', 'Message', 'App\\Models\\Message', 4636, '2022-06-01 09:06:44', '2022-06-01 09:06:44'),
(777, '16540708043406738541045.', 'uploads/Message/4636', 'Message', 'App\\Models\\Message', 4636, '2022-06-01 09:06:44', '2022-06-01 09:06:44'),
(778, '16540708202867691567090.', 'uploads/Message/4637', 'Message', 'App\\Models\\Message', 4637, '2022-06-01 09:07:00', '2022-06-01 09:07:00'),
(779, '16540708202073151254020.', 'uploads/Message/4637', 'Message', 'App\\Models\\Message', 4637, '2022-06-01 09:07:00', '2022-06-01 09:07:00'),
(780, '16541620621265441701755.', 'uploads/Message/4687', 'Message', 'App\\Models\\Message', 4687, '2022-06-02 10:27:42', '2022-06-02 10:27:42'),
(781, '1654162115188231487850.', 'uploads/Message/4688', 'Message', 'App\\Models\\Message', 4688, '2022-06-02 10:28:35', '2022-06-02 10:28:35'),
(782, '16541737703265663753240.', 'uploads/Message/4730', 'Message', 'App\\Models\\Message', 4730, '2022-06-02 13:42:50', '2022-06-02 13:42:50'),
(783, '16541737702282069229370.', 'uploads/Message/4730', 'Message', 'App\\Models\\Message', 4730, '2022-06-02 13:42:50', '2022-06-02 13:42:50'),
(784, '1654283455791472116435.', 'uploads/Message/4740', 'Message', 'App\\Models\\Message', 4740, '2022-06-03 20:10:55', '2022-06-03 20:10:55'),
(785, '16542835642042052358605.', 'uploads/Message/4741', 'Message', 'App\\Models\\Message', 4741, '2022-06-03 20:12:44', '2022-06-03 20:12:44'),
(786, '16542835642107025224990.', 'uploads/Message/4741', 'Message', 'App\\Models\\Message', 4741, '2022-06-03 20:12:44', '2022-06-03 20:12:44'),
(787, '16542836673151762835760.', 'uploads/Message/4742', 'Message', 'App\\Models\\Message', 4742, '2022-06-03 20:14:27', '2022-06-03 20:14:27'),
(788, '16544247343219606893090.jpg', 'uploads/users/120', 'attach_photo', 'App\\Models\\User', 120, '2022-06-05 11:25:34', '2022-06-05 11:25:34'),
(789, '1654424734438711483175.jpg', 'uploads/users/120', 'attach_photo', 'App\\Models\\User', 120, '2022-06-05 11:25:34', '2022-06-05 11:25:34'),
(790, '16544359053168797468305.', 'uploads/Message/4799', 'Message', 'App\\Models\\Message', 4799, '2022-06-05 14:31:45', '2022-06-05 14:31:45'),
(791, '16544359923466722999215.', 'uploads/Message/4801', 'Message', 'App\\Models\\Message', 4801, '2022-06-05 14:33:12', '2022-06-05 14:33:12'),
(792, '1654436985422070841815.', 'uploads/Message/4802', 'Message', 'App\\Models\\Message', 4802, '2022-06-05 14:49:45', '2022-06-05 14:49:45'),
(793, '165443739629403094770.', 'uploads/Message/4803', 'Message', 'App\\Models\\Message', 4803, '2022-06-05 14:56:36', '2022-06-05 14:56:36'),
(794, '1654513130713982392795.png', 'uploads/users/132', 'attach_photo', 'App\\Models\\User', 132, '2022-06-06 11:58:50', '2022-06-06 11:58:50'),
(795, '1654513130191708355195.jpg', 'uploads/users/132', 'attach_photo', 'App\\Models\\User', 132, '2022-06-06 11:58:50', '2022-06-06 11:58:50'),
(796, '16545901812362481586220.jpg', 'uploads/users/120', 'attach_photo', 'App\\Models\\User', 120, '2022-06-07 09:23:01', '2022-06-07 09:23:01'),
(797, '16545901813138278455690.jpg', 'uploads/users/120', 'attach_photo', 'App\\Models\\User', 120, '2022-06-07 09:23:01', '2022-06-07 09:23:01'),
(798, '16546316642661490987470.', 'uploads/Message/4989', 'Message', 'App\\Models\\Message', 4989, '2022-06-07 20:54:24', '2022-06-07 20:54:24'),
(799, '1654680309420689435775.', 'uploads/Message/4999', 'Message', 'App\\Models\\Message', 4999, '2022-06-08 10:25:09', '2022-06-08 10:25:09'),
(800, '16546803772547685850815.', 'uploads/Message/5000', 'Message', 'App\\Models\\Message', 5000, '2022-06-08 10:26:17', '2022-06-08 10:26:17'),
(801, '16546810722867673623150.', 'uploads/Message/5022', 'Message', 'App\\Models\\Message', 5022, '2022-06-08 10:37:52', '2022-06-08 10:37:52'),
(802, '1654681072777343023765.', 'uploads/Message/5022', 'Message', 'App\\Models\\Message', 5022, '2022-06-08 10:37:52', '2022-06-08 10:37:52'),
(803, '16546810721157658749940.', 'uploads/Message/5022', 'Message', 'App\\Models\\Message', 5022, '2022-06-08 10:37:52', '2022-06-08 10:37:52'),
(804, '16546810723062448995375.', 'uploads/Message/5022', 'Message', 'App\\Models\\Message', 5022, '2022-06-08 10:37:52', '2022-06-08 10:37:52'),
(805, '165468107267505519095.', 'uploads/Message/5022', 'Message', 'App\\Models\\Message', 5022, '2022-06-08 10:37:52', '2022-06-08 10:37:52'),
(806, '16546810722843754660530.', 'uploads/Message/5022', 'Message', 'App\\Models\\Message', 5022, '2022-06-08 10:37:52', '2022-06-08 10:37:52'),
(807, '16546810722379262955860.', 'uploads/Message/5022', 'Message', 'App\\Models\\Message', 5022, '2022-06-08 10:37:52', '2022-06-08 10:37:52'),
(808, '1654684829414554082950.', 'uploads/Message/5023', 'Message', 'App\\Models\\Message', 5023, '2022-06-08 11:40:29', '2022-06-08 11:40:29'),
(809, '16547222122492960266510.', 'uploads/Message/5038', 'Message', 'App\\Models\\Message', 5038, '2022-06-08 22:03:32', '2022-06-08 22:03:32'),
(810, '16547222581035793591700.', 'uploads/Message/5039', 'Message', 'App\\Models\\Message', 5039, '2022-06-08 22:04:18', '2022-06-08 22:04:18'),
(811, '16547268842188800340685.jpg', 'uploads/users/110', 'attach_photo', 'App\\Models\\User', 110, '2022-06-08 23:21:24', '2022-06-08 23:21:24'),
(812, '16547268841605275769405.jpg', 'uploads/users/110', 'attach_photo', 'App\\Models\\User', 110, '2022-06-08 23:21:24', '2022-06-08 23:21:24'),
(813, '16547551391130871640885.jpg', 'uploads/sliders/9', 'slider_photo', 'App\\Models\\Slider', 9, '2022-06-09 07:12:19', '2022-06-09 07:12:19'),
(814, '165478008868677253505.', 'uploads/Message/5064', 'Message', 'App\\Models\\Message', 5064, '2022-06-09 14:08:08', '2022-06-09 14:08:08'),
(825, '16548269192563645509320.', 'uploads/Message/5088', 'Message', 'App\\Models\\Message', 5088, '2022-06-10 03:08:39', '2022-06-10 03:08:39'),
(826, '16548269322907088266740.', 'uploads/Message/5089', 'Message', 'App\\Models\\Message', 5089, '2022-06-10 03:08:52', '2022-06-10 03:08:52'),
(827, '16548269322425877435660.', 'uploads/Message/5089', 'Message', 'App\\Models\\Message', 5089, '2022-06-10 03:08:52', '2022-06-10 03:08:52'),
(828, '16548269322489443038040.', 'uploads/Message/5089', 'Message', 'App\\Models\\Message', 5089, '2022-06-10 03:08:52', '2022-06-10 03:08:52'),
(829, '16548271023302627332480.', 'uploads/Message/5090', 'Message', 'App\\Models\\Message', 5090, '2022-06-10 03:11:42', '2022-06-10 03:11:42'),
(830, '165482712552327052820.', 'uploads/Message/5091', 'Message', 'App\\Models\\Message', 5091, '2022-06-10 03:12:05', '2022-06-10 03:12:05'),
(831, '16548281182740605691460.jpg', 'uploads/sliders/31', 'slider_photo', 'App\\Models\\Slider', 31, '2022-06-10 03:28:38', '2022-06-10 03:28:38'),
(832, '16548866021146288977295.', 'uploads/Message/5110', 'Message', 'App\\Models\\Message', 5110, '2022-06-10 19:43:22', '2022-06-10 19:43:22'),
(833, '1654886603620225525640.', 'uploads/Message/5111', 'Message', 'App\\Models\\Message', 5111, '2022-06-10 19:43:23', '2022-06-10 19:43:23'),
(834, '1654886670297308995305.', 'uploads/Message/5112', 'Message', 'App\\Models\\Message', 5112, '2022-06-10 19:44:30', '2022-06-10 19:44:30'),
(835, '16548867721183996222605.', 'uploads/Message/5123', 'Message', 'App\\Models\\Message', 5123, '2022-06-10 19:46:12', '2022-06-10 19:46:12'),
(836, '1654886863486878747530.', 'uploads/Message/5124', 'Message', 'App\\Models\\Message', 5124, '2022-06-10 19:47:43', '2022-06-10 19:47:43'),
(837, '16548885561564585906520.', 'uploads/Message/5148', 'Message', 'App\\Models\\Message', 5148, '2022-06-10 20:15:56', '2022-06-10 20:15:56'),
(838, '16549389833317415522470.jpeg', 'uploads/Ads/10', 'LoadingAds', 'App\\Models\\LoadingAds', 10, '2022-06-11 10:16:23', '2022-06-11 10:16:23'),
(839, '16549441041473104127915.jpg', 'uploads/users/119', 'attach_photo', 'App\\Models\\User', 119, '2022-06-11 11:41:44', '2022-06-11 11:41:44'),
(840, '16549441041690282084540.jpeg', 'uploads/users/119', 'attach_photo', 'App\\Models\\User', 119, '2022-06-11 11:41:44', '2022-06-11 11:41:44'),
(841, '1654951587655559966495.jpg', 'uploads/users/119', 'attach_photo', 'App\\Models\\User', 119, '2022-06-11 13:46:27', '2022-06-11 13:46:27'),
(842, '16549515872835341660795.jpg', 'uploads/users/119', 'attach_photo', 'App\\Models\\User', 119, '2022-06-11 13:46:27', '2022-06-11 13:46:27'),
(843, '1654952610298237412655.jpg', 'uploads/users/119', 'attach_photo', 'App\\Models\\User', 119, '2022-06-11 14:03:30', '2022-06-11 14:03:30'),
(844, '16549526101483714433005.jpg', 'uploads/users/119', 'attach_photo', 'App\\Models\\User', 119, '2022-06-11 14:03:30', '2022-06-11 14:03:30'),
(846, '16549541803072381814845.jpg', 'uploads/Ads/70', 'Logo', 'App\\Models\\Ads', 70, '2022-06-11 14:29:40', '2022-06-11 14:29:40'),
(847, '1654954270553459458930.jpg', 'uploads/Ads/86', 'Logo', 'App\\Models\\Ads', 86, '2022-06-11 14:31:10', '2022-06-11 14:31:10'),
(848, '16549543163433904345655.jpg', 'uploads/Ads/87', 'Logo', 'App\\Models\\Ads', 87, '2022-06-11 14:31:56', '2022-06-11 14:31:56'),
(849, '16549543162692447307375.jpg', 'uploads/Ads/87', 'Ads', 'App\\Models\\Ads', 87, '2022-06-11 14:31:56', '2022-06-11 14:31:56'),
(850, '16549543553317799707285.jpeg', 'uploads/Ads/88', 'Logo', 'App\\Models\\Ads', 88, '2022-06-11 14:32:35', '2022-06-11 14:32:35'),
(851, '16549543552847266913190.mp3', 'uploads/Ads/88', 'Ads', 'App\\Models\\Ads', 88, '2022-06-11 14:32:35', '2022-06-11 14:32:35'),
(852, '16549543842656276376495.jpg', 'uploads/Ads/89', 'Logo', 'App\\Models\\Ads', 89, '2022-06-11 14:33:04', '2022-06-11 14:33:04'),
(853, '16549543841425084061275.mp4', 'uploads/Ads/89', 'Ads', 'App\\Models\\Ads', 89, '2022-06-11 14:33:04', '2022-06-11 14:33:04'),
(854, '16550159513087976823645.', 'uploads/Message/5397', 'Message', 'App\\Models\\Message', 5397, '2022-06-12 07:39:11', '2022-06-12 07:39:11'),
(855, '16550160221622034286005.', 'uploads/Message/5400', 'Message', 'App\\Models\\Message', 5400, '2022-06-12 07:40:22', '2022-06-12 07:40:22'),
(856, '16551032471747954421955.', 'uploads/Message/5429', 'Message', 'App\\Models\\Message', 5429, '2022-06-13 07:54:07', '2022-06-13 07:54:07'),
(857, '1655103269287932273335.', 'uploads/Message/5430', 'Message', 'App\\Models\\Message', 5430, '2022-06-13 07:54:29', '2022-06-13 07:54:29'),
(858, '16552326732236207549765.', 'uploads/Message/5442', 'Message', 'App\\Models\\Message', 5442, '2022-06-14 19:51:13', '2022-06-14 19:51:13'),
(859, '16552373563147888906925.', 'uploads/Message/5453', 'Message', 'App\\Models\\Message', 5453, '2022-06-14 21:09:16', '2022-06-14 21:09:16'),
(860, '16552374223395360819760.', 'uploads/Message/5454', 'Message', 'App\\Models\\Message', 5454, '2022-06-14 21:10:22', '2022-06-14 21:10:22'),
(861, '1655569493849461666375.jpg', 'uploads/users/140', 'profile_photo', 'App\\Models\\User', 140, '2022-06-18 17:24:53', '2022-06-18 17:24:53'),
(862, '16558062022416430142070.jpg', 'uploads/users/138', 'profile_photo', 'App\\Models\\User', 138, '2022-06-21 11:10:02', '2022-06-21 11:10:02'),
(863, '1656490758700234692710.', 'uploads/Message/5589', 'Message', 'App\\Models\\Message', 5589, '2022-06-29 09:19:18', '2022-06-29 09:19:18'),
(864, '16564907712208282564880.', 'uploads/Message/5590', 'Message', 'App\\Models\\Message', 5590, '2022-06-29 09:19:31', '2022-06-29 09:19:31'),
(865, '16564929231560997757620.', 'uploads/Message/5592', 'Message', 'App\\Models\\Message', 5592, '2022-06-29 09:55:23', '2022-06-29 09:55:23'),
(866, '1656492938110783924755.', 'uploads/Message/5593', 'Message', 'App\\Models\\Message', 5593, '2022-06-29 09:55:38', '2022-06-29 09:55:38'),
(867, '16564929583494498582295.', 'uploads/Message/5594', 'Message', 'App\\Models\\Message', 5594, '2022-06-29 09:55:58', '2022-06-29 09:55:58'),
(868, '16564930982162052539500.', 'uploads/Message/5595', 'Message', 'App\\Models\\Message', 5595, '2022-06-29 09:58:18', '2022-06-29 09:58:18'),
(869, '165649313924851271760.', 'uploads/Message/5596', 'Message', 'App\\Models\\Message', 5596, '2022-06-29 09:58:59', '2022-06-29 09:58:59'),
(870, '16564931581419793980500.', 'uploads/Message/5597', 'Message', 'App\\Models\\Message', 5597, '2022-06-29 09:59:18', '2022-06-29 09:59:18'),
(871, '1656493170800664922085.', 'uploads/Message/5598', 'Message', 'App\\Models\\Message', 5598, '2022-06-29 09:59:30', '2022-06-29 09:59:30'),
(872, '1657948734972086014865.jpg', 'uploads/users/116', 'profile_photo', 'App\\Models\\User', 116, '2022-07-16 06:18:54', '2022-07-16 06:18:54'),
(875, '16623719713194157310190.jpg', 'uploads/sliders/30', 'slider_photo', 'App\\Models\\Slider', 30, '2022-09-05 10:59:31', '2022-09-05 10:59:31'),
(876, '1662800197570162131805.jpg', 'uploads/users/120', 'attach_photo', 'App\\Models\\User', 120, '2022-09-10 09:56:37', '2022-09-10 09:56:37'),
(877, '16628001971503040983640.jpg', 'uploads/users/120', 'attach_photo', 'App\\Models\\User', 120, '2022-09-10 09:56:37', '2022-09-10 09:56:37'),
(878, '16628005513180755856250.png', 'uploads/Ads/2', 'Logo', 'App\\Models\\Ads', 2, '2022-09-10 10:02:31', '2022-09-10 10:02:31'),
(879, '16628852401757091289415.jpg', 'uploads/users/153', 'attach_photo', 'App\\Models\\User', 153, '2022-09-11 09:34:00', '2022-09-11 09:34:00'),
(880, '16628852403082884478905.jpg', 'uploads/users/153', 'attach_photo', 'App\\Models\\User', 153, '2022-09-11 09:34:00', '2022-09-11 09:34:00'),
(881, '16731531911968565625775.jpg', 'uploads/users/155', 'attach_photo', 'App\\Models\\User', 155, '2023-01-08 06:46:31', '2023-01-08 06:46:31'),
(882, '16731531912626834781410.jpg', 'uploads/users/155', 'attach_photo', 'App\\Models\\User', 155, '2023-01-08 06:46:31', '2023-01-08 06:46:31'),
(918, '16750607672243226834625.jpg', 'uploads/Specializations/1', 'Specializations', 'App\\Models\\Specialization', 1, '2023-01-30 08:39:27', '2023-01-30 08:39:27'),
(919, '16750608643482217010720.png', 'uploads/Doctors/1', 'Doctors', 'App\\Models\\Doctor', 1, '2023-01-30 08:41:04', '2023-01-30 08:41:04');

-- --------------------------------------------------------

--
-- Table structure for table `media_types`
--

CREATE TABLE `media_types` (
  `id` bigint(20) UNSIGNED NOT NULL,
  `media_id` bigint(20) UNSIGNED NOT NULL,
  `media_type` varchar(255) COLLATE utf8mb4_unicode_ci NOT NULL,
  `created_at` timestamp NULL DEFAULT NULL,
  `updated_at` timestamp NULL DEFAULT NULL
) ENGINE=InnoDB DEFAULT CHARSET=utf8mb4 COLLATE=utf8mb4_unicode_ci;

--
-- Dumping data for table `media_types`
--

INSERT INTO `media_types` (`id`, `media_id`, `media_type`, `created_at`, `updated_at`) VALUES
(22, 29, '2', '2022-01-24 14:07:59', '2022-01-24 14:07:59'),
(23, 30, '2', '2022-01-24 14:09:01', '2022-01-24 14:09:01'),
(24, 31, '2', '2022-01-24 14:09:39', '2022-01-24 14:09:39'),
(25, 32, '2', '2022-01-24 14:16:04', '2022-01-24 14:16:04'),
(26, 34, '2', '2022-01-24 14:45:43', '2022-01-24 14:45:43'),
(27, 35, '2', '2022-01-24 14:46:02', '2022-01-24 14:46:02'),
(28, 36, '2', '2022-01-24 14:46:28', '2022-01-24 14:46:28'),
(29, 37, '2', '2022-01-24 14:46:40', '2022-01-24 14:46:40'),
(30, 38, '2', '2022-01-24 14:50:39', '2022-01-24 14:50:39'),
(31, 39, '2', '2022-01-24 14:50:56', '2022-01-24 14:50:56'),
(32, 41, '2', '2022-01-24 14:58:18', '2022-01-24 14:58:18'),
(33, 42, '2', '2022-01-24 14:58:38', '2022-01-24 14:58:38'),
(34, 43, '2', '2022-01-24 15:02:15', '2022-01-24 15:02:15'),
(35, 44, '2', '2022-01-24 15:02:39', '2022-01-24 15:02:39'),
(36, 45, '2', '2022-01-24 15:02:46', '2022-01-24 15:02:46'),
(37, 46, '2', '2022-01-24 15:03:13', '2022-01-24 15:03:13'),
(38, 47, '2', '2022-01-24 15:03:44', '2022-01-24 15:03:44'),
(39, 48, '2', '2022-01-24 15:03:44', '2022-01-24 15:03:44'),
(40, 49, '2', '2022-01-24 15:04:17', '2022-01-24 15:04:17'),
(41, 50, '5', '2022-01-24 15:05:15', '2022-01-24 15:05:15'),
(42, 51, '2', '2022-01-24 15:06:05', '2022-01-24 15:06:05'),
(43, 54, '2', '2022-01-24 20:06:28', '2022-01-24 20:06:28'),
(44, 55, '2', '2022-01-24 20:06:37', '2022-01-24 20:06:37'),
(45, 56, '2', '2022-01-24 20:09:54', '2022-01-24 20:09:54'),
(46, 57, '2', '2022-01-24 20:10:02', '2022-01-24 20:10:02'),
(47, 59, '2', '2022-01-25 12:10:55', '2022-01-25 12:10:55'),
(48, 60, '2', '2022-01-25 12:12:22', '2022-01-25 12:12:22'),
(49, 72, '2', '2022-01-31 15:46:58', '2022-01-31 15:46:58'),
(50, 73, '2', '2022-02-01 14:20:58', '2022-02-01 14:20:58'),
(51, 74, '2', '2022-02-01 14:23:08', '2022-02-01 14:23:08'),
(52, 75, '2', '2022-02-01 14:23:36', '2022-02-01 14:23:36'),
(53, 76, '2', '2022-02-01 14:26:01', '2022-02-01 14:26:01'),
(54, 77, '2', '2022-02-01 14:27:03', '2022-02-01 14:27:03'),
(55, 78, '2', '2022-02-01 14:48:01', '2022-02-01 14:48:01'),
(56, 79, '2', '2022-02-01 14:48:21', '2022-02-01 14:48:21'),
(57, 80, '2', '2022-02-01 14:53:55', '2022-02-01 14:53:55'),
(58, 81, '2', '2022-02-01 14:54:21', '2022-02-01 14:54:21'),
(59, 82, '2', '2022-02-01 14:55:17', '2022-02-01 14:55:17'),
(60, 83, '2', '2022-02-01 15:00:28', '2022-02-01 15:00:28'),
(61, 84, '2', '2022-02-01 15:00:42', '2022-02-01 15:00:42'),
(62, 85, '2', '2022-02-01 15:04:49', '2022-02-01 15:04:49'),
(63, 90, '2', '2022-02-02 13:46:29', '2022-02-02 13:46:29'),
(64, 91, '2', '2022-02-02 13:46:57', '2022-02-02 13:46:57'),
(65, 92, '2', '2022-02-02 13:48:58', '2022-02-02 13:48:58'),
(66, 93, '2', '2022-02-02 13:50:49', '2022-02-02 13:50:49'),
(67, 94, '2', '2022-02-02 13:52:43', '2022-02-02 13:52:43'),
(68, 96, '2', '2022-02-02 17:04:33', '2022-02-02 17:04:33'),
(69, 97, '2', '2022-02-02 17:05:27', '2022-02-02 17:05:27'),
(70, 98, '2', '2022-02-02 17:15:27', '2022-02-02 17:15:27'),
(71, 99, '2', '2022-02-02 17:15:39', '2022-02-02 17:15:39'),
(72, 100, '2', '2022-02-02 17:17:22', '2022-02-02 17:17:22'),
(73, 101, '2', '2022-02-02 17:18:31', '2022-02-02 17:18:31'),
(74, 102, '2', '2022-02-02 17:25:04', '2022-02-02 17:25:04'),
(75, 103, '2', '2022-02-02 17:25:09', '2022-02-02 17:25:09'),
(76, 104, '2', '2022-02-02 17:26:38', '2022-02-02 17:26:38'),
(77, 107, '2', '2022-02-03 08:46:10', '2022-02-03 08:46:10'),
(78, 109, '2', '2022-02-03 08:51:32', '2022-02-03 08:51:32'),
(79, 110, '2', '2022-02-03 08:52:03', '2022-02-03 08:52:03'),
(80, 111, '2', '2022-02-03 08:52:15', '2022-02-03 08:52:15'),
(81, 112, '2', '2022-02-03 08:52:25', '2022-02-03 08:52:25'),
(82, 113, '2', '2022-02-03 08:52:50', '2022-02-03 08:52:50'),
(83, 114, '2', '2022-02-03 08:57:18', '2022-02-03 08:57:18'),
(84, 115, '2', '2022-02-03 08:57:32', '2022-02-03 08:57:32'),
(85, 116, '2', '2022-02-03 10:32:02', '2022-02-03 10:32:02'),
(86, 117, '2', '2022-02-03 10:34:21', '2022-02-03 10:34:21'),
(87, 118, '2', '2022-02-03 10:34:34', '2022-02-03 10:34:34'),
(88, 119, '2', '2022-02-03 10:35:17', '2022-02-03 10:35:17'),
(89, 121, '2', '2022-02-03 10:42:39', '2022-02-03 10:42:39'),
(90, 122, '2', '2022-02-03 10:42:54', '2022-02-03 10:42:54'),
(91, 123, '2', '2022-02-03 11:25:37', '2022-02-03 11:25:37'),
(92, 124, '2', '2022-02-03 11:46:57', '2022-02-03 11:46:57'),
(93, 125, '2', '2022-02-03 12:24:22', '2022-02-03 12:24:22'),
(94, 126, '2', '2022-02-06 09:26:23', '2022-02-06 09:26:23'),
(95, 127, '2', '2022-02-06 09:43:44', '2022-02-06 09:43:44'),
(96, 128, '2', '2022-02-06 09:43:52', '2022-02-06 09:43:52'),
(97, 134, '2', '2022-02-09 11:28:59', '2022-02-09 11:28:59'),
(98, 135, '2', '2022-02-09 11:29:12', '2022-02-09 11:29:12'),
(99, 166, '2', '2022-03-10 07:48:16', '2022-03-10 07:48:16'),
(100, 167, '2', '2022-03-10 10:50:29', '2022-03-10 10:50:29'),
(101, 168, '2', '2022-03-10 10:50:52', '2022-03-10 10:50:52'),
(102, 169, '2', '2022-03-14 12:00:46', '2022-03-14 12:00:46'),
(103, 170, '2', '2022-03-14 12:01:03', '2022-03-14 12:01:03'),
(104, 224, '2', '2022-04-07 11:33:05', '2022-04-07 11:33:05'),
(105, 225, '2', '2022-04-07 11:33:13', '2022-04-07 11:33:13'),
(106, 226, '2', '2022-04-07 11:57:39', '2022-04-07 11:57:39'),
(107, 227, '2', '2022-04-07 11:59:45', '2022-04-07 11:59:45'),
(108, 228, '2', '2022-04-07 12:20:27', '2022-04-07 12:20:27'),
(109, 229, '2', '2022-04-07 12:58:59', '2022-04-07 12:58:59'),
(110, 230, '2', '2022-04-09 09:07:48', '2022-04-09 09:07:48'),
(111, 231, '2', '2022-04-09 09:10:32', '2022-04-09 09:10:32'),
(112, 232, '2', '2022-04-09 09:19:07', '2022-04-09 09:19:07'),
(113, 233, '2', '2022-04-09 09:26:52', '2022-04-09 09:26:52'),
(114, 234, '2', '2022-04-09 09:29:02', '2022-04-09 09:29:02'),
(115, 235, '2', '2022-04-09 09:29:07', '2022-04-09 09:29:07'),
(116, 236, '2', '2022-04-09 09:30:42', '2022-04-09 09:30:42'),
(117, 237, '2', '2022-04-09 09:33:20', '2022-04-09 09:33:20'),
(118, 238, '2', '2022-04-09 09:33:45', '2022-04-09 09:33:45'),
(119, 239, '2', '2022-04-09 10:58:29', '2022-04-09 10:58:29'),
(120, 240, '2', '2022-04-09 10:59:20', '2022-04-09 10:59:20'),
(121, 241, '2', '2022-04-09 11:02:11', '2022-04-09 11:02:11'),
(122, 242, '2', '2022-04-09 11:02:22', '2022-04-09 11:02:22'),
(123, 243, '2', '2022-04-09 11:04:35', '2022-04-09 11:04:35'),
(124, 244, '2', '2022-04-09 12:13:13', '2022-04-09 12:13:13'),
(125, 245, '2', '2022-04-09 12:13:16', '2022-04-09 12:13:16'),
(126, 246, '2', '2022-04-09 12:13:17', '2022-04-09 12:13:17'),
(127, 247, '2', '2022-04-09 12:13:17', '2022-04-09 12:13:17'),
(128, 248, '2', '2022-04-09 12:15:41', '2022-04-09 12:15:41'),
(129, 249, '2', '2022-04-09 12:15:45', '2022-04-09 12:15:45'),
(130, 255, '2', '2022-04-10 13:19:58', '2022-04-10 13:19:58'),
(131, 256, '2', '2022-04-10 13:20:02', '2022-04-10 13:20:02'),
(132, 257, '2', '2022-04-10 13:20:04', '2022-04-10 13:20:04'),
(133, 258, '2', '2022-04-10 13:20:07', '2022-04-10 13:20:07'),
(134, 259, '2', '2022-04-10 13:20:09', '2022-04-10 13:20:09'),
(135, 260, '2', '2022-04-10 13:20:10', '2022-04-10 13:20:10'),
(136, 261, '2', '2022-04-10 13:20:10', '2022-04-10 13:20:10'),
(137, 262, '2', '2022-04-10 13:20:21', '2022-04-10 13:20:21'),
(138, 263, '2', '2022-04-10 13:20:21', '2022-04-10 13:20:21'),
(139, 264, '2', '2022-04-10 13:20:21', '2022-04-10 13:20:21'),
(140, 265, '2', '2022-04-10 13:26:40', '2022-04-10 13:26:40'),
(141, 266, '2', '2022-04-10 13:31:10', '2022-04-10 13:31:10'),
(142, 267, '2', '2022-04-10 13:32:37', '2022-04-10 13:32:37'),
(143, 268, '2', '2022-04-10 13:33:21', '2022-04-10 13:33:21'),
(144, 269, '2', '2022-04-10 13:45:42', '2022-04-10 13:45:42'),
(145, 270, '2', '2022-04-10 13:49:01', '2022-04-10 13:49:01'),
(146, 271, '2', '2022-04-10 18:30:51', '2022-04-10 18:30:51'),
(147, 279, '2', '2022-04-11 12:52:43', '2022-04-11 12:52:43'),
(148, 285, '2', '2022-04-12 10:59:29', '2022-04-12 10:59:29'),
(149, 286, '2', '2022-04-12 10:59:45', '2022-04-12 10:59:45'),
(150, 287, '2', '2022-04-12 10:59:45', '2022-04-12 10:59:45'),
(151, 288, '2', '2022-04-12 10:59:59', '2022-04-12 10:59:59'),
(152, 289, '2', '2022-04-12 10:59:59', '2022-04-12 10:59:59'),
(153, 290, '2', '2022-04-12 10:59:59', '2022-04-12 10:59:59'),
(154, 291, '2', '2022-04-12 10:59:59', '2022-04-12 10:59:59'),
(155, 292, '2', '2022-04-12 10:59:59', '2022-04-12 10:59:59'),
(156, 295, '2', '2022-04-12 13:19:12', '2022-04-12 13:19:12'),
(157, 296, '2', '2022-04-12 13:19:13', '2022-04-12 13:19:13'),
(158, 297, '2', '2022-04-12 13:19:13', '2022-04-12 13:19:13'),
(159, 298, '2', '2022-04-12 13:19:13', '2022-04-12 13:19:13'),
(160, 299, '2', '2022-04-12 13:19:14', '2022-04-12 13:19:14'),
(161, 300, '2', '2022-04-12 13:19:14', '2022-04-12 13:19:14'),
(162, 301, '2', '2022-04-12 13:19:14', '2022-04-12 13:19:14'),
(163, 302, '2', '2022-04-12 13:34:08', '2022-04-12 13:34:08'),
(164, 303, '2', '2022-04-12 13:35:52', '2022-04-12 13:35:52'),
(165, 304, '2', '2022-04-12 13:36:03', '2022-04-12 13:36:03'),
(166, 305, '2', '2022-04-12 13:36:04', '2022-04-12 13:36:04'),
(167, 306, '2', '2022-04-12 13:36:04', '2022-04-12 13:36:04'),
(168, 307, '2', '2022-04-12 13:36:04', '2022-04-12 13:36:04'),
(169, 308, '2', '2022-04-13 09:05:52', '2022-04-13 09:05:52'),
(170, 309, '2', '2022-04-13 09:06:08', '2022-04-13 09:06:08'),
(171, 310, '2', '2022-04-13 09:06:09', '2022-04-13 09:06:09'),
(172, 311, '2', '2022-04-13 09:06:09', '2022-04-13 09:06:09'),
(173, 312, '2', '2022-04-13 09:06:09', '2022-04-13 09:06:09'),
(174, 313, '2', '2022-04-13 09:16:07', '2022-04-13 09:16:07'),
(175, 314, '2', '2022-04-13 09:23:24', '2022-04-13 09:23:24'),
(176, 315, '2', '2022-04-13 09:25:10', '2022-04-13 09:25:10'),
(177, 316, '2', '2022-04-13 09:30:51', '2022-04-13 09:30:51'),
(178, 317, '2', '2022-04-13 09:32:38', '2022-04-13 09:32:38'),
(179, 318, '2', '2022-04-13 09:40:32', '2022-04-13 09:40:32'),
(180, 319, '2', '2022-04-13 09:40:46', '2022-04-13 09:40:46'),
(181, 320, '2', '2022-04-13 09:41:01', '2022-04-13 09:41:01'),
(182, 321, '2', '2022-04-13 09:41:08', '2022-04-13 09:41:08'),
(183, 322, '2', '2022-04-13 09:42:40', '2022-04-13 09:42:40'),
(184, 323, '2', '2022-04-13 09:42:46', '2022-04-13 09:42:46'),
(185, 324, '2', '2022-04-13 09:42:55', '2022-04-13 09:42:55'),
(186, 325, '2', '2022-04-13 12:41:54', '2022-04-13 12:41:54'),
(187, 332, '2', '2022-04-14 10:41:19', '2022-04-14 10:41:19'),
(188, 363, '2', '2022-04-14 14:02:40', '2022-04-14 14:02:40'),
(189, 364, '2', '2022-04-14 14:02:46', '2022-04-14 14:02:46'),
(190, 367, '2', '2022-04-15 12:12:10', '2022-04-15 12:12:10'),
(191, 368, '2', '2022-04-15 12:12:10', '2022-04-15 12:12:10'),
(192, 369, '2', '2022-04-15 12:12:10', '2022-04-15 12:12:10'),
(193, 370, '2', '2022-04-15 12:12:10', '2022-04-15 12:12:10'),
(194, 371, '2', '2022-04-15 12:12:10', '2022-04-15 12:12:10'),
(195, 372, '2', '2022-04-15 12:12:10', '2022-04-15 12:12:10'),
(196, 373, '2', '2022-04-15 12:12:10', '2022-04-15 12:12:10'),
(197, 374, '2', '2022-04-15 18:48:05', '2022-04-15 18:48:05'),
(198, 375, '2', '2022-04-15 18:48:05', '2022-04-15 18:48:05'),
(199, 376, '2', '2022-04-15 18:51:28', '2022-04-15 18:51:28'),
(200, 377, '2', '2022-04-16 08:39:41', '2022-04-16 08:39:41'),
(201, 378, '2', '2022-04-16 08:39:41', '2022-04-16 08:39:41'),
(202, 379, '2', '2022-04-16 08:39:41', '2022-04-16 08:39:41'),
(203, 380, '2', '2022-04-16 10:10:13', '2022-04-16 10:10:13'),
(204, 381, '2', '2022-04-16 10:10:13', '2022-04-16 10:10:13'),
(205, 382, '2', '2022-04-16 10:10:13', '2022-04-16 10:10:13'),
(206, 383, '2', '2022-04-16 12:19:04', '2022-04-16 12:19:04'),
(207, 416, '2', '2022-04-18 13:59:02', '2022-04-18 13:59:02'),
(208, 417, '2', '2022-04-18 13:59:09', '2022-04-18 13:59:09'),
(209, 418, '2', '2022-04-18 23:37:24', '2022-04-18 23:37:24'),
(210, 419, '2', '2022-04-19 10:31:45', '2022-04-19 10:31:45'),
(211, 420, '2', '2022-04-19 10:32:03', '2022-04-19 10:32:03'),
(212, 421, '2', '2022-04-19 10:35:39', '2022-04-19 10:35:39'),
(213, 422, '2', '2022-04-19 13:48:20', '2022-04-19 13:48:20'),
(214, 423, '2', '2022-04-19 18:14:16', '2022-04-19 18:14:16'),
(215, 424, '2', '2022-04-19 18:14:38', '2022-04-19 18:14:38'),
(216, 425, '2', '2022-04-19 18:14:38', '2022-04-19 18:14:38'),
(217, 426, '2', '2022-04-19 18:21:24', '2022-04-19 18:21:24'),
(218, 427, '2', '2022-04-19 18:22:34', '2022-04-19 18:22:34'),
(219, 431, '2', '2022-04-19 19:21:41', '2022-04-19 19:21:41'),
(220, 432, '2', '2022-04-19 19:25:20', '2022-04-19 19:25:20'),
(221, 433, '2', '2022-04-20 12:08:31', '2022-04-20 12:08:31'),
(222, 434, '2', '2022-04-20 12:14:14', '2022-04-20 12:14:14'),
(223, 435, '2', '2022-04-20 12:15:28', '2022-04-20 12:15:28'),
(224, 436, '2', '2022-04-20 12:15:28', '2022-04-20 12:15:28'),
(225, 437, '4', '2022-04-21 08:58:40', '2022-04-21 08:58:40'),
(226, 438, '4', '2022-04-21 09:01:47', '2022-04-21 09:01:47'),
(227, 439, '4', '2022-04-21 09:02:32', '2022-04-21 09:02:32'),
(228, 440, '4', '2022-04-21 09:06:07', '2022-04-21 09:06:07'),
(229, 441, '4', '2022-04-21 09:27:20', '2022-04-21 09:27:20'),
(230, 442, '4', '2022-04-21 09:28:59', '2022-04-21 09:28:59'),
(231, 443, '2', '2022-04-21 09:39:23', '2022-04-21 09:39:23'),
(232, 444, '4', '2022-04-21 09:49:49', '2022-04-21 09:49:49'),
(233, 445, '3', '2022-04-21 09:57:11', '2022-04-21 09:57:11'),
(234, 446, '3', '2022-04-21 09:57:42', '2022-04-21 09:57:42'),
(235, 447, '3', '2022-04-21 10:04:49', '2022-04-21 10:04:49'),
(236, 448, '3', '2022-04-21 11:32:38', '2022-04-21 11:32:38'),
(237, 449, '3', '2022-04-21 11:37:10', '2022-04-21 11:37:10'),
(238, 450, '3', '2022-04-21 11:37:31', '2022-04-21 11:37:31'),
(239, 451, '3', '2022-04-21 11:57:09', '2022-04-21 11:57:09'),
(240, 452, '2', '2022-04-21 12:23:40', '2022-04-21 12:23:40'),
(241, 453, '3', '2022-04-21 12:24:14', '2022-04-21 12:24:14'),
(242, 454, '3', '2022-04-21 13:24:06', '2022-04-21 13:24:06'),
(243, 455, '3', '2022-04-21 13:28:17', '2022-04-21 13:28:17'),
(244, 456, '3', '2022-04-21 13:34:36', '2022-04-21 13:34:36'),
(245, 479, '2', '2022-04-22 15:12:20', '2022-04-22 15:12:20'),
(246, 480, '2', '2022-04-22 15:12:20', '2022-04-22 15:12:20'),
(247, 481, '2', '2022-04-22 15:12:20', '2022-04-22 15:12:20'),
(248, 482, '2', '2022-04-22 15:12:20', '2022-04-22 15:12:20'),
(249, 483, '3', '2022-04-22 15:13:40', '2022-04-22 15:13:40'),
(250, 491, '3', '2022-04-24 09:47:00', '2022-04-24 09:47:00'),
(251, 511, '3', '2022-04-24 11:10:31', '2022-04-24 11:10:31'),
(252, 512, '3', '2022-04-24 11:12:21', '2022-04-24 11:12:21'),
(253, 513, '3', '2022-04-24 12:10:58', '2022-04-24 12:10:58'),
(254, 514, '3', '2022-04-24 12:13:44', '2022-04-24 12:13:44'),
(255, 523, '2', '2022-04-25 10:04:15', '2022-04-25 10:04:15'),
(256, 524, '2', '2022-04-25 10:12:00', '2022-04-25 10:12:00'),
(257, 525, '2', '2022-04-25 10:12:05', '2022-04-25 10:12:05'),
(258, 526, '2', '2022-04-25 10:14:43', '2022-04-25 10:14:43'),
(259, 527, '2', '2022-04-25 10:14:43', '2022-04-25 10:14:43'),
(260, 528, '2', '2022-04-25 10:22:34', '2022-04-25 10:22:34'),
(261, 529, '2', '2022-04-25 10:22:42', '2022-04-25 10:22:42'),
(262, 559, '2', '2022-04-25 14:28:10', '2022-04-25 14:28:10'),
(263, 560, '2', '2022-04-25 19:04:46', '2022-04-25 19:04:46'),
(264, 561, '2', '2022-04-25 19:05:01', '2022-04-25 19:05:01'),
(265, 562, '2', '2022-04-25 19:08:07', '2022-04-25 19:08:07'),
(266, 563, '2', '2022-04-25 19:08:07', '2022-04-25 19:08:07'),
(267, 564, '2', '2022-04-25 19:08:07', '2022-04-25 19:08:07'),
(268, 565, '2', '2022-04-25 19:32:02', '2022-04-25 19:32:02'),
(269, 566, '2', '2022-04-25 20:00:51', '2022-04-25 20:00:51'),
(270, 567, '2', '2022-04-25 20:02:22', '2022-04-25 20:02:22'),
(271, 568, '2', '2022-04-26 09:24:08', '2022-04-26 09:24:08'),
(272, 569, '2', '2022-04-26 09:55:24', '2022-04-26 09:55:24'),
(273, 570, '4', '2022-04-26 10:26:44', '2022-04-26 10:26:44'),
(274, 571, '4', '2022-04-26 10:32:28', '2022-04-26 10:32:28'),
(275, 572, '2', '2022-04-26 11:47:49', '2022-04-26 11:47:49'),
(276, 573, '2', '2022-04-26 11:47:49', '2022-04-26 11:47:49'),
(277, 574, '3', '2022-04-27 12:30:04', '2022-04-27 12:30:04'),
(278, 575, '2', '2022-04-27 12:31:59', '2022-04-27 12:31:59'),
(279, 576, '4', '2022-04-27 12:36:39', '2022-04-27 12:36:39'),
(280, 577, '4', '2022-04-27 12:39:32', '2022-04-27 12:39:32'),
(281, 578, '4', '2022-04-27 12:54:23', '2022-04-27 12:54:23'),
(282, 579, '4', '2022-04-27 12:56:41', '2022-04-27 12:56:41'),
(283, 580, '4', '2022-04-27 12:58:31', '2022-04-27 12:58:31'),
(284, 581, '4', '2022-04-27 13:00:14', '2022-04-27 13:00:14'),
(285, 582, '4', '2022-04-27 13:05:50', '2022-04-27 13:05:50'),
(286, 583, '4', '2022-04-27 13:16:49', '2022-04-27 13:16:49'),
(287, 584, '4', '2022-04-27 13:18:48', '2022-04-27 13:18:48'),
(288, 585, '4', '2022-04-27 13:20:16', '2022-04-27 13:20:16'),
(289, 586, '4', '2022-04-27 13:27:52', '2022-04-27 13:27:52'),
(290, 587, '4', '2022-04-27 13:29:35', '2022-04-27 13:29:35'),
(291, 588, '4', '2022-04-27 13:31:35', '2022-04-27 13:31:35'),
(292, 589, '2', '2022-04-28 11:31:15', '2022-04-28 11:31:15'),
(293, 590, '4', '2022-04-28 11:36:00', '2022-04-28 11:36:00'),
(294, 591, '4', '2022-04-28 11:50:44', '2022-04-28 11:50:44'),
(295, 592, '4', '2022-04-28 11:51:08', '2022-04-28 11:51:08'),
(296, 593, '4', '2022-04-28 11:52:19', '2022-04-28 11:52:19'),
(297, 594, '4', '2022-04-28 11:59:37', '2022-04-28 11:59:37'),
(298, 595, '4', '2022-04-28 12:03:36', '2022-04-28 12:03:36'),
(299, 596, '4', '2022-04-28 12:06:11', '2022-04-28 12:06:11'),
(300, 597, '4', '2022-04-28 12:16:30', '2022-04-28 12:16:30'),
(301, 598, '4', '2022-04-28 12:17:55', '2022-04-28 12:17:55'),
(302, 599, '4', '2022-04-28 12:21:53', '2022-04-28 12:21:53'),
(303, 600, '4', '2022-04-28 12:22:57', '2022-04-28 12:22:57'),
(304, 601, '4', '2022-04-28 12:24:53', '2022-04-28 12:24:53'),
(305, 602, '4', '2022-04-28 12:25:12', '2022-04-28 12:25:12'),
(306, 603, '4', '2022-04-28 14:46:05', '2022-04-28 14:46:05'),
(307, 604, '4', '2022-04-28 16:41:38', '2022-04-28 16:41:38'),
(308, 605, '4', '2022-04-28 18:06:48', '2022-04-28 18:06:48'),
(309, 607, '2', '2022-04-30 09:33:28', '2022-04-30 09:33:28'),
(310, 626, '2', '2022-05-08 10:07:00', '2022-05-08 10:07:00'),
(311, 672, '2', '2022-05-11 10:50:05', '2022-05-11 10:50:05'),
(312, 673, '2', '2022-05-12 08:50:07', '2022-05-12 08:50:07'),
(313, 674, '2', '2022-05-12 08:50:07', '2022-05-12 08:50:07'),
(314, 675, '2', '2022-05-12 09:04:36', '2022-05-12 09:04:36'),
(315, 676, '4', '2022-05-12 11:17:25', '2022-05-12 11:17:25'),
(316, 677, '4', '2022-05-12 12:07:24', '2022-05-12 12:07:24'),
(317, 678, '4', '2022-05-12 12:07:36', '2022-05-12 12:07:36'),
(318, 679, '4', '2022-05-12 12:09:16', '2022-05-12 12:09:16'),
(319, 680, '4', '2022-05-12 12:10:19', '2022-05-12 12:10:19'),
(320, 681, '4', '2022-05-14 07:41:25', '2022-05-14 07:41:25'),
(321, 682, '4', '2022-05-14 07:42:09', '2022-05-14 07:42:09'),
(322, 683, '4', '2022-05-14 08:03:02', '2022-05-14 08:03:02'),
(323, 684, '4', '2022-05-14 11:57:58', '2022-05-14 11:57:58'),
(324, 685, '2', '2022-05-15 08:23:26', '2022-05-15 08:23:26'),
(325, 686, '3', '2022-05-15 08:24:43', '2022-05-15 08:24:43'),
(326, 687, '2', '2022-05-15 08:25:34', '2022-05-15 08:25:34'),
(327, 688, '2', '2022-05-15 08:32:46', '2022-05-15 08:32:46'),
(328, 689, '2', '2022-05-15 08:41:30', '2022-05-15 08:41:30'),
(329, 690, '2', '2022-05-15 08:45:48', '2022-05-15 08:45:48'),
(330, 691, '2', '2022-05-15 08:46:10', '2022-05-15 08:46:10'),
(331, 692, '2', '2022-05-15 08:46:40', '2022-05-15 08:46:40'),
(332, 693, '2', '2022-05-15 09:35:12', '2022-05-15 09:35:12'),
(333, 694, '2', '2022-05-16 18:44:32', '2022-05-16 18:44:32'),
(334, 695, '2', '2022-05-16 18:45:51', '2022-05-16 18:45:51'),
(335, 696, '2', '2022-05-16 18:45:51', '2022-05-16 18:45:51'),
(336, 697, '2', '2022-05-16 19:08:43', '2022-05-16 19:08:43'),
(337, 698, '2', '2022-05-16 19:08:43', '2022-05-16 19:08:43'),
(338, 699, '2', '2022-05-16 19:08:43', '2022-05-16 19:08:43'),
(339, 700, '2', '2022-05-16 19:08:44', '2022-05-16 19:08:44'),
(340, 701, '2', '2022-05-16 19:10:00', '2022-05-16 19:10:00'),
(341, 702, '2', '2022-05-16 19:10:00', '2022-05-16 19:10:00'),
(342, 703, '2', '2022-05-16 19:10:00', '2022-05-16 19:10:00'),
(343, 704, '2', '2022-05-16 19:10:00', '2022-05-16 19:10:00'),
(344, 705, '2', '2022-05-16 19:10:00', '2022-05-16 19:10:00'),
(345, 706, '2', '2022-05-16 19:12:11', '2022-05-16 19:12:11'),
(346, 707, '3', '2022-05-16 19:15:19', '2022-05-16 19:15:19'),
(347, 708, '4', '2022-05-16 19:21:41', '2022-05-16 19:21:41'),
(348, 709, '4', '2022-05-16 19:23:40', '2022-05-16 19:23:40'),
(349, 712, '2', '2022-05-16 19:44:14', '2022-05-16 19:44:14'),
(350, 713, '2', '2022-05-16 19:44:15', '2022-05-16 19:44:15'),
(351, 714, '3', '2022-05-16 19:45:14', '2022-05-16 19:45:14'),
(352, 715, '2', '2022-05-16 21:37:23', '2022-05-16 21:37:23'),
(353, 717, '2', '2022-05-17 15:13:56', '2022-05-17 15:13:56'),
(354, 718, '4', '2022-05-17 19:02:39', '2022-05-17 19:02:39'),
(355, 719, '4', '2022-05-17 19:02:55', '2022-05-17 19:02:55'),
(356, 720, '4', '2022-05-17 19:03:06', '2022-05-17 19:03:06'),
(357, 721, '2', '2022-05-17 19:08:06', '2022-05-17 19:08:06'),
(358, 722, '2', '2022-05-17 19:08:39', '2022-05-17 19:08:39'),
(359, 723, '3', '2022-05-17 19:13:43', '2022-05-17 19:13:43'),
(360, 724, '2', '2022-05-17 19:55:20', '2022-05-17 19:55:20'),
(361, 731, '2', '2022-05-23 12:03:42', '2022-05-23 12:03:42'),
(362, 734, '2', '2022-05-24 09:54:35', '2022-05-24 09:54:35'),
(363, 735, '2', '2022-05-24 14:25:22', '2022-05-24 14:25:22'),
(364, 736, '2', '2022-05-24 14:29:57', '2022-05-24 14:29:57'),
(365, 737, '2', '2022-05-25 08:33:01', '2022-05-25 08:33:01'),
(366, 738, '2', '2022-05-25 08:49:42', '2022-05-25 08:49:42'),
(367, 739, '4', '2022-05-28 08:10:06', '2022-05-28 08:10:06'),
(368, 740, '4', '2022-05-28 09:49:38', '2022-05-28 09:49:38'),
(369, 741, '4', '2022-05-28 10:07:01', '2022-05-28 10:07:01'),
(370, 742, '4', '2022-05-28 10:08:02', '2022-05-28 10:08:02'),
(371, 743, '4', '2022-05-28 10:09:40', '2022-05-28 10:09:40'),
(372, 744, '4', '2022-05-28 10:11:26', '2022-05-28 10:11:26'),
(373, 745, '4', '2022-05-28 10:12:23', '2022-05-28 10:12:23'),
(374, 746, '4', '2022-05-28 10:14:42', '2022-05-28 10:14:42'),
(375, 747, '4', '2022-05-28 10:45:08', '2022-05-28 10:45:08'),
(376, 748, '4', '2022-05-28 10:46:06', '2022-05-28 10:46:06'),
(377, 749, '2', '2022-05-28 10:46:27', '2022-05-28 10:46:27'),
(378, 750, '2', '2022-05-28 10:46:51', '2022-05-28 10:46:51'),
(379, 751, '2', '2022-05-28 10:47:53', '2022-05-28 10:47:53'),
(380, 752, '4', '2022-05-28 10:48:00', '2022-05-28 10:48:00'),
(381, 753, '2', '2022-05-28 14:01:28', '2022-05-28 14:01:28'),
(382, 754, '3', '2022-05-28 14:02:41', '2022-05-28 14:02:41'),
(383, 755, '4', '2022-05-28 14:10:48', '2022-05-28 14:10:48'),
(384, 756, '4', '2022-05-28 14:11:02', '2022-05-28 14:11:02'),
(385, 757, '2', '2022-05-29 08:45:19', '2022-05-29 08:45:19'),
(386, 758, '2', '2022-05-29 08:45:36', '2022-05-29 08:45:36'),
(387, 759, '2', '2022-05-29 08:45:37', '2022-05-29 08:45:37'),
(388, 760, '2', '2022-05-29 08:45:37', '2022-05-29 08:45:37'),
(389, 761, '2', '2022-05-29 08:45:54', '2022-05-29 08:45:54'),
(390, 762, '2', '2022-05-29 08:45:59', '2022-05-29 08:45:59'),
(391, 763, '2', '2022-05-29 08:47:52', '2022-05-29 08:47:52'),
(392, 764, '2', '2022-05-29 08:48:12', '2022-05-29 08:48:12'),
(393, 765, '2', '2022-05-29 15:04:17', '2022-05-29 15:04:17'),
(394, 766, '2', '2022-05-29 15:04:52', '2022-05-29 15:04:52'),
(395, 767, '2', '2022-05-29 15:04:52', '2022-05-29 15:04:52'),
(396, 768, '2', '2022-05-30 15:53:32', '2022-05-30 15:53:32'),
(397, 771, '2', '2022-06-01 09:03:25', '2022-06-01 09:03:25'),
(398, 772, '2', '2022-06-01 09:03:42', '2022-06-01 09:03:42'),
(399, 773, '2', '2022-06-01 09:03:42', '2022-06-01 09:03:42'),
(400, 774, '2', '2022-06-01 09:04:02', '2022-06-01 09:04:02'),
(401, 775, '2', '2022-06-01 09:04:02', '2022-06-01 09:04:02'),
(402, 776, '2', '2022-06-01 09:06:44', '2022-06-01 09:06:44'),
(403, 777, '2', '2022-06-01 09:06:44', '2022-06-01 09:06:44'),
(404, 778, '2', '2022-06-01 09:07:00', '2022-06-01 09:07:00'),
(405, 779, '2', '2022-06-01 09:07:00', '2022-06-01 09:07:00'),
(406, 780, '4', '2022-06-02 10:27:42', '2022-06-02 10:27:42'),
(407, 781, '4', '2022-06-02 10:28:35', '2022-06-02 10:28:35'),
(408, 782, '2', '2022-06-02 13:42:50', '2022-06-02 13:42:50'),
(409, 783, '2', '2022-06-02 13:42:50', '2022-06-02 13:42:50'),
(410, 784, '2', '2022-06-03 20:10:55', '2022-06-03 20:10:55'),
(411, 785, '2', '2022-06-03 20:12:44', '2022-06-03 20:12:44'),
(412, 786, '2', '2022-06-03 20:12:44', '2022-06-03 20:12:44'),
(413, 787, '3', '2022-06-03 20:14:27', '2022-06-03 20:14:27'),
(414, 790, '2', '2022-06-05 14:31:45', '2022-06-05 14:31:45'),
(415, 791, '4', '2022-06-05 14:33:12', '2022-06-05 14:33:12'),
(416, 792, '4', '2022-06-05 14:49:45', '2022-06-05 14:49:45'),
(417, 793, '4', '2022-06-05 14:56:36', '2022-06-05 14:56:36'),
(418, 798, '4', '2022-06-07 20:54:24', '2022-06-07 20:54:24'),
(419, 799, '4', '2022-06-08 10:25:09', '2022-06-08 10:25:09'),
(420, 800, '2', '2022-06-08 10:26:17', '2022-06-08 10:26:17'),
(421, 801, '2', '2022-06-08 10:37:52', '2022-06-08 10:37:52'),
(422, 802, '2', '2022-06-08 10:37:52', '2022-06-08 10:37:52'),
(423, 803, '2', '2022-06-08 10:37:52', '2022-06-08 10:37:52'),
(424, 804, '2', '2022-06-08 10:37:52', '2022-06-08 10:37:52'),
(425, 805, '2', '2022-06-08 10:37:52', '2022-06-08 10:37:52'),
(426, 806, '2', '2022-06-08 10:37:52', '2022-06-08 10:37:52'),
(427, 807, '2', '2022-06-08 10:37:52', '2022-06-08 10:37:52'),
(428, 808, '3', '2022-06-08 11:40:29', '2022-06-08 11:40:29'),
(429, 809, '2', '2022-06-08 22:03:32', '2022-06-08 22:03:32'),
(430, 810, '4', '2022-06-08 22:04:19', '2022-06-08 22:04:19'),
(431, 814, '2', '2022-06-09 14:08:08', '2022-06-09 14:08:08'),
(432, 825, '2', '2022-06-10 03:08:39', '2022-06-10 03:08:39'),
(433, 826, '2', '2022-06-10 03:08:52', '2022-06-10 03:08:52'),
(434, 827, '2', '2022-06-10 03:08:52', '2022-06-10 03:08:52'),
(435, 828, '2', '2022-06-10 03:08:52', '2022-06-10 03:08:52'),
(436, 829, '4', '2022-06-10 03:11:42', '2022-06-10 03:11:42'),
(437, 830, '3', '2022-06-10 03:12:05', '2022-06-10 03:12:05'),
(438, 832, '2', '2022-06-10 19:43:22', '2022-06-10 19:43:22'),
(439, 833, '2', '2022-06-10 19:43:23', '2022-06-10 19:43:23'),
(440, 834, '2', '2022-06-10 19:44:30', '2022-06-10 19:44:30'),
(441, 835, '3', '2022-06-10 19:46:12', '2022-06-10 19:46:12'),
(442, 836, '3', '2022-06-10 19:47:43', '2022-06-10 19:47:43'),
(443, 837, '2', '2022-06-10 20:15:56', '2022-06-10 20:15:56'),
(444, 854, '2', '2022-06-12 07:39:11', '2022-06-12 07:39:11'),
(445, 855, '4', '2022-06-12 07:40:22', '2022-06-12 07:40:22'),
(446, 856, '2', '2022-06-13 07:54:07', '2022-06-13 07:54:07'),
(447, 857, '2', '2022-06-13 07:54:29', '2022-06-13 07:54:29'),
(448, 858, '2', '2022-06-14 19:51:13', '2022-06-14 19:51:13'),
(449, 859, '2', '2022-06-14 21:09:16', '2022-06-14 21:09:16'),
(450, 860, '3', '2022-06-14 21:10:22', '2022-06-14 21:10:22'),
(451, 863, '2', '2022-06-29 09:19:18', '2022-06-29 09:19:18'),
(452, 864, '2', '2022-06-29 09:19:31', '2022-06-29 09:19:31'),
(453, 865, '2', '2022-06-29 09:55:23', '2022-06-29 09:55:23'),
(454, 866, '2', '2022-06-29 09:55:38', '2022-06-29 09:55:38'),
(455, 867, '2', '2022-06-29 09:55:58', '2022-06-29 09:55:58'),
(456, 868, '2', '2022-06-29 09:58:18', '2022-06-29 09:58:18'),
(457, 869, '2', '2022-06-29 09:58:59', '2022-06-29 09:58:59'),
(458, 870, '2', '2022-06-29 09:59:18', '2022-06-29 09:59:18'),
(459, 871, '2', '2022-06-29 09:59:30', '2022-06-29 09:59:30');

-- --------------------------------------------------------

--
-- Table structure for table `messages`
--

CREATE TABLE `messages` (
  `id` bigint(20) UNSIGNED NOT NULL,
  `type` varchar(255) COLLATE utf8mb4_unicode_ci NOT NULL COMMENT '1-text 2-file 3-link',
  `status` tinyint(1) NOT NULL COMMENT '1-active 2- not avtive',
  `user_chat_id` bigint(20) UNSIGNED NOT NULL,
  `created_at` timestamp NULL DEFAULT NULL,
  `updated_at` timestamp NULL DEFAULT NULL
) ENGINE=InnoDB DEFAULT CHARSET=utf8mb4 COLLATE=utf8mb4_unicode_ci;

--
-- Dumping data for table `messages`
--

INSERT INTO `messages` (`id`, `type`, `status`, `user_chat_id`, `created_at`, `updated_at`) VALUES
(1, '1', 2, 1, '2023-02-01 08:19:12', '2023-02-01 11:33:31'),
(2, '1', 2, 2, '2023-02-01 08:19:53', '2023-02-01 10:20:57'),
(3, '1', 2, 3, '2023-02-01 08:32:16', '2023-02-01 11:02:27'),
(4, '1', 2, 4, '2023-02-01 08:45:12', '2023-02-01 11:02:27'),
(5, '1', 2, 5, '2023-02-01 09:23:17', '2023-02-01 11:23:47'),
(6, '1', 2, 6, '2023-02-01 09:24:14', '2023-02-01 11:24:24'),
(7, '1', 2, 7, '2023-02-01 09:26:08', '2023-02-01 11:26:33'),
(8, '1', 2, 8, '2023-02-01 09:26:54', '2023-02-01 11:26:54'),
(9, '1', 2, 9, '2023-02-01 09:33:36', '2023-02-05 12:53:58'),
(10, '1', 2, 10, '2023-02-01 09:33:46', '2023-02-01 11:34:06'),
(11, '1', 2, 11, '2023-02-01 09:33:58', '2023-02-01 11:34:03'),
(12, '1', 2, 12, '2023-02-01 09:37:26', '2023-02-01 11:38:40'),
(14, '1', 2, 14, '2023-02-05 10:54:24', '2023-02-05 12:54:57'),
(15, '1', 2, 15, '2023-02-05 10:54:36', '2023-02-05 12:54:57');

-- --------------------------------------------------------

--
-- Table structure for table `message_texts`
--

CREATE TABLE `message_texts` (
  `id` bigint(20) UNSIGNED NOT NULL,
  `message_id` bigint(20) UNSIGNED NOT NULL,
  `Text` text COLLATE utf8mb4_unicode_ci NOT NULL,
  `created_at` timestamp NULL DEFAULT NULL,
  `updated_at` timestamp NULL DEFAULT NULL
) ENGINE=InnoDB DEFAULT CHARSET=utf8mb4 COLLATE=utf8mb4_unicode_ci;

--
-- Dumping data for table `message_texts`
--

INSERT INTO `message_texts` (`id`, `message_id`, `Text`, `created_at`, `updated_at`) VALUES
(1, 1, 'ttt', '2023-02-01 08:19:12', '2023-02-01 08:19:12'),
(2, 2, 'neww', '2023-02-01 08:19:53', '2023-02-01 08:19:53'),
(3, 3, 'dd', '2023-02-01 08:32:16', '2023-02-01 08:32:16'),
(4, 4, 'g', '2023-02-01 08:45:13', '2023-02-01 08:45:13'),
(5, 5, 'new testt', '2023-02-01 09:23:17', '2023-02-01 09:23:17'),
(6, 6, 'gfdfg', '2023-02-01 09:24:14', '2023-02-01 09:24:14'),
(7, 7, 'ddd', '2023-02-01 09:26:08', '2023-02-01 09:26:08'),
(8, 8, 'jffg', '2023-02-01 09:26:54', '2023-02-01 09:26:54'),
(9, 9, 'Vcxgb', '2023-02-01 09:33:36', '2023-02-01 09:33:36'),
(10, 10, 'Vfdcvh', '2023-02-01 09:33:46', '2023-02-01 09:33:46'),
(11, 11, 'yy', '2023-02-01 09:33:58', '2023-02-01 09:33:58'),
(12, 12, 'ggg', '2023-02-01 09:37:26', '2023-02-01 09:37:26'),
(13, 14, 'cvh', '2023-02-05 10:54:24', '2023-02-05 10:54:24'),
(14, 15, 'ch', '2023-02-05 10:54:36', '2023-02-05 10:54:36');

-- --------------------------------------------------------

--
-- Table structure for table `migrations`
--

CREATE TABLE `migrations` (
  `id` int(10) UNSIGNED NOT NULL,
  `migration` varchar(255) COLLATE utf8mb4_unicode_ci NOT NULL,
  `batch` int(11) NOT NULL
) ENGINE=InnoDB DEFAULT CHARSET=utf8mb4 COLLATE=utf8mb4_unicode_ci;

--
-- Dumping data for table `migrations`
--

INSERT INTO `migrations` (`id`, `migration`, `batch`) VALUES
(39, '2021_12_18_152151_create_classifcation_chats_table', 1),
(81, '2014_10_12_000000_create_users_table', 2),
(82, '2014_10_12_100000_create_password_resets_table', 2),
(83, '2016_06_01_000001_create_oauth_auth_codes_table', 2),
(84, '2016_06_01_000002_create_oauth_access_tokens_table', 2),
(85, '2016_06_01_000003_create_oauth_refresh_tokens_table', 2),
(86, '2016_06_01_000004_create_oauth_clients_table', 2),
(87, '2016_06_01_000005_create_oauth_personal_access_clients_table', 2),
(88, '2019_08_19_000000_create_failed_jobs_table', 2),
(89, '2021_08_22_083231_create_media_table', 2),
(90, '2021_09_16_095841_create_admins_table', 2),
(91, '2021_12_16_101735_create_sliders_table', 2),
(92, '2021_12_18_152537_create_rooms_table', 2),
(93, '2021_12_18_155018_create_user_chats_table', 2),
(94, '2021_12_18_155145_create_messages_table', 2),
(95, '2021_12_18_164602_create_room_members_table', 2),
(96, '2021_12_18_220244_create_ads_table', 2),
(97, '2021_12_19_142504_create_ads_texts_table', 2),
(98, '2021_12_20_121624_create_message_texts_table', 2),
(99, '2021_12_27_132036_create_media_types_table', 2),
(100, '2021_12_28_101535_create_social_media_table', 2),
(101, '2021_12_28_103613_create_app_settings_table', 2),
(102, '2022_01_02_152211_create_consultations_table', 2),
(103, '2022_01_04_155427_create_request_consultants_table', 2),
(104, '2022_01_06_133750_create_request_consultations_table', 2),
(105, '2022_01_17_145825_create_promo_codes_table', 2),
(106, '2022_01_17_145837_create_uses_promo_codes_table', 2),
(107, '2022_01_24_131729_create_consultant_admin_chats_table', 3),
(108, '2022_02_02_095150_create_consultation_locations_table', 4),
(109, '2022_02_02_133326_create_consultation_logs_table', 4),
(110, '2022_02_10_124214_create_referred_consultations_table', 5),
(111, '2022_02_16_102221_create_user_list_consultant_spesialists_table', 6),
(112, '2022_03_07_172818_create_custom_consultations_table', 7),
(113, '2022_03_08_150302_create_user_custom_consultations_table', 7),
(114, '2021_02_26_100859_admin_permissions', 8),
(115, '2021_02_26_100926_admin_roles', 8),
(116, '2021_02_26_104905_admin_role_permission', 8),
(117, '2022_02_26_102526_users_dashboards', 8),
(118, '2022_03_09_103506_create_notifications_table', 8),
(119, '2022_03_27_161240_create_button_settings_table', 9),
(120, '2022_04_03_112036_create_welcome_messages_table', 10),
(121, '2022_04_04_145437_create_country_codes_table', 10),
(122, '2022_04_17_120440_create_loading_ads_table', 11),
(123, '2022_04_18_121502_create_blocked_users_table', 12),
(124, '2022_04_25_150722_create_block_consultant_consultations_table', 13),
(125, '2022_04_27_104613_create_support_ads_table', 14),
(126, '2022_05_14_113602_create_chat_notifications_table', 15),
(127, '2022_05_23_123815_create_request_consultant_chats_table', 16),
(128, '2022_05_25_102829_create_vip_chats_table', 17),
(129, '2023_01_10_075703_create_specializations_table', 18),
(130, '2023_01_10_075714_create_doctors_table', 18),
(131, '2023_01_12_114644_create_time_slot_types_table', 19),
(132, '2023_01_12_114809_create_object_types_table', 19),
(133, '2023_01_12_114845_create_objects_table', 19),
(134, '2023_01_12_114914_create_object_details_table', 19),
(135, '2023_01_12_114954_create_object_week_days_table', 19),
(136, '2023_01_12_115137_create_time_slots_table', 19),
(137, '2023_01_12_115213_create_object_bookings_table', 19),
(139, '2023_01_18_112523_create_user_bookings_table', 20),
(140, '2023_01_19_122113_create_online_bookings_table', 21),
(142, '2023_01_30_092533_create_booking_messages_table', 22),
(143, '2023_01_30_103410_create_user_device_tokens_table', 23),
(144, '2023_02_05_155620_create_booking_notification_reminders_table', 24);

-- --------------------------------------------------------

--
-- Table structure for table `notifications`
--

CREATE TABLE `notifications` (
  `id` bigint(20) UNSIGNED NOT NULL,
  `title` varchar(250) COLLATE utf8mb4_unicode_ci NOT NULL,
  `body` text COLLATE utf8mb4_unicode_ci NOT NULL,
  `type` tinyint(1) NOT NULL DEFAULT '1',
  `status` int(1) NOT NULL DEFAULT '1',
  `user_id` bigint(20) UNSIGNED NOT NULL,
  `created_at` timestamp NULL DEFAULT NULL,
  `updated_at` timestamp NULL DEFAULT NULL
) ENGINE=InnoDB DEFAULT CHARSET=utf8mb4 COLLATE=utf8mb4_unicode_ci;

--
-- Dumping data for table `notifications`
--

INSERT INTO `notifications` (`id`, `title`, `body`, `type`, `status`, `user_id`, `created_at`, `updated_at`) VALUES
(1, 'حجز جديد', 'لديك حجز جديد ونوعه وجاهي في تاريخ 2023-02-06 من 09:00 إلى 09:15 مع n4', 1, 1, 157, '2023-02-05 13:26:13', '2023-02-05 13:26:13'),
(2, 'New booking', 'You have new booking and its type is direct on 2023-02-06 from 09:00 to 09:15 with n1', 1, 1, 161, '2023-02-05 13:26:13', '2023-02-05 13:26:13'),
(3, 'New booking', 'You have new booking and its type is direct on 2023-02-06 from 09:15 to 09:30 with n4', 1, 1, 157, '2023-02-05 13:29:09', '2023-02-05 13:29:09'),
(4, 'New booking', 'You have new booking and its type is direct on 2023-02-06 from 09:15 to 09:30 with n1', 1, 1, 161, '2023-02-05 13:29:09', '2023-02-05 13:29:09'),
(5, 'حجز جديد', 'لديك حجز جديد ونوعه وجاهي في تاريخ 2023-02-06 من 09:30 إلى 09:45 مع n4', 1, 1, 157, '2023-02-05 13:29:33', '2023-02-05 13:29:33'),
(6, 'New booking', 'You have new booking and its type is direct on 2023-02-06 from 09:30 to 09:45 with n1', 1, 1, 161, '2023-02-05 13:29:33', '2023-02-05 13:29:33'),
(7, 'New booking', 'You have new booking and its type is direct on 2023-02-06 from 09:45 to 10:00 with n4', 1, 1, 157, '2023-02-05 13:39:39', '2023-02-05 13:39:39'),
(8, 'New booking', 'You have new booking and its type is direct on 2023-02-06 from 09:45 to 10:00 with n1', 1, 1, 161, '2023-02-05 13:39:39', '2023-02-05 13:39:39'),
(9, 'حجز جديد', 'لديك حجز جديد ونوعه وجاهي في تاريخ 2023-02-08 من 09:00 إلى 09:15 مع n4', 1, 1, 157, '2023-02-05 13:41:06', '2023-02-05 13:41:06'),
(10, 'New booking', 'You have new booking and its type is direct on 2023-02-08 from 09:00 to 09:15 with n1', 1, 1, 161, '2023-02-05 13:41:06', '2023-02-05 13:41:06'),
(11, 'حجز جديد', 'لديك حجز جديد ونوعه وجاهي في تاريخ 2023-02-08 من 11:14 إلى 10:50 مع n4', 1, 1, 157, '2023-02-05 13:41:31', '2023-02-05 13:41:31'),
(12, 'New booking', 'You have new booking and its type is direct on 2023-02-08 from 11:14 to 10:50 with n1', 1, 1, 161, '2023-02-05 13:41:31', '2023-02-05 13:41:31'),
(13, 'حجز جديد', 'لديك حجز جديد ونوعه وجاهي في تاريخ 2023-02-08 من 10:50 إلى 10:55 مع n4', 1, 1, 157, '2023-02-05 13:43:37', '2023-02-05 13:43:37'),
(14, 'حجز جديد', 'لديك حجز جديد ونوعه وجاهي في تاريخ 2023-02-08 من 10:50 إلى 10:55 مع n1', 1, 1, 161, '2023-02-05 13:43:37', '2023-02-05 13:43:37');

-- --------------------------------------------------------

--
-- Table structure for table `oauth_auth_codes`
--

CREATE TABLE `oauth_auth_codes` (
  `id` varchar(100) COLLATE utf8mb4_unicode_ci NOT NULL,
  `user_id` bigint(20) UNSIGNED NOT NULL,
  `client_id` bigint(20) UNSIGNED NOT NULL,
  `scopes` text COLLATE utf8mb4_unicode_ci,
  `revoked` tinyint(1) NOT NULL,
  `expires_at` datetime DEFAULT NULL
) ENGINE=InnoDB DEFAULT CHARSET=utf8mb4 COLLATE=utf8mb4_unicode_ci;

-- --------------------------------------------------------

--
-- Table structure for table `oauth_personal_access_clients`
--

CREATE TABLE `oauth_personal_access_clients` (
  `id` bigint(20) UNSIGNED NOT NULL,
  `client_id` bigint(20) UNSIGNED NOT NULL,
  `created_at` timestamp NULL DEFAULT NULL,
  `updated_at` timestamp NULL DEFAULT NULL
) ENGINE=InnoDB DEFAULT CHARSET=utf8mb4 COLLATE=utf8mb4_unicode_ci;

--
-- Dumping data for table `oauth_personal_access_clients`
--

INSERT INTO `oauth_personal_access_clients` (`id`, `client_id`, `created_at`, `updated_at`) VALUES
(1, 1, '2022-01-24 09:28:26', '2022-01-24 09:28:26');

-- --------------------------------------------------------

--
-- Table structure for table `objects`
--

CREATE TABLE `objects` (
  `id` bigint(20) UNSIGNED NOT NULL,
  `name` varchar(255) COLLATE utf8mb4_unicode_ci NOT NULL,
  `type_id` bigint(20) UNSIGNED NOT NULL,
  `created_at` timestamp NULL DEFAULT NULL,
  `updated_at` timestamp NULL DEFAULT NULL
) ENGINE=InnoDB DEFAULT CHARSET=utf8mb4 COLLATE=utf8mb4_unicode_ci;

--
-- Dumping data for table `objects`
--

INSERT INTO `objects` (`id`, `name`, `type_id`, `created_at`, `updated_at`) VALUES
(1, 'Chef Eyad Restaurant', 1, NULL, NULL),
(2, 'Clinic A', 2, NULL, NULL);

-- --------------------------------------------------------

--
-- Table structure for table `object_bookings`
--

CREATE TABLE `object_bookings` (
  `id` bigint(20) UNSIGNED NOT NULL,
  `reservation_record_id` int(11) DEFAULT NULL,
  `date` date NOT NULL,
  `slot_id` bigint(20) UNSIGNED NOT NULL,
  `object_id` bigint(20) UNSIGNED NOT NULL,
  `is_online` tinyint(4) NOT NULL DEFAULT '0',
  `created_at` timestamp NULL DEFAULT NULL,
  `updated_at` timestamp NULL DEFAULT NULL
) ENGINE=InnoDB DEFAULT CHARSET=utf8mb4 COLLATE=utf8mb4_unicode_ci;

--
-- Dumping data for table `object_bookings`
--

INSERT INTO `object_bookings` (`id`, `reservation_record_id`, `date`, `slot_id`, `object_id`, `is_online`, `created_at`, `updated_at`) VALUES
(1, 1, '2023-02-06', 23, 4, 0, '2023-02-05 13:26:13', '2023-02-05 13:26:13'),
(2, 2, '2023-02-06', 24, 4, 0, '2023-02-05 13:29:09', '2023-02-05 13:29:09'),
(3, 3, '2023-02-06', 25, 4, 0, '2023-02-05 13:29:33', '2023-02-05 13:29:33'),
(4, 4, '2023-02-06', 26, 4, 0, '2023-02-05 13:39:39', '2023-02-05 13:39:39'),
(5, 5, '2023-02-08', 27, 4, 0, '2023-02-05 13:41:06', '2023-02-05 13:41:06'),
(6, 6, '2023-02-08', 28, 4, 0, '2023-02-05 13:41:30', '2023-02-05 13:41:30'),
(7, 7, '2023-02-08', 29, 4, 0, '2023-02-05 13:43:37', '2023-02-05 13:43:37');

-- --------------------------------------------------------

--
-- Table structure for table `object_details`
--

CREATE TABLE `object_details` (
  `id` bigint(20) UNSIGNED NOT NULL,
  `object_id` bigint(20) UNSIGNED NOT NULL,
  `time_slot_type_id` bigint(20) UNSIGNED NOT NULL,
  `description` varchar(255) COLLATE utf8mb4_unicode_ci DEFAULT NULL,
  `created_at` timestamp NULL DEFAULT NULL,
  `updated_at` timestamp NULL DEFAULT NULL
) ENGINE=InnoDB DEFAULT CHARSET=utf8mb4 COLLATE=utf8mb4_unicode_ci;

--
-- Dumping data for table `object_details`
--

INSERT INTO `object_details` (`id`, `object_id`, `time_slot_type_id`, `description`, `created_at`, `updated_at`) VALUES
(1, 1, 1, 'Table #1', NULL, NULL),
(2, 1, 1, 'Table #2', NULL, NULL),
(3, 1, 1, 'Table #3', NULL, NULL),
(4, 2, 2, 'Dr A', '2023-01-25 11:37:33', '2023-01-25 11:37:33');

-- --------------------------------------------------------

--
-- Table structure for table `object_types`
--

CREATE TABLE `object_types` (
  `id` bigint(20) UNSIGNED NOT NULL,
  `description` varchar(255) COLLATE utf8mb4_unicode_ci NOT NULL,
  `created_at` timestamp NULL DEFAULT NULL,
  `updated_at` timestamp NULL DEFAULT NULL
) ENGINE=InnoDB DEFAULT CHARSET=utf8mb4 COLLATE=utf8mb4_unicode_ci;

--
-- Dumping data for table `object_types`
--

INSERT INTO `object_types` (`id`, `description`, `created_at`, `updated_at`) VALUES
(1, 'Restaurants', NULL, NULL),
(2, 'Clinics', NULL, NULL);

-- --------------------------------------------------------

--
-- Table structure for table `object_week_days`
--

CREATE TABLE `object_week_days` (
  `id` bigint(20) UNSIGNED NOT NULL,
  `time_slot_type_id` bigint(20) UNSIGNED NOT NULL,
  `week_day_number` tinyint(4) NOT NULL,
  `week_day_en_name` varchar(255) COLLATE utf8mb4_unicode_ci NOT NULL,
  `week_day_ar_name` varchar(255) COLLATE utf8mb4_unicode_ci NOT NULL,
  `is_off` tinyint(4) NOT NULL,
  `created_at` timestamp NULL DEFAULT NULL,
  `updated_at` timestamp NULL DEFAULT NULL
) ENGINE=InnoDB DEFAULT CHARSET=utf8mb4 COLLATE=utf8mb4_unicode_ci;

--
-- Dumping data for table `object_week_days`
--

INSERT INTO `object_week_days` (`id`, `time_slot_type_id`, `week_day_number`, `week_day_en_name`, `week_day_ar_name`, `is_off`, `created_at`, `updated_at`) VALUES
(1, 1, 0, 'Sunday', 'الأحد', 0, NULL, NULL),
(2, 1, 1, 'Monday', 'الاثنين', 0, NULL, NULL),
(3, 1, 2, 'Tuesday', 'الثلاثاء', 0, NULL, NULL),
(4, 1, 3, 'Wednesday', 'الأربعاء', 0, NULL, NULL),
(5, 1, 4, 'Thursday', 'الخميس', 0, NULL, NULL),
(6, 1, 5, 'Friday', 'الجمعة', 1, NULL, NULL),
(7, 1, 6, 'Saturday', 'السبت', 0, NULL, NULL),
(8, 2, 1, 'Monday', 'الاثنين', 0, NULL, NULL),
(9, 2, 3, 'Wednesday', 'الأربعاء', 0, NULL, NULL);

-- --------------------------------------------------------

--
-- Table structure for table `online_bookings`
--

CREATE TABLE `online_bookings` (
  `id` bigint(20) UNSIGNED NOT NULL,
  `booking_id` bigint(20) UNSIGNED NOT NULL,
  `zoom_url` varchar(255) COLLATE utf8mb4_unicode_ci NOT NULL,
  `meeting_id` varchar(255) COLLATE utf8mb4_unicode_ci NOT NULL,
  `created_at` timestamp NULL DEFAULT NULL,
  `updated_at` timestamp NULL DEFAULT NULL
) ENGINE=InnoDB DEFAULT CHARSET=utf8mb4 COLLATE=utf8mb4_unicode_ci;

-- --------------------------------------------------------

--
-- Table structure for table `promo_codes`
--

CREATE TABLE `promo_codes` (
  `id` bigint(20) UNSIGNED NOT NULL,
  `user_id` bigint(20) UNSIGNED NOT NULL,
  `Promo_code` varchar(255) COLLATE utf8mb4_unicode_ci NOT NULL,
  `points` double(8,2) NOT NULL,
  `created_at` timestamp NULL DEFAULT NULL,
  `updated_at` timestamp NULL DEFAULT NULL
) ENGINE=InnoDB DEFAULT CHARSET=utf8mb4 COLLATE=utf8mb4_unicode_ci;

-- --------------------------------------------------------

--
-- Table structure for table `referred_consultations`
--

CREATE TABLE `referred_consultations` (
  `id` bigint(20) UNSIGNED NOT NULL,
  `consultation_id` bigint(20) UNSIGNED NOT NULL,
  `consultant_id` bigint(20) UNSIGNED NOT NULL,
  `room_id` bigint(20) UNSIGNED NOT NULL,
  `user_id` bigint(20) UNSIGNED NOT NULL,
  `status` tinyint(1) NOT NULL DEFAULT '1' COMMENT '1-not read 2 -readable 3-not important 4-completed',
  `type` varchar(255) COLLATE utf8mb4_unicode_ci NOT NULL COMMENT '1-Pharmacist 2-nutrition 3-diabetes',
  `created_at` timestamp NULL DEFAULT NULL,
  `updated_at` timestamp NULL DEFAULT NULL
) ENGINE=InnoDB DEFAULT CHARSET=utf8mb4 COLLATE=utf8mb4_unicode_ci;

-- --------------------------------------------------------

--
-- Table structure for table `request_consultants`
--

CREATE TABLE `request_consultants` (
  `id` bigint(20) UNSIGNED NOT NULL,
  `user_id` bigint(20) UNSIGNED NOT NULL,
  `status` int(11) NOT NULL DEFAULT '1' COMMENT '1-waiting 2-accepted 3 rejected',
  `created_at` timestamp NULL DEFAULT NULL,
  `updated_at` timestamp NULL DEFAULT NULL
) ENGINE=InnoDB DEFAULT CHARSET=utf8mb4 COLLATE=utf8mb4_unicode_ci;

-- --------------------------------------------------------

--
-- Table structure for table `request_consultant_chats`
--

CREATE TABLE `request_consultant_chats` (
  `id` bigint(20) UNSIGNED NOT NULL,
  `request_id` bigint(20) UNSIGNED NOT NULL,
  `room_id` bigint(20) UNSIGNED NOT NULL,
  `status` bigint(20) UNSIGNED NOT NULL COMMENT '1-active  2-not active',
  `created_at` timestamp NULL DEFAULT NULL,
  `updated_at` timestamp NULL DEFAULT NULL
) ENGINE=InnoDB DEFAULT CHARSET=utf8mb4 COLLATE=utf8mb4_unicode_ci;

-- --------------------------------------------------------

--
-- Table structure for table `request_consultations`
--

CREATE TABLE `request_consultations` (
  `id` bigint(20) UNSIGNED NOT NULL,
  `user_id` bigint(20) UNSIGNED NOT NULL,
  `room_id` bigint(20) UNSIGNED NOT NULL,
  `status` int(11) NOT NULL DEFAULT '1' COMMENT '1-waiting and not readed 2-accepted and readed 3 -follow up 4-rejected 5-completed 6-vip',
  `created_at` timestamp NULL DEFAULT NULL,
  `updated_at` timestamp NULL DEFAULT NULL
) ENGINE=InnoDB DEFAULT CHARSET=utf8mb4 COLLATE=utf8mb4_unicode_ci;

--
-- Dumping data for table `request_consultations`
--

INSERT INTO `request_consultations` (`id`, `user_id`, `room_id`, `status`, `created_at`, `updated_at`) VALUES
(1, 157, 1967, 4, '2023-02-01 08:19:53', '2023-02-01 09:30:36'),
(2, 157, 1973, 3, '2023-02-01 09:23:17', '2023-02-01 09:28:49'),
(3, 159, 1974, 2, '2023-02-01 09:33:36', '2023-02-05 10:53:57');

-- --------------------------------------------------------

--
-- Table structure for table `rooms`
--

CREATE TABLE `rooms` (
  `id` bigint(20) UNSIGNED NOT NULL,
  `room_id` varchar(255) COLLATE utf8mb4_unicode_ci NOT NULL DEFAULT '1',
  `status` tinyint(1) NOT NULL DEFAULT '1' COMMENT '1-active 2-inactive ',
  `type` int(11) NOT NULL DEFAULT '1' COMMENT '1-one-one 2-group',
  `standard` int(11) NOT NULL DEFAULT '1' COMMENT '1 -normal 2-Vip ',
  `chat_type` int(11) NOT NULL DEFAULT '1' COMMENT '1 -normal 2-consultant - user 3- admin - consultant',
  `created_at` timestamp NOT NULL DEFAULT CURRENT_TIMESTAMP,
  `updated_at` timestamp NOT NULL DEFAULT CURRENT_TIMESTAMP ON UPDATE CURRENT_TIMESTAMP
) ENGINE=InnoDB DEFAULT CHARSET=utf8mb4 COLLATE=utf8mb4_unicode_ci;

--
-- Dumping data for table `rooms`
--

INSERT INTO `rooms` (`id`, `room_id`, `status`, `type`, `standard`, `chat_type`, `created_at`, `updated_at`) VALUES
(1888, 'xjbgnh55vt5wpfd13zrxg', 1, 1, 1, 2, '2022-07-07 12:43:24', '2022-07-13 12:00:14'),
(1889, 'oKh5mQus3QOvkduWEFQUpL69WfLSSD', 1, 1, 1, 1, '2022-07-13 09:24:12', '2022-07-13 09:24:12'),
(1890, 'vvnhyzv25gmowuwc0vp06f', 1, 1, 1, 2, '2022-07-13 09:08:02', '2022-09-11 08:57:29'),
(1891, 'FoYV6qpz5c3LDnRB4EgKsV6o6hllxF', 1, 1, 1, 1, '2022-07-13 12:54:34', '2022-07-13 12:54:34'),
(1892, '9anmy72rifjeyx3nyuti8s', 1, 1, 1, 2, '2022-07-13 12:01:25', '2022-07-14 08:28:40'),
(1893, 'eWck21qvSPJGScvhb3bPtrLnsRdUKc', 1, 1, 1, 3, '2022-07-13 15:23:26', '2022-07-13 15:23:26'),
(1894, 'k8atm0g9zrlvt15rmludlf', 1, 1, 1, 2, '2022-07-14 08:33:40', '2022-07-14 08:33:54'),
(1895, 'ty6icoaxpkgxg2i8imeiv', 1, 1, 1, 2, '2022-07-14 08:36:09', '2022-07-14 08:53:09'),
(1896, 'jm49du6opqgm37tvluq6e9', 1, 1, 2, 2, '2022-07-14 08:48:31', '2022-09-13 20:08:28'),
(1897, '5wl7li4qkdih9bbcqqg72v', 1, 1, 1, 2, '2022-07-14 08:58:50', '2022-07-14 08:59:00'),
(1898, '7t94706mj1t8o9dq7oezwr', 1, 1, 1, 2, '2022-07-14 08:59:54', '2022-07-14 09:00:39'),
(1899, 'hymlvwr6gilomyfh33d9g8', 1, 1, 1, 2, '2022-07-14 09:02:47', '2022-07-14 09:02:57'),
(1900, '38GaNtjcK3eHa2vOVhcCFaOxxIVYX1', 1, 1, 1, 1, '2022-07-14 10:06:38', '2022-07-14 10:06:38'),
(1901, 'VUmqYZxwCFzzebHolINsn1kbELopBe', 1, 1, 1, 1, '2022-07-14 10:14:07', '2022-07-14 10:14:07'),
(1902, 'gIVXEPFS8ri1oDEJ8OeiypugzZ5pFF', 1, 1, 1, 1, '2022-07-14 12:31:54', '2022-07-14 12:31:54'),
(1903, 'yJuLZOSJrNjit7s0UF8zC598otXEDK', 1, 1, 1, 1, '2022-07-14 13:37:47', '2022-07-14 13:37:47'),
(1904, 'KZStw2NFnltC77S8cXGYSarKekiVY8', 1, 1, 1, 1, '2022-07-16 06:19:07', '2022-07-16 06:19:07'),
(1905, 'e5tl3ism5tj551mg7l6uft', 1, 1, 1, 2, '2022-07-17 14:20:57', '2022-09-10 08:43:12'),
(1906, 'k9cwgTH10XNaBNpyAiUowEZLte9sDs', 1, 1, 1, 1, '2022-07-19 05:19:14', '2022-07-19 05:19:14'),
(1907, 'fjf2cra77ask9y3ye7339', 1, 1, 1, 2, '2022-07-19 04:19:50', '2022-09-13 20:07:07'),
(1909, 'QLtAKJ7GG0auvOQw4nEkjpdBGA4CTD', 1, 1, 1, 1, '2022-07-20 14:28:21', '2022-07-20 14:28:21'),
(1910, 'lAbsu9uH7bIC0thuAeT9qeEzPdeWjy', 1, 1, 1, 1, '2022-07-20 14:29:34', '2022-07-20 14:29:34'),
(1911, 'xrVrvVro5J10Ah7MpoH3VJVppCX58A', 1, 1, 1, 1, '2022-07-23 19:07:02', '2022-07-23 19:07:02'),
(1912, 'DV0KVv3BPlKrA30LbQGi0qEaJgN8QP', 1, 1, 1, 3, '2022-09-04 15:52:51', '2022-09-04 15:52:51'),
(1913, 'giuJVW8MjThBnifqtkfKa5IQXQnazv', 1, 1, 1, 1, '2022-09-04 15:54:36', '2022-09-04 15:54:36'),
(1914, 'uS0zirO5F9CWbQgu26FxPDL3tAYMNW', 1, 1, 1, 1, '2022-09-07 21:01:21', '2022-09-07 21:01:21'),
(1915, '8ATkmxPXhp0kLqy1IdntIONcTQSAWO', 1, 1, 1, 1, '2022-09-07 21:06:30', '2022-09-07 21:06:30'),
(1927, '8ShPSPB7900pNm62AG1Yj2qB742CO6', 1, 1, 1, 1, '2022-09-07 21:07:55', '2022-09-07 21:07:55'),
(1928, 'TAsdSSJFPr33FWCHjo0rpeJI4YABFd', 1, 1, 1, 1, '2022-09-08 04:04:26', '2022-09-08 04:04:26'),
(1929, 'tsydizs4yrepuio50kfff', 1, 1, 1, 2, '2022-09-10 08:44:09', '2022-11-29 11:11:14'),
(1930, '2a4nbp4578wb5wvkwkjftb', 1, 1, 1, 2, '2022-09-10 08:50:08', '2022-09-10 08:50:08'),
(1931, '4ocf31n0amxxpof87fgbt', 1, 1, 1, 2, '2022-09-10 08:50:19', '2022-09-10 08:50:19'),
(1932, '5ull1oqo2jvz1dbx6leiq', 1, 1, 1, 2, '2022-09-10 08:53:17', '2022-09-10 08:53:17'),
(1933, 'zebhdG1iqvARJndXBGXuG7lS2wrTWW', 1, 1, 1, 1, '2022-09-10 09:56:37', '2022-09-10 09:56:37'),
(1934, 'zVcolgVOps6esxpJm4E0xraA6rGEOj', 1, 1, 1, 3, '2022-09-10 09:58:55', '2022-09-10 09:58:55'),
(1935, 'cjhhfqtcssatysa4h9zir', 1, 1, 1, 2, '2022-09-10 09:03:19', '2022-11-29 11:12:06'),
(1936, 'gnhvn11diipjxti6u1zk', 1, 1, 1, 2, '2022-09-10 09:48:33', '2022-09-10 09:48:33'),
(1937, 'opozphirp3kwbe5nn7rtxr', 1, 1, 1, 2, '2022-09-10 09:48:35', '2022-09-10 09:48:35'),
(1938, 'm36f36ec07yc3u7vpqwlm', 1, 1, 1, 2, '2022-09-10 09:48:35', '2022-09-10 09:48:35'),
(1939, 'kcqfxd0ii0p5eke8cpf6vv', 1, 1, 1, 2, '2022-09-10 10:11:39', '2022-09-10 10:11:39'),
(1940, '9xp22lq2hx6tzu104z9ss', 1, 1, 1, 2, '2022-09-10 10:11:39', '2022-09-10 10:11:39'),
(1941, '96neydknisygl67m3ca7', 1, 1, 1, 2, '2022-09-10 10:11:41', '2022-09-10 10:11:41'),
(1942, '0wmth4ubrtknb15fdjpxjc5', 1, 1, 1, 2, '2022-09-10 10:12:21', '2022-09-10 10:12:21'),
(1943, '1SAF0VH1gQUMPD5Dv17S2fR0dQnvd6', 1, 1, 1, 3, '2022-09-10 11:15:17', '2022-09-10 11:15:17'),
(1944, 'zkzqaf8gdkojawk8qke59h', 1, 1, 1, 2, '2022-09-10 10:15:45', '2022-09-10 12:33:09'),
(1945, 'wvw9davctlm23qeskmwum', 1, 1, 1, 2, '2022-09-10 10:18:11', '2022-09-10 10:18:11'),
(1946, 'dy519bqwsxvxw2j97ahss', 1, 1, 1, 2, '2022-09-10 10:18:12', '2022-09-10 10:18:12'),
(1947, '75iYdA19KNmcjikLZ4NuU2MEA1zM3s', 1, 1, 1, 3, '2022-09-10 13:20:24', '2022-09-10 13:20:24'),
(1948, '893scymzm0xlag0us47inf', 1, 1, 1, 2, '2022-09-10 12:33:22', '2022-11-29 11:02:21'),
(1949, 'odvJNCEN18ejLiWxdJTV5JbqAyeULe', 1, 1, 1, 3, '2022-09-10 13:42:42', '2022-09-10 13:42:42'),
(1950, 'qfidxhjo9tb71175sner6d', 1, 1, 1, 2, '2022-09-11 08:19:00', '2022-09-11 08:26:46'),
(1951, 'SbzEFOXPrrP32y4Lqo8lemfuUbD98L', 1, 1, 1, 1, '2022-09-11 09:34:00', '2022-09-11 09:34:00'),
(1952, 'hNojGDkRnOUm8rlC8QdmpDYxtMapOe', 1, 1, 1, 1, '2022-09-11 09:35:36', '2022-09-11 09:35:36'),
(1953, '4qnyeu3ss57pmjg8exfbj', 1, 1, 1, 2, '2022-09-11 08:43:40', '2022-09-11 08:51:10'),
(1954, 'HY45TzrmvckcFW1MlHDv808f39TFdc', 1, 1, 1, 1, '2022-10-18 08:16:08', '2022-10-18 08:16:08'),
(1955, 'g851j6ueg1qcs4q691g5d', 1, 1, 1, 2, '2022-11-01 09:53:11', '2022-11-15 01:01:14'),
(1956, 'oboyqt8b4886tbgycgaca', 1, 1, 1, 2, '2022-11-29 11:13:12', '2023-01-09 07:43:28'),
(1957, 'EPgX9ieILf8i6cob8EIiFE49jjZLWv', 1, 1, 1, 1, '2022-11-29 13:23:21', '2022-11-29 13:23:21'),
(1958, 'YhXETJJU8mup93t88T9SOIS7FckXOu', 1, 1, 1, 1, '2022-11-29 13:24:02', '2022-11-29 13:24:02'),
(1959, 'cx1q84lu6w33sg5c8p73y', 1, 1, 1, 2, '2022-12-14 10:36:57', '2022-12-14 10:36:57'),
(1960, 'v8RShAxurUKd8sQMXJGci7xUuCQpW4', 1, 1, 1, 1, '2022-12-21 20:19:28', '2022-12-21 20:19:28'),
(1961, 'bK7mOqGuzpMiPW63dGrBtS23OXoqem', 1, 1, 1, 1, '2023-01-08 06:37:32', '2023-01-08 06:37:32'),
(1962, 'BvA28pYq5zyP9bMzL21VV4viBuLlXn', 1, 1, 1, 1, '2023-01-08 06:46:30', '2023-01-08 06:46:30'),
(1963, '4UcCt085PA12JUlyF0yqYRdqHNLJ9t', 1, 1, 1, 1, '2023-01-08 06:47:45', '2023-01-08 06:47:45'),
(1965, '0xltgcfhl2gpgo5qbih7r5a', 1, 1, 1, 2, '2023-01-09 07:44:16', '2023-01-09 07:44:47'),
(1966, 'x8hnef3YxeOPkqBX6hKy8AxntndeIM', 1, 1, 1, 3, '2023-02-01 10:19:04', '2023-02-01 10:19:04'),
(1967, 'x8t3mru7lfjwlznhk8ecn', 1, 1, 1, 2, '2023-02-01 08:19:53', '2023-02-01 09:30:36'),
(1968, 'v0ac2r7w5qcl37lao8jctm', 1, 1, 1, 2, '2023-02-01 09:03:41', '2023-02-01 09:03:41'),
(1969, 'g3vhnzg6lbiyymnsrykxq', 1, 1, 1, 2, '2023-02-01 09:03:43', '2023-02-01 09:03:43'),
(1970, 'y415qruj64uvp1k6u8zqg', 1, 1, 1, 2, '2023-02-01 09:03:43', '2023-02-01 09:03:43'),
(1971, 'rukpogru0tr35az1d5fm', 1, 1, 1, 2, '2023-02-01 09:03:46', '2023-02-01 09:03:46'),
(1972, 'nazqi8y3yhqkwipkgakso', 1, 1, 1, 2, '2023-02-01 09:03:46', '2023-02-01 09:03:46'),
(1973, 'awaebeosv3max2i5xxkq', 1, 1, 1, 2, '2023-02-01 09:23:17', '2023-02-01 09:28:49'),
(1974, '7ar51sl9h3fy0kfggt3m57', 1, 1, 1, 2, '2023-02-01 09:33:36', '2023-02-05 10:53:57');

-- --------------------------------------------------------

--
-- Table structure for table `room_members`
--

CREATE TABLE `room_members` (
  `id` bigint(20) UNSIGNED NOT NULL,
  `user_id` bigint(20) UNSIGNED NOT NULL,
  `room_id` bigint(20) UNSIGNED NOT NULL,
  `created_at` timestamp NOT NULL DEFAULT CURRENT_TIMESTAMP,
  `updated_at` timestamp NOT NULL DEFAULT CURRENT_TIMESTAMP ON UPDATE CURRENT_TIMESTAMP
) ENGINE=InnoDB DEFAULT CHARSET=utf8mb4 COLLATE=utf8mb4_unicode_ci;

--
-- Dumping data for table `room_members`
--

INSERT INTO `room_members` (`id`, `user_id`, `room_id`, `created_at`, `updated_at`) VALUES
(1, 159, 1966, '2023-02-01 10:19:04', '2023-02-01 10:19:04'),
(2, 161, 1966, '2023-02-01 10:19:04', '2023-02-01 10:19:04'),
(3, 157, 1967, '2023-02-01 08:20:56', '2023-02-01 08:20:56'),
(4, 159, 1967, '2023-02-01 08:20:56', '2023-02-01 08:20:56'),
(5, 157, 1967, '2023-02-01 09:02:57', '2023-02-01 09:02:57'),
(6, 161, 1967, '2023-02-01 09:02:57', '2023-02-01 09:02:57'),
(7, 157, 1967, '2023-02-01 09:03:10', '2023-02-01 09:03:10'),
(8, 161, 1967, '2023-02-01 09:03:10', '2023-02-01 09:03:10'),
(9, 157, 1967, '2023-02-01 09:03:12', '2023-02-01 09:03:12'),
(10, 161, 1967, '2023-02-01 09:03:12', '2023-02-01 09:03:12'),
(11, 157, 1967, '2023-02-01 09:03:48', '2023-02-01 09:03:48'),
(12, 161, 1967, '2023-02-01 09:03:48', '2023-02-01 09:03:48'),
(13, 157, 1967, '2023-02-01 09:03:49', '2023-02-01 09:03:49'),
(14, 161, 1967, '2023-02-01 09:03:49', '2023-02-01 09:03:49'),
(15, 157, 1973, '2023-02-01 09:23:46', '2023-02-01 09:23:46'),
(16, 161, 1973, '2023-02-01 09:23:46', '2023-02-01 09:23:46'),
(17, 157, 1967, '2023-02-01 09:25:43', '2023-02-01 09:25:43'),
(18, 161, 1967, '2023-02-01 09:25:43', '2023-02-01 09:25:43'),
(19, 157, 1973, '2023-02-01 09:27:08', '2023-02-01 09:27:08'),
(20, 161, 1973, '2023-02-01 09:27:08', '2023-02-01 09:27:08'),
(21, 157, 1973, '2023-02-01 09:28:49', '2023-02-01 09:28:49'),
(22, 161, 1973, '2023-02-01 09:28:49', '2023-02-01 09:28:49'),
(23, 157, 1967, '2023-02-01 09:30:11', '2023-02-01 09:30:11'),
(24, 161, 1967, '2023-02-01 09:30:11', '2023-02-01 09:30:11'),
(25, 157, 1967, '2023-02-01 09:30:35', '2023-02-01 09:30:35'),
(26, 161, 1967, '2023-02-01 09:30:35', '2023-02-01 09:30:35'),
(27, 159, 1974, '2023-02-05 10:53:57', '2023-02-05 10:53:57'),
(28, 161, 1974, '2023-02-05 10:53:57', '2023-02-05 10:53:57');

-- --------------------------------------------------------

--
-- Table structure for table `sliders`
--

CREATE TABLE `sliders` (
  `id` bigint(20) UNSIGNED NOT NULL,
  `status` tinyint(1) NOT NULL DEFAULT '1',
  `created_at` timestamp NOT NULL DEFAULT CURRENT_TIMESTAMP,
  `updated_at` timestamp NOT NULL DEFAULT CURRENT_TIMESTAMP ON UPDATE CURRENT_TIMESTAMP
) ENGINE=InnoDB DEFAULT CHARSET=utf8mb4 COLLATE=utf8mb4_unicode_ci;

--
-- Dumping data for table `sliders`
--

INSERT INTO `sliders` (`id`, `status`, `created_at`, `updated_at`) VALUES
(4, 0, '2022-04-22 03:44:48', '2022-06-11 14:43:59'),
(5, 0, '2022-05-09 09:56:56', '2022-06-11 13:43:04'),
(6, 0, '2022-05-09 10:00:23', '2022-06-11 14:43:58'),
(7, 1, '2022-05-09 10:34:41', '2022-06-14 18:49:12'),
(8, 0, '2022-05-09 10:39:29', '2022-06-11 14:43:57'),
(20, 0, '2022-05-09 10:42:04', '2022-06-11 14:43:56'),
(21, 1, '2022-05-09 10:42:53', '2022-09-05 10:58:45'),
(22, 1, '2022-05-09 10:42:53', '2022-06-15 08:28:02'),
(24, 0, '2022-05-09 12:16:07', '2022-06-11 14:43:53'),
(25, 0, '2022-05-09 12:16:13', '2022-06-11 14:43:50'),
(26, 0, '2022-05-09 12:16:35', '2022-06-11 14:43:51'),
(27, 0, '2022-05-10 08:34:35', '2022-06-11 14:43:49'),
(28, 0, '2022-05-10 09:04:02', '2022-06-11 14:43:49'),
(29, 0, '2022-05-10 09:30:13', '2022-06-11 14:43:48'),
(30, 1, '2022-09-05 10:59:31', '2022-09-05 10:59:31');

-- --------------------------------------------------------

--
-- Table structure for table `social_media`
--

CREATE TABLE `social_media` (
  `id` bigint(20) UNSIGNED NOT NULL,
  `type` varchar(255) COLLATE utf8mb4_unicode_ci NOT NULL,
  `url` varchar(255) COLLATE utf8mb4_unicode_ci NOT NULL,
  `created_at` timestamp NULL DEFAULT NULL,
  `updated_at` timestamp NULL DEFAULT NULL
) ENGINE=InnoDB DEFAULT CHARSET=utf8mb4 COLLATE=utf8mb4_unicode_ci;

--
-- Dumping data for table `social_media`
--

INSERT INTO `social_media` (`id`, `type`, `url`, `created_at`, `updated_at`) VALUES
(12, 'tee32', 'https://dashboard.isteshara.digisolapps.com/en/admin/social-media/create', '2022-03-20 15:06:08', '2022-06-01 07:35:01'),
(13, 'yyy', 'https://www.itsolutionstuff.com/post/how-to-create-custom-route-file-in-laravelexample.html', '2022-03-20 15:11:28', '2022-03-20 15:11:28'),
(14, 'test for you', 'https://dashboard.isteshara.digisolapps.com/en/admin/social-media/create', '2022-03-24 13:14:31', '2022-03-24 13:14:31');

-- --------------------------------------------------------

--
-- Table structure for table `specializations`
--

CREATE TABLE `specializations` (
  `id` bigint(20) UNSIGNED NOT NULL,
  `name_en` varchar(255) COLLATE utf8mb4_unicode_ci NOT NULL,
  `name_ar` varchar(255) COLLATE utf8mb4_unicode_ci NOT NULL,
  `description` text COLLATE utf8mb4_unicode_ci,
  `created_at` timestamp NULL DEFAULT NULL,
  `updated_at` timestamp NULL DEFAULT NULL
) ENGINE=InnoDB DEFAULT CHARSET=utf8mb4 COLLATE=utf8mb4_unicode_ci;

--
-- Dumping data for table `specializations`
--

INSERT INTO `specializations` (`id`, `name_en`, `name_ar`, `description`, `created_at`, `updated_at`) VALUES
(1, 'Nutrition', 'تغذية', 'Description', '2023-01-30 08:39:27', '2023-01-30 08:39:27');

-- --------------------------------------------------------

--
-- Table structure for table `support_ads`
--

CREATE TABLE `support_ads` (
  `id` bigint(20) UNSIGNED NOT NULL,
  `user_id` bigint(20) UNSIGNED NOT NULL,
  `admin_id` bigint(20) UNSIGNED NOT NULL,
  `room_id` bigint(20) UNSIGNED NOT NULL,
  `status` tinyint(1) NOT NULL DEFAULT '1' COMMENT '1 - booked up 2-Finish',
  `created_at` timestamp NULL DEFAULT NULL,
  `updated_at` timestamp NULL DEFAULT NULL
) ENGINE=InnoDB DEFAULT CHARSET=utf8mb4 COLLATE=utf8mb4_unicode_ci;

-- --------------------------------------------------------

--
-- Table structure for table `time_slots`
--

CREATE TABLE `time_slots` (
  `id` bigint(20) UNSIGNED NOT NULL,
  `time_from` time NOT NULL,
  `time_to` time NOT NULL,
  `object_week_days_id` bigint(20) UNSIGNED NOT NULL,
  `description` text COLLATE utf8mb4_unicode_ci NOT NULL,
  `created_at` timestamp NULL DEFAULT NULL,
  `updated_at` timestamp NULL DEFAULT NULL
) ENGINE=InnoDB DEFAULT CHARSET=utf8mb4 COLLATE=utf8mb4_unicode_ci;

--
-- Dumping data for table `time_slots`
--

INSERT INTO `time_slots` (`id`, `time_from`, `time_to`, `object_week_days_id`, `description`, `created_at`, `updated_at`) VALUES
(1, '12:00:00', '13:30:00', 1, 'فترة الدوام من الساعة 12:00 م إلى الساعة 01:30 م', NULL, NULL),
(2, '13:30:00', '15:00:00', 1, 'فترة الدوام من الساعة 01:30 م إلى الساعة 03:00 م', NULL, NULL),
(3, '15:00:00', '16:30:00', 1, 'فترة الدوام من الساعة 03:00 م إلى الساعة 04:30 م', NULL, NULL),
(4, '16:30:00', '18:00:00', 1, 'فترة الدوام من الساعة 04:30 م إلى الساعة 06:00 م', NULL, NULL),
(5, '18:00:00', '20:00:00', 1, 'فترة الدوام من الساعة 06:00 م إلى الساعة 08:00 م', NULL, NULL),
(6, '20:00:00', '22:00:00', 1, 'فترة الدوام من الساعة 08:00 م إلى الساعة 10:00 م', NULL, NULL),
(7, '22:00:00', '00:00:00', 1, 'فترة الدوام من الساعة 10:00 م إلى الساعة 12:00 ص', NULL, NULL),
(8, '12:00:00', '13:30:00', 2, 'فترة الدوام من الساعة 12:00 م إلى الساعة 01:30 م', NULL, NULL),
(9, '13:30:00', '15:00:00', 2, 'فترة الدوام من الساعة 01:30 م إلى الساعة 03:00 م', NULL, NULL),
(10, '15:00:00', '16:30:00', 2, 'فترة الدوام من الساعة 03:00 م إلى الساعة 04:30 م', NULL, NULL),
(11, '16:30:00', '18:00:00', 2, 'فترة الدوام من الساعة 04:30 م إلى الساعة 06:00 م', NULL, NULL),
(12, '18:00:00', '20:00:00', 2, 'فترة الدوام من الساعة 06:00 م إلى الساعة 08:00 م', NULL, NULL),
(13, '20:00:00', '22:00:00', 2, 'فترة الدوام من الساعة 08:00 م إلى الساعة 10:00 م', NULL, NULL),
(14, '22:00:00', '00:00:00', 2, 'فترة الدوام من الساعة 10:00 م إلى الساعة 12:00 ص', NULL, NULL),
(15, '12:00:00', '13:30:00', 3, '', NULL, NULL),
(16, '13:30:00', '15:00:00', 3, '', NULL, NULL),
(17, '15:00:00', '16:30:00', 3, '', NULL, NULL),
(18, '16:30:00', '18:00:00', 3, '', NULL, NULL),
(19, '18:00:00', '20:00:00', 3, '', NULL, NULL),
(20, '20:00:00', '22:00:00', 3, '', NULL, NULL),
(21, '22:00:00', '00:00:00', 3, '', NULL, NULL),
(22, '12:00:00', '13:30:00', 4, '', NULL, NULL),
(23, '09:00:00', '09:15:00', 8, 'فترة الحجز من الساعة 09:00 ص إلى 09:15 ص', NULL, NULL),
(24, '09:15:00', '09:30:00', 8, 'فترة الحجز من الساعة 09:15 ص إلى 09:30 ص', NULL, NULL),
(25, '09:30:00', '09:45:00', 8, 'فترة الحجز من الساعة 09:30 ص إلى 09:45 ص', NULL, NULL),
(26, '09:45:00', '10:00:00', 8, 'فترة الحجز من الساعة 09:45 ص إلى 10:00 ص', NULL, NULL),
(27, '09:00:00', '09:15:00', 9, 'فترة الحجز من الساعة 09:00 ص إلى 09:15 ص', NULL, NULL),
(28, '11:14:00', '10:50:00', 9, 'فترة الحجز من الساعة 09:15 ص إلى 09:30 ص', NULL, NULL),
(29, '10:50:00', '10:55:00', 9, 'فترة الحجز من الساعة 09:30 ص إلى 09:45 ص', NULL, NULL),
(30, '09:45:00', '10:00:00', 9, 'فترة الحجز من الساعة 09:45 ص إلى 10:00 ص', NULL, NULL);

-- --------------------------------------------------------

--
-- Table structure for table `time_slot_types`
--

CREATE TABLE `time_slot_types` (
  `id` bigint(20) UNSIGNED NOT NULL,
  `description` text COLLATE utf8mb4_unicode_ci NOT NULL,
  `slot_duration` varchar(255) COLLATE utf8mb4_unicode_ci NOT NULL,
  `time_from` time NOT NULL,
  `time_to` time NOT NULL,
  `created_at` timestamp NULL DEFAULT NULL,
  `updated_at` timestamp NULL DEFAULT NULL
) ENGINE=InnoDB DEFAULT CHARSET=utf8mb4 COLLATE=utf8mb4_unicode_ci;

--
-- Dumping data for table `time_slot_types`
--

INSERT INTO `time_slot_types` (`id`, `description`, `slot_duration`, `time_from`, `time_to`, `created_at`, `updated_at`) VALUES
(1, 'دوام حجز مطعم يوميا', '60 min', '12:00:00', '00:00:00', NULL, NULL),
(2, 'دوام حجز أطباء أثنين وأربعاء', '15 min', '09:00:00', '10:00:00', NULL, NULL);

-- --------------------------------------------------------

--
-- Table structure for table `user_bookings`
--

CREATE TABLE `user_bookings` (
  `id` bigint(20) UNSIGNED NOT NULL,
  `user_id` bigint(20) UNSIGNED NOT NULL,
  `reservation_record_id` int(11) NOT NULL,
  `created_at` timestamp NULL DEFAULT NULL,
  `updated_at` timestamp NULL DEFAULT NULL
) ENGINE=InnoDB DEFAULT CHARSET=utf8mb4 COLLATE=utf8mb4_unicode_ci;

--
-- Dumping data for table `user_bookings`
--

INSERT INTO `user_bookings` (`id`, `user_id`, `reservation_record_id`, `created_at`, `updated_at`) VALUES
(1, 157, 1, '2023-02-05 13:26:13', '2023-02-05 13:26:13'),
(2, 157, 2, '2023-02-05 13:29:09', '2023-02-05 13:29:09'),
(3, 157, 3, '2023-02-05 13:29:33', '2023-02-05 13:29:33'),
(4, 157, 4, '2023-02-05 13:39:39', '2023-02-05 13:39:39'),
(5, 157, 5, '2023-02-05 13:41:06', '2023-02-05 13:41:06'),
(6, 157, 6, '2023-02-05 13:41:31', '2023-02-05 13:41:31'),
(7, 157, 7, '2023-02-05 13:43:37', '2023-02-05 13:43:37');

-- --------------------------------------------------------

--
-- Table structure for table `user_chats`
--

CREATE TABLE `user_chats` (
  `id` bigint(20) UNSIGNED NOT NULL,
  `status` tinyint(1) NOT NULL DEFAULT '1' COMMENT '0-deleted 1-unread 2-readable',
  `user_id` bigint(20) UNSIGNED NOT NULL,
  `room_id` bigint(20) UNSIGNED NOT NULL,
  `created_at` timestamp NOT NULL DEFAULT CURRENT_TIMESTAMP,
  `updated_at` timestamp NOT NULL DEFAULT CURRENT_TIMESTAMP ON UPDATE CURRENT_TIMESTAMP
) ENGINE=InnoDB DEFAULT CHARSET=utf8mb4 COLLATE=utf8mb4_unicode_ci;

--
-- Dumping data for table `user_chats`
--

INSERT INTO `user_chats` (`id`, `status`, `user_id`, `room_id`, `created_at`, `updated_at`) VALUES
(1, 2, 161, 1966, '2023-02-01 08:19:12', '2023-02-01 11:33:31'),
(2, 2, 157, 1967, '2023-02-01 08:19:53', '2023-02-01 10:20:57'),
(3, 2, 157, 1967, '2023-02-01 08:32:16', '2023-02-01 11:02:27'),
(4, 2, 157, 1967, '2023-02-01 08:45:12', '2023-02-01 11:02:27'),
(5, 2, 157, 1973, '2023-02-01 09:23:17', '2023-02-01 11:23:47'),
(6, 2, 157, 1973, '2023-02-01 09:24:14', '2023-02-01 11:24:24'),
(7, 2, 161, 1973, '2023-02-01 09:26:08', '2023-02-01 11:26:33'),
(8, 2, 157, 1973, '2023-02-01 09:26:54', '2023-02-01 11:26:54'),
(9, 2, 159, 1974, '2023-02-01 09:33:36', '2023-02-05 12:53:58'),
(10, 2, 159, 1966, '2023-02-01 09:33:46', '2023-02-01 11:34:06'),
(11, 2, 161, 1966, '2023-02-01 09:33:58', '2023-02-01 11:34:03'),
(12, 2, 161, 1966, '2023-02-01 09:37:26', '2023-02-01 11:38:40'),
(14, 2, 157, 1973, '2023-02-05 10:54:24', '2023-02-05 12:54:57'),
(15, 2, 157, 1973, '2023-02-05 10:54:36', '2023-02-05 12:54:57');

-- --------------------------------------------------------

--
-- Table structure for table `user_custom_consultations`
--

CREATE TABLE `user_custom_consultations` (
  `id` bigint(20) UNSIGNED NOT NULL,
  `room_id` bigint(20) UNSIGNED NOT NULL,
  `custom_consultation_id` bigint(20) UNSIGNED NOT NULL,
  `user_id` bigint(20) UNSIGNED NOT NULL,
  `status` tinyint(1) NOT NULL DEFAULT '1' COMMENT '1 - booked up 2-available ',
  `consultation_status` tinyint(1) NOT NULL DEFAULT '1' COMMENT '1-not read 2 -readable  3-follow up  4-not important 5-completed',
  `created_at` timestamp NULL DEFAULT NULL,
  `updated_at` timestamp NULL DEFAULT NULL
) ENGINE=InnoDB DEFAULT CHARSET=utf8mb4 COLLATE=utf8mb4_unicode_ci;

-- --------------------------------------------------------

--
-- Table structure for table `user_list_consultant_spesialists`
--

CREATE TABLE `user_list_consultant_spesialists` (
  `id` bigint(20) UNSIGNED NOT NULL,
  `user_id` bigint(20) UNSIGNED NOT NULL,
  `consultant_id` bigint(20) UNSIGNED NOT NULL,
  `room_id` bigint(20) UNSIGNED NOT NULL,
  `created_at` timestamp NULL DEFAULT NULL,
  `updated_at` timestamp NULL DEFAULT NULL
) ENGINE=InnoDB DEFAULT CHARSET=utf8mb4 COLLATE=utf8mb4_unicode_ci;

-- --------------------------------------------------------

--
-- Table structure for table `uses_promo_codes`
--

CREATE TABLE `uses_promo_codes` (
  `id` bigint(20) UNSIGNED NOT NULL,
  `user_id` bigint(20) UNSIGNED NOT NULL,
  `promo_code_id` bigint(20) UNSIGNED NOT NULL,
  `created_at` timestamp NULL DEFAULT NULL,
  `updated_at` timestamp NULL DEFAULT NULL
) ENGINE=InnoDB DEFAULT CHARSET=utf8mb4 COLLATE=utf8mb4_unicode_ci;

-- --------------------------------------------------------

--
-- Table structure for table `vip_chats`
--

CREATE TABLE `vip_chats` (
  `id` bigint(20) UNSIGNED NOT NULL,
  `chat_id` bigint(20) UNSIGNED NOT NULL,
  `created_at` timestamp NULL DEFAULT NULL,
  `updated_at` timestamp NULL DEFAULT NULL
) ENGINE=InnoDB DEFAULT CHARSET=utf8mb4 COLLATE=utf8mb4_unicode_ci;

-- --------------------------------------------------------

--
-- Table structure for table `welcome_messages`
--

CREATE TABLE `welcome_messages` (
  `id` bigint(20) UNSIGNED NOT NULL,
  `TextMessage_En` text COLLATE utf8mb4_unicode_ci NOT NULL,
  `TextMessage_Ar` text COLLATE utf8mb4_unicode_ci NOT NULL,
  `created_at` timestamp NULL DEFAULT NULL,
  `updated_at` timestamp NULL DEFAULT NULL
) ENGINE=InnoDB DEFAULT CHARSET=utf8mb4 COLLATE=utf8mb4_unicode_ci;

--
-- Dumping data for table `welcome_messages`
--

INSERT INTO `welcome_messages` (`id`, `TextMessage_En`, `TextMessage_Ar`, `created_at`, `updated_at`) VALUES
(1, 'welcome to our App!', 'مرحبا بك في تطبيقنا!', '2022-04-04 13:14:26', '2022-06-06 11:53:57'),
(2, 'hi', 'مرحبا', '2022-06-10 03:38:00', '2022-06-10 03:38:00');

--
-- Indexes for table `admin_permissions`
--
ALTER TABLE `admin_permissions`
  ADD PRIMARY KEY (`id`);

--
-- Indexes for table `admin_roles`
--
ALTER TABLE `admin_roles`
  ADD PRIMARY KEY (`id`);

--
-- Indexes for table `admin_role_permission`
--
ALTER TABLE `admin_role_permission`
  ADD PRIMARY KEY (`id`),
  ADD KEY `admin_role_permission_role_id_foreign` (`role_id`),
  ADD KEY `admin_role_permission_permission_id_foreign` (`permission_id`);

--
-- Indexes for table `ads`
--
ALTER TABLE `ads`
  ADD PRIMARY KEY (`id`);

--
-- Indexes for table `ads_texts`
--
ALTER TABLE `ads_texts`
  ADD PRIMARY KEY (`id`),
  ADD KEY `ads_texts_ads_id_foreign` (`ads_id`);

--
-- Indexes for table `app_settings`
--
ALTER TABLE `app_settings`
  ADD PRIMARY KEY (`id`);

--
-- Indexes for table `blocked_users`
--
ALTER TABLE `blocked_users`
  ADD PRIMARY KEY (`id`),
  ADD KEY `blocked_users_user_id_foreign` (`user_id`),
  ADD KEY `blocked_users_block_id_foreign` (`block_id`);

--
-- Indexes for table `block_consultant_consultations`
--
ALTER TABLE `block_consultant_consultations`
  ADD PRIMARY KEY (`id`),
  ADD KEY `block_consultant_consultations_admin_id_foreign` (`admin_id`);

--
-- Indexes for table `booking_messages`
--
ALTER TABLE `booking_messages`
  ADD PRIMARY KEY (`id`);

--
-- Indexes for table `booking_notification_reminders`
--
ALTER TABLE `booking_notification_reminders`
  ADD PRIMARY KEY (`id`);

--
-- Indexes for table `button_settings`
--
ALTER TABLE `button_settings`
  ADD PRIMARY KEY (`id`);

--
-- Indexes for table `chat_notifications`
--
ALTER TABLE `chat_notifications`
  ADD PRIMARY KEY (`id`),
  ADD KEY `chat_notifications_chat_id_foreign` (`chat_id`);

--
-- Indexes for table `consultant_admin_chats`
--
ALTER TABLE `consultant_admin_chats`
  ADD PRIMARY KEY (`id`),
  ADD KEY `consultant_admin_chats_consultant_id_foreign` (`consultant_id`),
  ADD KEY `consultant_admin_chats_admin_id_foreign` (`admin_id`),
  ADD KEY `consultant_admin_chats_room_id_foreign` (`room_id`);

--
-- Indexes for table `consultations`
--
ALTER TABLE `consultations`
  ADD PRIMARY KEY (`id`),
  ADD KEY `consultations_user_id_foreign` (`user_id`),
  ADD KEY `consultations_consultant_id_foreign` (`consultant_id`),
  ADD KEY `consultations_room_id_foreign` (`room_id`);

--
-- Indexes for table `consultation_locations`
--
ALTER TABLE `consultation_locations`
  ADD PRIMARY KEY (`id`);

--
-- Indexes for table `consultation_logs`
--
ALTER TABLE `consultation_logs`
  ADD PRIMARY KEY (`id`),
  ADD KEY `consultation_logs_consultation_id_foreign` (`consultation_id`);

--
-- Indexes for table `country_codes`
--
ALTER TABLE `country_codes`
  ADD PRIMARY KEY (`id`);

--
-- Indexes for table `custom_consultations`
--
ALTER TABLE `custom_consultations`
  ADD PRIMARY KEY (`id`),
  ADD KEY `custom_consultations_consultant_id_foreign` (`consultant_id`);

--
-- Indexes for table `doctors`
--
ALTER TABLE `doctors`
  ADD PRIMARY KEY (`id`),
  ADD KEY `doctors_specialization_id_foreign` (`specialization_id`),
  ADD KEY `doctors_user_id_foreign` (`user_id`);

--
-- Indexes for table `failed_jobs`
--
ALTER TABLE `failed_jobs`
  ADD PRIMARY KEY (`id`),
  ADD UNIQUE KEY `failed_jobs_uuid_unique` (`uuid`);

--
-- Indexes for table `loading_ads`
--
ALTER TABLE `loading_ads`
  ADD PRIMARY KEY (`id`);

--
-- Indexes for table `media`
--
ALTER TABLE `media`
  ADD PRIMARY KEY (`id`);

--
-- Indexes for table `media_types`
--
ALTER TABLE `media_types`
  ADD PRIMARY KEY (`id`),
  ADD KEY `media_types_media_id_foreign` (`media_id`);

--
-- Indexes for table `messages`
--
ALTER TABLE `messages`
  ADD PRIMARY KEY (`id`),
  ADD KEY `messages_user_chat_id_foreign` (`user_chat_id`);

--
-- Indexes for table `message_texts`
--
ALTER TABLE `message_texts`
  ADD PRIMARY KEY (`id`),
  ADD KEY `message_texts_message_id_foreign` (`message_id`);

--
-- Indexes for table `migrations`
--
ALTER TABLE `migrations`
  ADD PRIMARY KEY (`id`);

--
-- Indexes for table `notifications`
--
ALTER TABLE `notifications`
  ADD PRIMARY KEY (`id`),
  ADD KEY `fk_user_id` (`user_id`);

--
-- Indexes for table `oauth_auth_codes`
--
ALTER TABLE `oauth_auth_codes`
  ADD PRIMARY KEY (`id`),
  ADD KEY `oauth_auth_codes_user_id_index` (`user_id`);

--
-- Indexes for table `oauth_personal_access_clients`
--
ALTER TABLE `oauth_personal_access_clients`
  ADD PRIMARY KEY (`id`);

--
-- Indexes for table `objects`
--
ALTER TABLE `objects`
  ADD PRIMARY KEY (`id`),
  ADD KEY `objects_type_id_foreign` (`type_id`);

--
-- Indexes for table `object_bookings`
--
ALTER TABLE `object_bookings`
  ADD PRIMARY KEY (`id`),
  ADD KEY `object_bookings_slot_id_foreign` (`slot_id`),
  ADD KEY `object_bookings_object_id_foreign` (`object_id`);

--
-- Indexes for table `object_details`
--
ALTER TABLE `object_details`
  ADD PRIMARY KEY (`id`),
  ADD KEY `object_details_object_id_foreign` (`object_id`),
  ADD KEY `object_details_time_slot_type_id_foreign` (`time_slot_type_id`);

--
-- Indexes for table `object_types`
--
ALTER TABLE `object_types`
  ADD PRIMARY KEY (`id`);

--
-- Indexes for table `object_week_days`
--
ALTER TABLE `object_week_days`
  ADD PRIMARY KEY (`id`),
  ADD KEY `object_week_days_time_slot_type_id_foreign` (`time_slot_type_id`);

--
-- Indexes for table `online_bookings`
--
ALTER TABLE `online_bookings`
  ADD PRIMARY KEY (`id`),
  ADD KEY `online_bookings_booking_id_foreign` (`booking_id`);

--
-- Indexes for table `promo_codes`
--
ALTER TABLE `promo_codes`
  ADD PRIMARY KEY (`id`),
  ADD UNIQUE KEY `promo_codes_promo_code_unique` (`Promo_code`),
  ADD KEY `promo_codes_user_id_foreign` (`user_id`);

--
-- Indexes for table `referred_consultations`
--
ALTER TABLE `referred_consultations`
  ADD PRIMARY KEY (`id`),
  ADD KEY `referred_consultations_room_id_foreign` (`room_id`),
  ADD KEY `referred_consultations_consultation_id_foreign` (`consultation_id`),
  ADD KEY `referred_consultations_consultant_id_foreign` (`consultant_id`),
  ADD KEY `referred_consultations_user_id_foreign` (`user_id`);

--
-- Indexes for table `request_consultants`
--
ALTER TABLE `request_consultants`
  ADD PRIMARY KEY (`id`),
  ADD KEY `request_consultants_user_id_foreign` (`user_id`);

--
-- Indexes for table `request_consultant_chats`
--
ALTER TABLE `request_consultant_chats`
  ADD PRIMARY KEY (`id`),
  ADD KEY `request_consultant_chats_request_id_foreign` (`request_id`),
  ADD KEY `request_consultant_chats_room_id_foreign` (`room_id`);

--
-- Indexes for table `request_consultations`
--
ALTER TABLE `request_consultations`
  ADD PRIMARY KEY (`id`),
  ADD KEY `request_consultations_user_id_foreign` (`user_id`),
  ADD KEY `request_consultations_room_id_foreign` (`room_id`);

--
-- Indexes for table `rooms`
--
ALTER TABLE `rooms`
  ADD PRIMARY KEY (`id`);

--
-- Indexes for table `room_members`
--
ALTER TABLE `room_members`
  ADD PRIMARY KEY (`id`),
  ADD KEY `room_members_user_id_foreign` (`user_id`),
  ADD KEY `room_members_room_id_foreign` (`room_id`);

--
-- Indexes for table `sliders`
--
ALTER TABLE `sliders`
  ADD PRIMARY KEY (`id`);

--
-- Indexes for table `social_media`
--
ALTER TABLE `social_media`
  ADD PRIMARY KEY (`id`);

--
-- Indexes for table `specializations`
--
ALTER TABLE `specializations`
  ADD PRIMARY KEY (`id`);

--
-- Indexes for table `support_ads`
--
ALTER TABLE `support_ads`
  ADD PRIMARY KEY (`id`),
  ADD KEY `support_ads_user_id_foreign` (`user_id`),
  ADD KEY `support_ads_admin_id_foreign` (`admin_id`),
  ADD KEY `support_ads_room_id_foreign` (`room_id`);

--
-- Indexes for table `time_slots`
--
ALTER TABLE `time_slots`
  ADD PRIMARY KEY (`id`),
  ADD KEY `time_slots_object_week_days_id_foreign` (`object_week_days_id`);

--
-- Indexes for table `time_slot_types`
--
ALTER TABLE `time_slot_types`
  ADD PRIMARY KEY (`id`);

--
-- Indexes for table `user_bookings`
--
ALTER TABLE `user_bookings`
  ADD PRIMARY KEY (`id`),
  ADD KEY `user_bookings_user_id_foreign` (`user_id`);

--
-- Indexes for table `user_chats`
--
ALTER TABLE `user_chats`
  ADD PRIMARY KEY (`id`),
  ADD KEY `user_chats_user_id_foreign` (`user_id`),
  ADD KEY `user_chats_room_id_foreign` (`room_id`);

--
-- Indexes for table `user_custom_consultations`
--
ALTER TABLE `user_custom_consultations`
  ADD PRIMARY KEY (`id`),
  ADD KEY `user_custom_consultations_custom_consultation_id_foreign` (`custom_consultation_id`),
  ADD KEY `user_custom_consultations_user_id_foreign` (`user_id`),
  ADD KEY `user_custom_consultations_room_id_foreign` (`room_id`);

--
-- Indexes for table `user_list_consultant_spesialists`
--
ALTER TABLE `user_list_consultant_spesialists`
  ADD PRIMARY KEY (`id`),
  ADD KEY `user_list_consultant_spesialists_consultant_id_foreign` (`consultant_id`),
  ADD KEY `user_list_consultant_spesialists_user_id_foreign` (`user_id`),
  ADD KEY `user_list_consultant_spesialists_room_id_foreign` (`room_id`);

--
-- Indexes for table `uses_promo_codes`
--
ALTER TABLE `uses_promo_codes`
  ADD PRIMARY KEY (`id`),
  ADD KEY `uses_promo_codes_promo_code_id_foreign` (`promo_code_id`),
  ADD KEY `uses_promo_codes_user_id_foreign` (`user_id`);

--
-- Indexes for table `vip_chats`
--
ALTER TABLE `vip_chats`
  ADD PRIMARY KEY (`id`),
  ADD KEY `vip_chats_chat_id_foreign` (`chat_id`);

--
-- Indexes for table `welcome_messages`
--
ALTER TABLE `welcome_messages`
  ADD PRIMARY KEY (`id`);

--
-- AUTO_INCREMENT for table `admin_permissions`
--
ALTER TABLE `admin_permissions`
  MODIFY `id` bigint(20) UNSIGNED NOT NULL AUTO_INCREMENT, AUTO_INCREMENT=166;

--
-- AUTO_INCREMENT for table `admin_roles`
--
ALTER TABLE `admin_roles`
  MODIFY `id` bigint(20) UNSIGNED NOT NULL AUTO_INCREMENT, AUTO_INCREMENT=25;

--
-- AUTO_INCREMENT for table `admin_role_permission`
--
ALTER TABLE `admin_role_permission`
  MODIFY `id` bigint(20) UNSIGNED NOT NULL AUTO_INCREMENT, AUTO_INCREMENT=69;

--
-- AUTO_INCREMENT for table `ads`
--
ALTER TABLE `ads`
  MODIFY `id` bigint(20) UNSIGNED NOT NULL AUTO_INCREMENT, AUTO_INCREMENT=3;

--
-- AUTO_INCREMENT for table `ads_texts`
--
ALTER TABLE `ads_texts`
  MODIFY `id` bigint(20) UNSIGNED NOT NULL AUTO_INCREMENT, AUTO_INCREMENT=2;

--
-- AUTO_INCREMENT for table `app_settings`
--
ALTER TABLE `app_settings`
  MODIFY `id` bigint(20) UNSIGNED NOT NULL AUTO_INCREMENT, AUTO_INCREMENT=2;

--
-- AUTO_INCREMENT for table `blocked_users`
--
ALTER TABLE `blocked_users`
  MODIFY `id` bigint(20) UNSIGNED NOT NULL AUTO_INCREMENT;

--
-- AUTO_INCREMENT for table `block_consultant_consultations`
--
ALTER TABLE `block_consultant_consultations`
  MODIFY `id` bigint(20) UNSIGNED NOT NULL AUTO_INCREMENT;

--
-- AUTO_INCREMENT for table `booking_messages`
--
ALTER TABLE `booking_messages`
  MODIFY `id` bigint(20) UNSIGNED NOT NULL AUTO_INCREMENT, AUTO_INCREMENT=9;

--
-- AUTO_INCREMENT for table `booking_notification_reminders`
--
ALTER TABLE `booking_notification_reminders`
  MODIFY `id` bigint(20) UNSIGNED NOT NULL AUTO_INCREMENT;

--
-- AUTO_INCREMENT for table `button_settings`
--
ALTER TABLE `button_settings`
  MODIFY `id` bigint(20) UNSIGNED NOT NULL AUTO_INCREMENT, AUTO_INCREMENT=7;

--
-- AUTO_INCREMENT for table `chat_notifications`
--
ALTER TABLE `chat_notifications`
  MODIFY `id` bigint(20) UNSIGNED NOT NULL AUTO_INCREMENT;

--
-- AUTO_INCREMENT for table `consultant_admin_chats`
--
ALTER TABLE `consultant_admin_chats`
  MODIFY `id` bigint(20) UNSIGNED NOT NULL AUTO_INCREMENT, AUTO_INCREMENT=2;

--
-- AUTO_INCREMENT for table `consultations`
--
ALTER TABLE `consultations`
  MODIFY `id` bigint(20) UNSIGNED NOT NULL AUTO_INCREMENT, AUTO_INCREMENT=14;

--
-- AUTO_INCREMENT for table `consultation_locations`
--
ALTER TABLE `consultation_locations`
  MODIFY `id` bigint(20) UNSIGNED NOT NULL AUTO_INCREMENT, AUTO_INCREMENT=388;

--
-- AUTO_INCREMENT for table `consultation_logs`
--
ALTER TABLE `consultation_logs`
  MODIFY `id` bigint(20) UNSIGNED NOT NULL AUTO_INCREMENT;

--
-- AUTO_INCREMENT for table `country_codes`
--
ALTER TABLE `country_codes`
  MODIFY `id` bigint(20) UNSIGNED NOT NULL AUTO_INCREMENT, AUTO_INCREMENT=253;

--
-- AUTO_INCREMENT for table `custom_consultations`
--
ALTER TABLE `custom_consultations`
  MODIFY `id` bigint(20) UNSIGNED NOT NULL AUTO_INCREMENT;

--
-- AUTO_INCREMENT for table `doctors`
--
ALTER TABLE `doctors`
  MODIFY `id` bigint(20) UNSIGNED NOT NULL AUTO_INCREMENT, AUTO_INCREMENT=2;

--
-- AUTO_INCREMENT for table `failed_jobs`
--
ALTER TABLE `failed_jobs`
  MODIFY `id` bigint(20) UNSIGNED NOT NULL AUTO_INCREMENT;

--
-- AUTO_INCREMENT for table `loading_ads`
--
ALTER TABLE `loading_ads`
  MODIFY `id` bigint(20) UNSIGNED NOT NULL AUTO_INCREMENT, AUTO_INCREMENT=11;

--
-- AUTO_INCREMENT for table `media`
--
ALTER TABLE `media`
  MODIFY `id` bigint(20) UNSIGNED NOT NULL AUTO_INCREMENT, AUTO_INCREMENT=923;

--
-- AUTO_INCREMENT for table `media_types`
--
ALTER TABLE `media_types`
  MODIFY `id` bigint(20) UNSIGNED NOT NULL AUTO_INCREMENT, AUTO_INCREMENT=460;

--
-- AUTO_INCREMENT for table `messages`
--
ALTER TABLE `messages`
  MODIFY `id` bigint(20) UNSIGNED NOT NULL AUTO_INCREMENT, AUTO_INCREMENT=17;

--
-- AUTO_INCREMENT for table `message_texts`
--
ALTER TABLE `message_texts`
  MODIFY `id` bigint(20) UNSIGNED NOT NULL AUTO_INCREMENT, AUTO_INCREMENT=15;

--
-- AUTO_INCREMENT for table `migrations`
--
ALTER TABLE `migrations`
  MODIFY `id` int(10) UNSIGNED NOT NULL AUTO_INCREMENT, AUTO_INCREMENT=145;

--
-- AUTO_INCREMENT for table `notifications`
--
ALTER TABLE `notifications`
  MODIFY `id` bigint(20) UNSIGNED NOT NULL AUTO_INCREMENT, AUTO_INCREMENT=15;

--
-- AUTO_INCREMENT for table `oauth_personal_access_clients`
--
ALTER TABLE `oauth_personal_access_clients`
  MODIFY `id` bigint(20) UNSIGNED NOT NULL AUTO_INCREMENT, AUTO_INCREMENT=2;

--
-- AUTO_INCREMENT for table `objects`
--
ALTER TABLE `objects`
  MODIFY `id` bigint(20) UNSIGNED NOT NULL AUTO_INCREMENT, AUTO_INCREMENT=3;

--
-- AUTO_INCREMENT for table `object_bookings`
--
ALTER TABLE `object_bookings`
  MODIFY `id` bigint(20) UNSIGNED NOT NULL AUTO_INCREMENT, AUTO_INCREMENT=8;

--
-- AUTO_INCREMENT for table `object_details`
--
ALTER TABLE `object_details`
  MODIFY `id` bigint(20) UNSIGNED NOT NULL AUTO_INCREMENT, AUTO_INCREMENT=5;

--
-- AUTO_INCREMENT for table `object_types`
--
ALTER TABLE `object_types`
  MODIFY `id` bigint(20) UNSIGNED NOT NULL AUTO_INCREMENT, AUTO_INCREMENT=3;

--
-- AUTO_INCREMENT for table `object_week_days`
--
ALTER TABLE `object_week_days`
  MODIFY `id` bigint(20) UNSIGNED NOT NULL AUTO_INCREMENT, AUTO_INCREMENT=10;

--
-- AUTO_INCREMENT for table `online_bookings`
--
ALTER TABLE `online_bookings`
  MODIFY `id` bigint(20) UNSIGNED NOT NULL AUTO_INCREMENT;

--
-- AUTO_INCREMENT for table `promo_codes`
--
ALTER TABLE `promo_codes`
  MODIFY `id` bigint(20) UNSIGNED NOT NULL AUTO_INCREMENT;

--
-- AUTO_INCREMENT for table `referred_consultations`
--
ALTER TABLE `referred_consultations`
  MODIFY `id` bigint(20) UNSIGNED NOT NULL AUTO_INCREMENT;

--
-- AUTO_INCREMENT for table `request_consultants`
--
ALTER TABLE `request_consultants`
  MODIFY `id` bigint(20) UNSIGNED NOT NULL AUTO_INCREMENT;

--
-- AUTO_INCREMENT for table `request_consultant_chats`
--
ALTER TABLE `request_consultant_chats`
  MODIFY `id` bigint(20) UNSIGNED NOT NULL AUTO_INCREMENT;

--
-- AUTO_INCREMENT for table `request_consultations`
--
ALTER TABLE `request_consultations`
  MODIFY `id` bigint(20) UNSIGNED NOT NULL AUTO_INCREMENT, AUTO_INCREMENT=4;

--
-- AUTO_INCREMENT for table `rooms`
--
ALTER TABLE `rooms`
  MODIFY `id` bigint(20) UNSIGNED NOT NULL AUTO_INCREMENT, AUTO_INCREMENT=1975;

--
-- AUTO_INCREMENT for table `room_members`
--
ALTER TABLE `room_members`
  MODIFY `id` bigint(20) UNSIGNED NOT NULL AUTO_INCREMENT, AUTO_INCREMENT=29;

--
-- AUTO_INCREMENT for table `sliders`
--
ALTER TABLE `sliders`
  MODIFY `id` bigint(20) UNSIGNED NOT NULL AUTO_INCREMENT, AUTO_INCREMENT=31;

--
-- AUTO_INCREMENT for table `social_media`
--
ALTER TABLE `social_media`
  MODIFY `id` bigint(20) UNSIGNED NOT NULL AUTO_INCREMENT, AUTO_INCREMENT=15;

--
-- AUTO_INCREMENT for table `specializations`
--
ALTER TABLE `specializations`
  MODIFY `id` bigint(20) UNSIGNED NOT NULL AUTO_INCREMENT, AUTO_INCREMENT=2;

--
-- AUTO_INCREMENT for table `support_ads`
--
ALTER TABLE `support_ads`
  MODIFY `id` bigint(20) UNSIGNED NOT NULL AUTO_INCREMENT;

--
-- AUTO_INCREMENT for table `time_slots`
--
ALTER TABLE `time_slots`
  MODIFY `id` bigint(20) UNSIGNED NOT NULL AUTO_INCREMENT, AUTO_INCREMENT=31;

--
-- AUTO_INCREMENT for table `time_slot_types`
--
ALTER TABLE `time_slot_types`
  MODIFY `id` bigint(20) UNSIGNED NOT NULL AUTO_INCREMENT, AUTO_INCREMENT=3;

--
-- AUTO_INCREMENT for table `user_bookings`
--
ALTER TABLE `user_bookings`
  MODIFY `id` bigint(20) UNSIGNED NOT NULL AUTO_INCREMENT, AUTO_INCREMENT=8;

--
-- AUTO_INCREMENT for table `user_chats`
--
ALTER TABLE `user_chats`
  MODIFY `id` bigint(20) UNSIGNED NOT NULL AUTO_INCREMENT, AUTO_INCREMENT=17;

--
-- AUTO_INCREMENT for table `user_custom_consultations`
--
ALTER TABLE `user_custom_consultations`
  MODIFY `id` bigint(20) UNSIGNED NOT NULL AUTO_INCREMENT;

--
-- AUTO_INCREMENT for table `user_list_consultant_spesialists`
--
ALTER TABLE `user_list_consultant_spesialists`
  MODIFY `id` bigint(20) UNSIGNED NOT NULL AUTO_INCREMENT;

--
-- AUTO_INCREMENT for table `uses_promo_codes`
--
ALTER TABLE `uses_promo_codes`
  MODIFY `id` bigint(20) UNSIGNED NOT NULL AUTO_INCREMENT;

--
-- AUTO_INCREMENT for table `vip_chats`
--
ALTER TABLE `vip_chats`
  MODIFY `id` bigint(20) UNSIGNED NOT NULL AUTO_INCREMENT;

--
-- AUTO_INCREMENT for table `welcome_messages`
--
ALTER TABLE `welcome_messages`
  MODIFY `id` bigint(20) UNSIGNED NOT NULL AUTO_INCREMENT, AUTO_INCREMENT=3;

--
-- Constraints for table `admin_role_permission`
--
ALTER TABLE `admin_role_permission`
  ADD CONSTRAINT `admin_role_permission_permission_id_foreign` FOREIGN KEY (`permission_id`) REFERENCES `admin_permissions` (`id`) ON DELETE CASCADE ON UPDATE CASCADE,
  ADD CONSTRAINT `admin_role_permission_role_id_foreign` FOREIGN KEY (`role_id`) REFERENCES `admin_roles` (`id`) ON DELETE CASCADE ON UPDATE CASCADE;

--
-- Constraints for table `ads_texts`
--
ALTER TABLE `ads_texts`
  ADD CONSTRAINT `ads_texts_ads_id_foreign` FOREIGN KEY (`ads_id`) REFERENCES `ads` (`id`) ON DELETE CASCADE ON UPDATE CASCADE;

--
-- Constraints for table `blocked_users`
--
ALTER TABLE `blocked_users`
  ADD CONSTRAINT `blocked_users_block_id_foreign` FOREIGN KEY (`block_id`) REFERENCES `users` (`id`) ON DELETE CASCADE ON UPDATE CASCADE,
  ADD CONSTRAINT `blocked_users_user_id_foreign` FOREIGN KEY (`user_id`) REFERENCES `users` (`id`) ON DELETE CASCADE ON UPDATE CASCADE;

--
-- Constraints for table `block_consultant_consultations`
--
ALTER TABLE `block_consultant_consultations`
  ADD CONSTRAINT `block_consultant_consultations_admin_id_foreign` FOREIGN KEY (`admin_id`) REFERENCES `users` (`id`) ON DELETE CASCADE ON UPDATE CASCADE;

--
-- Constraints for table `chat_notifications`
--
ALTER TABLE `chat_notifications`
  ADD CONSTRAINT `chat_notifications_chat_id_foreign` FOREIGN KEY (`chat_id`) REFERENCES `user_chats` (`id`) ON DELETE CASCADE ON UPDATE CASCADE;

--
-- Constraints for table `consultant_admin_chats`
--
ALTER TABLE `consultant_admin_chats`
  ADD CONSTRAINT `consultant_admin_chats_admin_id_foreign` FOREIGN KEY (`admin_id`) REFERENCES `users` (`id`) ON DELETE CASCADE ON UPDATE CASCADE,
  ADD CONSTRAINT `consultant_admin_chats_consultant_id_foreign` FOREIGN KEY (`consultant_id`) REFERENCES `users` (`id`) ON DELETE CASCADE ON UPDATE CASCADE,
  ADD CONSTRAINT `consultant_admin_chats_room_id_foreign` FOREIGN KEY (`room_id`) REFERENCES `rooms` (`id`) ON DELETE CASCADE ON UPDATE CASCADE;

--
-- Constraints for table `consultations`
--
ALTER TABLE `consultations`
  ADD CONSTRAINT `consultations_consultant_id_foreign` FOREIGN KEY (`consultant_id`) REFERENCES `users` (`id`) ON DELETE CASCADE ON UPDATE CASCADE,
  ADD CONSTRAINT `consultations_room_id_foreign` FOREIGN KEY (`room_id`) REFERENCES `rooms` (`id`) ON DELETE CASCADE ON UPDATE CASCADE,
  ADD CONSTRAINT `consultations_user_id_foreign` FOREIGN KEY (`user_id`) REFERENCES `users` (`id`) ON DELETE CASCADE ON UPDATE CASCADE;

--
-- Constraints for table `consultation_logs`
--
ALTER TABLE `consultation_logs`
  ADD CONSTRAINT `consultation_logs_consultation_id_foreign` FOREIGN KEY (`consultation_id`) REFERENCES `consultations` (`id`) ON DELETE CASCADE ON UPDATE CASCADE;

--
-- Constraints for table `custom_consultations`
--
ALTER TABLE `custom_consultations`
  ADD CONSTRAINT `custom_consultations_consultant_id_foreign` FOREIGN KEY (`consultant_id`) REFERENCES `users` (`id`) ON DELETE CASCADE ON UPDATE CASCADE;

--
-- Constraints for table `doctors`
--
ALTER TABLE `doctors`
  ADD CONSTRAINT `doctors_specialization_id_foreign` FOREIGN KEY (`specialization_id`) REFERENCES `specializations` (`id`) ON DELETE CASCADE ON UPDATE CASCADE,
  ADD CONSTRAINT `doctors_user_id_foreign` FOREIGN KEY (`user_id`) REFERENCES `users` (`id`) ON DELETE CASCADE ON UPDATE CASCADE;

--
-- Constraints for table `media_types`
--
ALTER TABLE `media_types`
  ADD CONSTRAINT `media_types_media_id_foreign` FOREIGN KEY (`media_id`) REFERENCES `media` (`id`) ON DELETE CASCADE ON UPDATE CASCADE;

--
-- Constraints for table `messages`
--
ALTER TABLE `messages`
  ADD CONSTRAINT `messages_user_chat_id_foreign` FOREIGN KEY (`user_chat_id`) REFERENCES `user_chats` (`id`) ON DELETE CASCADE ON UPDATE CASCADE;

--
-- Constraints for table `message_texts`
--
ALTER TABLE `message_texts`
  ADD CONSTRAINT `message_texts_message_id_foreign` FOREIGN KEY (`message_id`) REFERENCES `messages` (`id`) ON DELETE CASCADE ON UPDATE CASCADE;

--
-- Constraints for table `notifications`
--
ALTER TABLE `notifications`
  ADD CONSTRAINT `fk_user_id` FOREIGN KEY (`user_id`) REFERENCES `users` (`id`) ON DELETE CASCADE ON UPDATE CASCADE;

--
-- Constraints for table `objects`
--
ALTER TABLE `objects`
  ADD CONSTRAINT `objects_type_id_foreign` FOREIGN KEY (`type_id`) REFERENCES `object_types` (`id`) ON DELETE CASCADE ON UPDATE CASCADE;

--
-- Constraints for table `object_bookings`
--
ALTER TABLE `object_bookings`
  ADD CONSTRAINT `object_bookings_object_id_foreign` FOREIGN KEY (`object_id`) REFERENCES `object_details` (`id`) ON DELETE CASCADE ON UPDATE CASCADE,
  ADD CONSTRAINT `object_bookings_slot_id_foreign` FOREIGN KEY (`slot_id`) REFERENCES `time_slots` (`id`) ON DELETE CASCADE ON UPDATE CASCADE;

--
-- Constraints for table `object_details`
--
ALTER TABLE `object_details`
  ADD CONSTRAINT `object_details_object_id_foreign` FOREIGN KEY (`object_id`) REFERENCES `objects` (`id`) ON DELETE CASCADE ON UPDATE CASCADE,
  ADD CONSTRAINT `object_details_time_slot_type_id_foreign` FOREIGN KEY (`time_slot_type_id`) REFERENCES `time_slot_types` (`id`) ON DELETE CASCADE ON UPDATE CASCADE;

--
-- Constraints for table `object_week_days`
--
ALTER TABLE `object_week_days`
  ADD CONSTRAINT `object_week_days_time_slot_type_id_foreign` FOREIGN KEY (`time_slot_type_id`) REFERENCES `time_slot_types` (`id`) ON DELETE CASCADE ON UPDATE CASCADE;

--
-- Constraints for table `online_bookings`
--
ALTER TABLE `online_bookings`
  ADD CONSTRAINT `online_bookings_booking_id_foreign` FOREIGN KEY (`booking_id`) REFERENCES `object_bookings` (`id`) ON DELETE CASCADE ON UPDATE CASCADE;

--
-- Constraints for table `promo_codes`
--
ALTER TABLE `promo_codes`
  ADD CONSTRAINT `promo_codes_user_id_foreign` FOREIGN KEY (`user_id`) REFERENCES `users` (`id`) ON DELETE CASCADE ON UPDATE CASCADE;

--
-- Constraints for table `referred_consultations`
--
ALTER TABLE `referred_consultations`
  ADD CONSTRAINT `referred_consultations_consultant_id_foreign` FOREIGN KEY (`consultant_id`) REFERENCES `users` (`id`) ON DELETE CASCADE ON UPDATE CASCADE,
  ADD CONSTRAINT `referred_consultations_consultation_id_foreign` FOREIGN KEY (`consultation_id`) REFERENCES `consultations` (`id`) ON DELETE CASCADE ON UPDATE CASCADE,
  ADD CONSTRAINT `referred_consultations_room_id_foreign` FOREIGN KEY (`room_id`) REFERENCES `rooms` (`id`) ON DELETE CASCADE ON UPDATE CASCADE,
  ADD CONSTRAINT `referred_consultations_user_id_foreign` FOREIGN KEY (`user_id`) REFERENCES `users` (`id`) ON DELETE CASCADE ON UPDATE CASCADE;

--
-- Constraints for table `request_consultants`
--
ALTER TABLE `request_consultants`
  ADD CONSTRAINT `request_consultants_user_id_foreign` FOREIGN KEY (`user_id`) REFERENCES `users` (`id`) ON DELETE CASCADE ON UPDATE CASCADE;

--
-- Constraints for table `request_consultant_chats`
--
ALTER TABLE `request_consultant_chats`
  ADD CONSTRAINT `request_consultant_chats_request_id_foreign` FOREIGN KEY (`request_id`) REFERENCES `request_consultants` (`id`) ON DELETE CASCADE ON UPDATE CASCADE,
  ADD CONSTRAINT `request_consultant_chats_room_id_foreign` FOREIGN KEY (`room_id`) REFERENCES `rooms` (`id`) ON DELETE CASCADE ON UPDATE CASCADE;

--
-- Constraints for table `request_consultations`
--
ALTER TABLE `request_consultations`
  ADD CONSTRAINT `request_consultations_room_id_foreign` FOREIGN KEY (`room_id`) REFERENCES `rooms` (`id`) ON DELETE CASCADE ON UPDATE CASCADE,
  ADD CONSTRAINT `request_consultations_user_id_foreign` FOREIGN KEY (`user_id`) REFERENCES `users` (`id`) ON DELETE CASCADE ON UPDATE CASCADE;

--
-- Constraints for table `room_members`
--
ALTER TABLE `room_members`
  ADD CONSTRAINT `room_members_room_id_foreign` FOREIGN KEY (`room_id`) REFERENCES `rooms` (`id`) ON DELETE CASCADE ON UPDATE CASCADE,
  ADD CONSTRAINT `room_members_user_id_foreign` FOREIGN KEY (`user_id`) REFERENCES `users` (`id`) ON DELETE CASCADE ON UPDATE CASCADE;

--
-- Constraints for table `support_ads`
--
ALTER TABLE `support_ads`
  ADD CONSTRAINT `support_ads_admin_id_foreign` FOREIGN KEY (`admin_id`) REFERENCES `users` (`id`) ON DELETE CASCADE ON UPDATE CASCADE,
  ADD CONSTRAINT `support_ads_room_id_foreign` FOREIGN KEY (`room_id`) REFERENCES `rooms` (`id`) ON DELETE CASCADE ON UPDATE CASCADE,
  ADD CONSTRAINT `support_ads_user_id_foreign` FOREIGN KEY (`user_id`) REFERENCES `users` (`id`) ON DELETE CASCADE ON UPDATE CASCADE;

--
-- Constraints for table `time_slots`
--
ALTER TABLE `time_slots`
  ADD CONSTRAINT `time_slots_object_week_days_id_foreign` FOREIGN KEY (`object_week_days_id`) REFERENCES `object_week_days` (`id`) ON DELETE CASCADE ON UPDATE CASCADE;

--
-- Constraints for table `user_bookings`
--
ALTER TABLE `user_bookings`
  ADD CONSTRAINT `user_bookings_user_id_foreign` FOREIGN KEY (`user_id`) REFERENCES `users` (`id`) ON DELETE CASCADE ON UPDATE CASCADE;

--
-- Constraints for table `user_chats`
--
ALTER TABLE `user_chats`
  ADD CONSTRAINT `user_chats_room_id_foreign` FOREIGN KEY (`room_id`) REFERENCES `rooms` (`id`) ON DELETE CASCADE ON UPDATE CASCADE,
  ADD CONSTRAINT `user_chats_user_id_foreign` FOREIGN KEY (`user_id`) REFERENCES `users` (`id`) ON DELETE CASCADE ON UPDATE CASCADE;

--
-- Constraints for table `user_custom_consultations`
--
ALTER TABLE `user_custom_consultations`
  ADD CONSTRAINT `user_custom_consultations_custom_consultation_id_foreign` FOREIGN KEY (`custom_consultation_id`) REFERENCES `custom_consultations` (`id`) ON DELETE CASCADE ON UPDATE CASCADE,
  ADD CONSTRAINT `user_custom_consultations_room_id_foreign` FOREIGN KEY (`room_id`) REFERENCES `rooms` (`id`) ON DELETE CASCADE ON UPDATE CASCADE,
  ADD CONSTRAINT `user_custom_consultations_user_id_foreign` FOREIGN KEY (`user_id`) REFERENCES `users` (`id`) ON DELETE CASCADE ON UPDATE CASCADE;

--
-- Constraints for table `user_list_consultant_spesialists`
--
ALTER TABLE `user_list_consultant_spesialists`
  ADD CONSTRAINT `user_list_consultant_spesialists_consultant_id_foreign` FOREIGN KEY (`consultant_id`) REFERENCES `users` (`id`) ON DELETE CASCADE ON UPDATE CASCADE,
  ADD CONSTRAINT `user_list_consultant_spesialists_room_id_foreign` FOREIGN KEY (`room_id`) REFERENCES `rooms` (`id`) ON DELETE CASCADE ON UPDATE CASCADE,
  ADD CONSTRAINT `user_list_consultant_spesialists_user_id_foreign` FOREIGN KEY (`user_id`) REFERENCES `users` (`id`) ON DELETE CASCADE ON UPDATE CASCADE;

--
-- Constraints for table `uses_promo_codes`
--
ALTER TABLE `uses_promo_codes`
  ADD CONSTRAINT `uses_promo_codes_promo_code_id_foreign` FOREIGN KEY (`promo_code_id`) REFERENCES `promo_codes` (`id`) ON DELETE CASCADE ON UPDATE CASCADE,
  ADD CONSTRAINT `uses_promo_codes_user_id_foreign` FOREIGN KEY (`user_id`) REFERENCES `users` (`id`) ON DELETE CASCADE ON UPDATE CASCADE;

--
-- Constraints for table `vip_chats`
--
ALTER TABLE `vip_chats`
  ADD CONSTRAINT `vip_chats_chat_id_foreign` FOREIGN KEY (`chat_id`) REFERENCES `user_chats` (`id`) ON DELETE CASCADE ON UPDATE CASCADE;
COMMIT;

